820
CXUS54 KTSA 240840
CF6FSM
PRELIMINARY LOCAL CLIMATOLOGICAL DATA (WS FORM: F-6)

                                          STATION:   FORT SMITH ARKANSAS
                                          MONTH:     JUNE
                                          YEAR:      2017
                                          LATITUDE:   35 19 N
                                          LONGITUDE:  94 22 W

  TEMPERATURE IN F:       :PCPN:    SNOW:  WIND      :SUNSHINE: SKY     :PK WND
================================================================================
1   2   3   4   5  6A  6B    7    8   9   10  11  12  13   14  15   16   17  18
                                     12Z  AVG MX 2MIN
DY MAX MIN AVG DEP HDD CDD  WTR  SNW DPTH SPD SPD DIR MIN PSBL S-S WX    SPD DR
================================================================================

 1  84  65  75   1   0  10 0.00  0.0    0  5.0 18 140   M    M   0        26 160
 2  84  64  74   0   0   9 0.00  0.0    0  7.0 14  80   M    M   5 18     17  90
 3  85  69  77   2   0  12 0.45  0.0    0  5.7 16  60   M    M   5 13     18  60
 4  78  71  75   0   0  10 1.72  0.0    0  5.5 15  60   M    M   5 13     17  60
 5  84  69  77   2   0  12 0.57  0.0    0  1.9 26  60   M    M   6 1238   30  60
 6  93  67  80   4   0  15 0.00  0.0    0  5.5 14  30   M    M   1 1      17 360
 7  85  63  74  -2   0   9 0.00  0.0    0  5.0 14  50   M    M   0        17  60
 8  85  59  72  -4   0   7 0.00  0.0    0  3.1 10  80   M    M   0        14 250
 9  86  61  74  -2   0   9 0.00  0.0    0  4.9 12 150   M    M   1        15 170
10  88  63  76   0   0  11 0.00  0.0    0  6.5 14 170   M    M   2        20 210
11  90  67  79   2   0  14 0.00  0.0    0  6.6 15 180   M    M   2        23 190
12  91  72  82   5   0  17 0.00  0.0    0  7.0 15 160   M    M   3        21 180
13  91  74  83   6   0  18 0.00  0.0    0  7.7 15 150   M    M   4        21 150
14  92  74  83   5   0  18 0.00  0.0    0  7.8 17 200   M    M   2        23 180
15  92  72  82   4   0  17    T  0.0    0  5.5 43 350   M    M   3 13     55 350
16  96  69  83   5   0  18 0.03  0.0    0  6.9 28 350   M    M   1 3      42 340
17  87  76  82   4   0  17    T  0.0    0  6.1 29 160   M    M   0 3      40 170
18  79  66  73  -6   0   8 2.80  0.0    0  5.0 39 350   M    M   5 13     48 330
19  89  63  76  -3   0  11 0.00  0.0    0  4.2 12  30   M    M   2 8      14  30
20  91  66  79   0   0  14 0.00  0.0    0  5.8  9  70   M    M   0         M  M
21  89  68  79   0   0  14 0.00  0.0    0  6.9 15  80   M    M   1        19  80
22  89  74  82   2   0  17    T  0.0    0  8.0 17 100   M    M   6 1      23 100
23  94  72  83   3   0  18 0.18  0.0    0  6.7 22 300   M    M   5 1238   27 300
================================================================================
SM 2022 1564         0 305  5.75     0.0 134.3          M       59
================================================================================
AV 87.9 68.0                               5.8 FASTST   M    M   3    MAX(MPH)
                                 MISC ---->  # 43 350               # 55  350
================================================================================
NOTES:
# LAST OF SEVERAL OCCURRENCES

COLUMN 17 PEAK WIND IN M.P.H.

PRELIMINARY LOCAL CLIMATOLOGICAL DATA (WS FORM: F-6) , PAGE 2

                                          STATION:  FORT SMITH ARKANSAS
                                          MONTH:    JUNE
                                          YEAR:     2017
                                          LATITUDE:   35 19 N
                                          LONGITUDE:  94 22 W

[TEMPERATURE DATA]      [PRECIPITATION DATA]       SYMBOLS USED IN COLUMN 16

AVERAGE MONTHLY: 78.0   TOTAL FOR MONTH:   5.75    1 = FOG OR MIST
DPTR FM NORMAL:   0.9   DPTR FM NORMAL:    2.38    2 = FOG REDUCING VISIBILITY
HIGHEST:    96 ON 16    GRTST 24HR  2.80 ON 18-18      TO 1/4 MILE OR LESS
LOWEST:     59 ON  8                               3 = THUNDER
                        SNOW, ICE PELLETS, HAIL    4 = ICE PELLETS
                        TOTAL MONTH:   0.0 INCH    5 = HAIL
                        GRTST 24HR     0.0         6 = FREEZING RAIN OR DRIZZLE
                        GRTST DEPTH:   0           7 = DUSTSTORM OR SANDSTORM:
                                                       VSBY 1/2 MILE OR LESS
                                                   8 = SMOKE OR HAZE
[NO. OF DAYS WITH]      [WEATHER - DAYS WITH]      9 = BLOWING SNOW
                                                   X = TORNADO
MAX 32 OR BELOW:   0    0.01 INCH OR MORE:   6
MAX 90 OR ABOVE:   9    0.10 INCH OR MORE:   5
MIN 32 OR BELOW:   0    0.50 INCH OR MORE:   3
MIN  0 OR BELOW:   0    1.00 INCH OR MORE:   2

[HDD (BASE 65) ]
TOTAL THIS MO.     0    CLEAR  (SCALE 0-3)  15
DPTR FM NORMAL     0    PTCLDY (SCALE 4-7)   8
TOTAL FM JUL 1  2256    CLOUDY (SCALE 8-10)  0
DPTR FM NORMAL  -986

[CDD (BASE 65) ]
TOTAL THIS MO.   305
DPTR FM NORMAL    27    [PRESSURE DATA]
TOTAL FM JAN 1   623    HIGHEST SLP M ON M
DPTR FM NORMAL   101    LOWEST  SLP 29.64 ON 17

[REMARKS]
