000
CXUS54 KMAF 171100
CF6FST
PRELIMINARY LOCAL CLIMATOLOGICAL DATA (WS FORM: F-6)

                                          STATION:   Fort Stockton
                                          MONTH:     NOVEMBER
                                          YEAR:      2017
                                          LATITUDE:   30 55 N
                                          LONGITUDE: 102 55 W

  TEMPERATURE IN F:       :PCPN:    SNOW:  WIND      :SUNSHINE: SKY     :PK WND
================================================================================
1   2   3   4   5  6A  6B    7    8   9   10  11  12  13   14  15   16   17  18
                                     12Z  AVG MX 2MIN
DY MAX MIN AVG DEP HDD CDD  WTR  SNW DPTH SPD SPD DIR MIN PSBL S-S WX    SPD DR
================================================================================

 1  81  53  67   5   0   2 0.00  0.0    0 14.1 25 280   M    M   0        32 290
 2  83  57  70   8   0   5 0.00  0.0    0 13.0 25 250   M    M   0        32 260
 3  85  57  71  10   0   6 0.00  0.0    0  8.7 15 140   M    M   0        20 150
 4  89  57  73  12   0   8 0.00  0.0    0  8.8 15 230   M    M   0        18 230
 5  87  58  73  13   0   8 0.00  0.0    0  6.4 15 220   M    M   0        18 210
 6  89  61  75  15   0  10 0.00  0.0    0  8.6 14 300   M    M   0        19 310
 7  82  53  68   8   0   3 0.00  0.0    0 11.5 21  70   M    M   1 8      24  50
 8  53  38  46 -13  19   0 0.31    M    0  7.7 16  50   M    M  10 1      19  80
 9  56  43  50  -9  15   0 0.00  0.0    0  6.8 14  70   M    M   6 1      18  60
10  65  41  53  -6  12   0 0.00  0.0    0  9.4 18 150   M    M   0        24 150
11  80  47  64   6   1   0 0.00  0.0    0  9.2 17 160   M    M   0        21 160
12  59  47  53  -5  12   0    T  0.0    0  8.1 20 320   M    M   7 12     25 300
13  77  51  64   6   1   0 0.00  0.0    0  8.1 21 150   M    M   5 1      25 150
14  85  52  69  12   0   4 0.00  0.0    0  6.7 16 160   M    M   0        21 160
15  72  53  63   6   2   0 0.00  0.0    0 11.1 18 310   M    M   0        25 320
16  75  44  60   4   5   0 0.00  0.0    0  5.3 13 190   M    M   1 12     43 120
================================================================================
SM 1218  812        67  46  0.31     0.0 143.5          M       30
================================================================================
AV 76.1 50.8                               9.0 FASTST   M    M   2    MAX(MPH)
                                 MISC ---->  # 25 280               # 43  120
================================================================================
NOTES:
# LAST OF SEVERAL OCCURRENCES

COLUMN 17 PEAK WIND IN M.P.H.

PRELIMINARY LOCAL CLIMATOLOGICAL DATA (WS FORM: F-6) , PAGE 2

                                          STATION:  Fort Stockton
                                          MONTH:    NOVEMBER
                                          YEAR:     2017
                                          LATITUDE:   30 55 N
                                          LONGITUDE: 102 55 W

[TEMPERATURE DATA]      [PRECIPITATION DATA]       SYMBOLS USED IN COLUMN 16

AVERAGE MONTHLY: 63.4   TOTAL FOR MONTH:   0.31    1 = FOG OR MIST
DPTR FM NORMAL:   4.2   DPTR FM NORMAL:   -0.03    2 = FOG REDUCING VISIBILITY
HIGHEST:    89 ON  6, 4 GRTST 24HR  0.31 ON  8- 8      TO 1/4 MILE OR LESS
LOWEST:     38 ON  8                               3 = THUNDER
                        SNOW, ICE PELLETS, HAIL    4 = ICE PELLETS
                        TOTAL MONTH:   0.0 INCH    5 = HAIL
                        GRTST 24HR     0.0         6 = FREEZING RAIN OR DRIZZLE
                        GRTST DEPTH:   0           7 = DUSTSTORM OR SANDSTORM:
                                                       VSBY 1/2 MILE OR LESS
                                                   8 = SMOKE OR HAZE
[NO. OF DAYS WITH]      [WEATHER - DAYS WITH]      9 = BLOWING SNOW
                                                   X = TORNADO
MAX 32 OR BELOW:   0    0.01 INCH OR MORE:   1
MAX 90 OR ABOVE:   0    0.10 INCH OR MORE:   1
MIN 32 OR BELOW:   0    0.50 INCH OR MORE:   0
MIN  0 OR BELOW:   0    1.00 INCH OR MORE:   0

[HDD (BASE 65) ]
TOTAL THIS MO.    67    CLEAR  (SCALE 0-3)  12
DPTR FM NORMAL   -41    PTCLDY (SCALE 4-7)   3
TOTAL FM JUL 1   161    CLOUDY (SCALE 8-10)  1
DPTR FM NORMAL   -10

[CDD (BASE 65) ]
TOTAL THIS MO.    46
DPTR FM NORMAL    31    [PRESSURE DATA]
TOTAL FM JAN 1  2918    HIGHEST SLP M ON M
DPTR FM NORMAL   371    LOWEST  SLP 29.74 ON  1

[REMARKS]
