000
CXUS54 KMAF 271100
CF6FST
PRELIMINARY LOCAL CLIMATOLOGICAL DATA (WS FORM: F-6)

                                          STATION:   Fort Stockton
                                          MONTH:     SEPTEMBER
                                          YEAR:      2016
                                          LATITUDE:   30 55 N
                                          LONGITUDE: 102 55 W

  TEMPERATURE IN F:       :PCPN:    SNOW:  WIND      :SUNSHINE: SKY     :PK WND
================================================================================
1   2   3   4   5  6A  6B    7    8   9   10  11  12  13   14  15   16   17  18
                                     12Z  AVG MX 2MIN
DY MAX MIN AVG DEP HDD CDD  WTR  SNW DPTH SPD SPD DIR MIN PSBL S-S WX    SPD DR
================================================================================

 1  86  67  77  -2   0  12 0.22  0.0    0  5.6 21  50   M    M   6 13     26  40
 2  87  65  76  -3   0  11 0.00  0.0    0  7.1 18 140   M    M   2        26 130
 3  90  67  79   0   0  14 0.00  0.0    0 10.5 18 160   M    M   0        24 160
 4  90  69  80   1   0  15 0.00  0.0    0 15.7 24 150   M    M   0        32 150
 5  88  69  79   1   0  14 0.00  0.0    0 17.7 26 150   M    M   0        37 150
 6  89  71  80   2   0  15 0.00  0.0    0 14.4 25 150   M    M   1        35 150
 7  95  73  84   6   0  19    T  0.0    0 10.4 21 170   M    M   1 3      27 180
 8  99  71  85   7   0  20 0.00  0.0    0  8.2 18 200   M    M   0        25 200
 9 100  70  85   7   0  20 0.00  0.0    0  9.9 21 160   M    M   1        26 170
10  76  67  72  -5   0   7 0.35  0.0    0 10.8 24  60   M    M   6 13     33  60
11  88  62  75  -2   0  10 0.00  0.0    0  7.9 17 160   M    M   1        22 160
12  93  68  81   4   0  16    T  0.0    0 10.9 20 180   M    M   0 3      25 170
13  92  64  78   1   0  13 0.00  0.0    0  8.9 20 170   M    M   1 3      24 180
14  88  67  78   2   0  13 0.00  0.0    0  8.0 15 120   M    M   0        20 130
15  92  69  81   5   0  16 0.00  0.0    0  9.2 22 170   M    M   0        27 160
16  90  68  79   3   0  14 0.01  0.0    0  9.2 21 220   M    M   2 3      28 210
17  94  69  82   6   0  17 0.00  0.0    0  9.5 22  30   M    M   1        27  40
18  95  69  82   6   0  17 0.00  0.0    0  9.0 20 110   M    M   0        23 160
19  97  69  83   8   0  18 0.00  0.0    0  8.1 17 120   M    M   1        23 120
20  95  70  83   8   0  18 0.00  0.0    0 11.6 17 160   M    M   0        26 190
21  93  70  82   7   0  17 0.00  0.0    0 12.9 17 150   M    M   0        24 150
22  92  68  80   5   0  15 0.00  0.0    0 12.9 21 150   M    M   0        25 150
23  93  69  81   7   0  16    T  0.0    0 16.4 25 150   M    M   0        34 150
24  90  65  78   4   0  13 0.20  0.0    0 10.8 21 160   M    M   3 3      28 170
25  78  59  69  -5   0   4 0.34  0.0    0  9.7 23  10   M    M   7 1      28  10
26  59  54  57 -17   8   0 1.01  0.0    0  9.3 17  20   M    M  10 1      20  20
================================================================================
SM 2329 1749         8 364  2.13     0.0 274.6          M       43
================================================================================
AV 89.6 67.3                              10.6 FASTST   M    M   2    MAX(MPH)
                                 MISC ---->  # 26 150               # 37  150
================================================================================
NOTES:
# LAST OF SEVERAL OCCURRENCES

COLUMN 17 PEAK WIND IN M.P.H.

PRELIMINARY LOCAL CLIMATOLOGICAL DATA (WS FORM: F-6) , PAGE 2

                                          STATION:  Fort Stockton
                                          MONTH:    SEPTEMBER
                                          YEAR:     2016
                                          LATITUDE:   30 55 N
                                          LONGITUDE: 102 55 W

[TEMPERATURE DATA]      [PRECIPITATION DATA]       SYMBOLS USED IN COLUMN 16

AVERAGE MONTHLY: 78.4   TOTAL FOR MONTH:   2.13    1 = FOG OR MIST
DPTR FM NORMAL:   1.9   DPTR FM NORMAL:    0.47    2 = FOG REDUCING VISIBILITY
HIGHEST:   100 ON  9    GRTST 24HR  1.10 ON 25-26      TO 1/4 MILE OR LESS
LOWEST:     54 ON 26                               3 = THUNDER
                        SNOW, ICE PELLETS, HAIL    4 = ICE PELLETS
                        TOTAL MONTH:   0.0 INCH    5 = HAIL
                        GRTST 24HR     0.0         6 = FREEZING RAIN OR DRIZZLE
                        GRTST DEPTH:   0           7 = DUSTSTORM OR SANDSTORM:
                                                       VSBY 1/2 MILE OR LESS
                                                   8 = SMOKE OR HAZE
[NO. OF DAYS WITH]      [WEATHER - DAYS WITH]      9 = BLOWING SNOW
                                                   X = TORNADO
MAX 32 OR BELOW:   0    0.01 INCH OR MORE:   6
MAX 90 OR ABOVE:  17    0.10 INCH OR MORE:   5
MIN 32 OR BELOW:   0    0.50 INCH OR MORE:   1
MIN  0 OR BELOW:   0    1.00 INCH OR MORE:   1

[HDD (BASE 65) ]
TOTAL THIS MO.     8    CLEAR  (SCALE 0-3)  21
DPTR FM NORMAL     8    PTCLDY (SCALE 4-7)   4
TOTAL FM JUL 1     8    CLOUDY (SCALE 8-10)  1
DPTR FM NORMAL     8

[CDD (BASE 65) ]
TOTAL THIS MO.   364
DPTR FM NORMAL    62    [PRESSURE DATA]
TOTAL FM JAN 1  2499    HIGHEST SLP M ON M
DPTR FM NORMAL   137    LOWEST  SLP 29.72 ON 23

[REMARKS]
