000
CXUS54 KFWD 230730
CF6FTW
PRELIMINARY LOCAL CLIMATOLOGICAL DATA (WS FORM: F-6)

                                          STATION:   FORT WORTH MEACHAM
                                          MONTH:     MAY
                                          YEAR:      2015
                                          LATITUDE:   32 49 N
                                          LONGITUDE:  97 21 W

  TEMPERATURE IN F:       :PCPN:    SNOW:  WIND      :SUNSHINE: SKY     :PK WND
================================================================================
1   2   3   4   5  6A  6B    7    8   9   10  11  12  13   14  15   16   17  18
                                     12Z  AVG MX 2MIN
DY MAX MIN AVG DEP HDD CDD  WTR  SNW DPTH SPD SPD DIR MIN PSBL S-S WX    SPD DR
================================================================================

 1  82  56  69   0   0   4 0.00  0.0    0  4.4 13 130   M    M   0        16 140
 2  82  59  71   2   0   6 0.00  0.0    0  7.6 16 140   M    M   1        23 130
 3  81  61  71   1   0   6 0.00  0.0    0 10.4 20 150   M    M   0        26 140
 4  83  65  74   4   0   9 0.00  0.0    0 13.8 23 120   M    M   2        28 120
 5  82  63  73   3   0   8 0.08  0.0    0 15.1 26 170   M    M   6 13     34 180
 6  84  70  77   7   0  12 0.49  0.0    0 15.0 23 140   M    M   7 13     31 150
 7  84  66  75   4   0  10 1.26  0.0    0 12.0 26 140   M    M   8 13     35 260
 8  86  69  78   7   0  13 0.00  0.0    0 12.3 28 150   M    M   8 18     37 160
 9  84  72  78   7   0  13 0.06  0.0    0 14.2 28 140   M    M   7 138    36 150
10  79  66  73   1   0   8 1.65  0.0    0  9.4 30 120   M    M   8 13     58 120
11  73  60  67  -5   0   2 0.00  0.0    0 10.6 20  20   M    M   6 1      24  10
12  73  59  66  -6   0   1 0.11  0.0    0  8.0 15 110   M    M   7 13     21  40
13  70  63  67  -6   0   2 0.89  0.0    0  9.0 20 260   M    M   8 13     25 150
14  85  66  76   3   0  11    T  0.0    0 10.1 20 140   M    M   7 1      23 150
15  81  72  77   4   0  12    T  0.0    0 13.9 21 150   M    M   7        26 170
16  85  67  76   2   0  11 0.46  0.0    0 14.4 30 260   M    M   7 13     37 250
17  82  66  74   0   0   9 0.74  0.0    0  8.5 18 110   M    M   1 13     23 110
18  90  67  79   5   0  14    T  0.0    0  6.0 20 150   M    M   1 1      24 130
19  83  73  78   4   0  13 0.09  0.0    0 12.8 26 130   M    M   7 13     34 120
20  87  64  76   1   0  11 0.00  0.0    0 11.5 21  10   M    M   8        24  10
21  66  56  61 -14   4   0 1.28  0.0    0 10.3 22  20   M    M  10 13     29  20
22  69  61  65 -10   0   0 0.16  0.0    0  8.0 15 120   M    M  10 1      20 120
================================================================================
SM 1771 1421         4 175  7.27     0.0 237.3          M      126
================================================================================
AV 80.5 64.6                              10.8 FASTST   M    M   6    MAX(MPH)
                                 MISC ---->  # 30 120               # 58  120
================================================================================
NOTES:
# LAST OF SEVERAL OCCURRENCES

COLUMN 17 PEAK WIND IN M.P.H.

PRELIMINARY LOCAL CLIMATOLOGICAL DATA (WS FORM: F-6) , PAGE 2

                                          STATION:  FORT WORTH MEACHAM
                                          MONTH:    MAY
                                          YEAR:     2015
                                          LATITUDE:   32 49 N
                                          LONGITUDE:  97 21 W

[TEMPERATURE DATA]      [PRECIPITATION DATA]       SYMBOLS USED IN COLUMN 16

AVERAGE MONTHLY: 72.5   TOTAL FOR MONTH:   7.27    1 = FOG OR MIST
DPTR FM NORMAL:   0.4   DPTR FM NORMAL:    4.37    2 = FOG REDUCING VISIBILITY
HIGHEST:    90 ON 18    GRTST 24HR  1.65 ON 10-10      TO 1/4 MILE OR LESS
LOWEST:     56 ON 21, 1                            3 = THUNDER
                        SNOW, ICE PELLETS, HAIL    4 = ICE PELLETS
                        TOTAL MONTH:   0.0 INCH    5 = HAIL
                        GRTST 24HR     0.0         6 = FREEZING RAIN OR DRIZZLE
                        GRTST DEPTH:   0           7 = DUSTSTORM OR SANDSTORM:
                                                       VSBY 1/2 MILE OR LESS
                                                   8 = SMOKE OR HAZE
[NO. OF DAYS WITH]      [WEATHER - DAYS WITH]      9 = BLOWING SNOW
                                                   X = TORNADO
MAX 32 OR BELOW:   0    0.01 INCH OR MORE:  12
MAX 90 OR ABOVE:   1    0.10 INCH OR MORE:   9
MIN 32 OR BELOW:   0    0.50 INCH OR MORE:   5
MIN  0 OR BELOW:   0    1.00 INCH OR MORE:   3

[HDD (BASE 65) ]
TOTAL THIS MO.     4    CLEAR  (SCALE 0-3)   6
DPTR FM NORMAL    -4    PTCLDY (SCALE 4-7)  12
TOTAL FM JUL 1  2215    CLOUDY (SCALE 8-10)  4
DPTR FM NORMAL  -156

[CDD (BASE 65) ]
TOTAL THIS MO.   175
DPTR FM NORMAL     8    [PRESSURE DATA]
TOTAL FM JAN 1   327    HIGHEST SLP M ON M
DPTR FM NORMAL    35    LOWEST  SLP 29.68 ON 16

[REMARKS]
