000
CXUS51 KCAR 010600
CF6FVE
PRELIMINARY LOCAL CLIMATOLOGICAL DATA (WS FORM: F-6)

                                          STATION:   FRENCHVILLE ME
                                          MONTH:     FEBRUARY
                                          YEAR:      2015
                                          LATITUDE:   47 16 N
                                          LONGITUDE:  68 19 W

  TEMPERATURE IN F:       :PCPN:    SNOW:  WIND      :SUNSHINE: SKY     :PK WND
================================================================================
1   2   3   4   5  6A  6B    7    8   9   10  11  12  13   14  15   16   17  18
                                     12Z  AVG MX 2MIN
DY MAX MIN AVG DEP HDD CDD  WTR  SNW DPTH SPD SPD DIR MIN PSBL S-S WX    SPD DR
================================================================================

 1   1 -15  -7 -16  72   0 0.00    M    M 20.5 32 320   M    M   0 89     43 280
 2  -6 -18 -12 -21  77   0    T    M    M  9.5 20 340   M    M   5        23 340
 3   6 -13  -3 -13  68   0    T    M    M 13.6 24 330   M    M   2 8      29 310
 4  15  -7   4  -6  61   0    T    M    M  7.2 14 140   M    M   6 1      16 140
 5  16  -8   4  -6  61   0    T    M    M 14.4 25 330   M    M   4 189    34 330
 6   5 -11  -3 -13  68   0    T    M    M  9.2 20 320   M    M   2 8      27 320
 7   8  -8   0 -10  65   0    T    M    M  7.0 18 330   M    M   5 18     23 320
 8   3 -16  -6 -17  71   0    T    M    M  6.8 13 350   M    M   1        17 360
 9   6 -16  -5 -16  70   0    T    M    M  5.4 12 350   M    M   2        14  90
10  14  -1   7  -4  58   0    T    M    M  6.4 20 330   M    M   6 8      26 340
11  10  -9   1 -11  64   0 0.00    M    M  8.4 17 340   M    M   1        22 340
12   6  -5   1 -11  64   0 0.01    M    M  5.6 14 320   M    M   7 18     17 310
13   2 -10  -4 -16  69   0 0.00    M    M 13.9 26 320   M    M   2 8      35 310
14   2 -17  -7 -20  72   0    T    M    M  5.2 12 290   M    M   2 8      13 100
15   2  -7  -2 -15  67   0    T    M    M 20.6 39 330   M    M   9 8      54 330
16   4  -3   1 -12  64   0    T    M    M 28.1 43 330   M    M   6 89     60 340
17  12  -5   4 -10  61   0    T    M    M  6.7 26 330   M    M   3        36 340
18  20   1  11  -3  54   0 0.00    M    M  4.9 12 130   M    M   6        13 140
19  18   6  12  -2  53   0 0.06    M    M  8.8 16  60   M    M   9 128    23  40
20  17   2  10  -5  55   0 0.01    M    M 20.0 32 290   M    M   8 1289   42 290
21  16  -4   6  -9  59   0 0.02    M    M  9.4 20 290   M    M   6 18     26 290
22  24  10  17   2  48   0    T    M    M  4.2 15 250   M    M   7 128    20 230
23  17 -14   2 -14  63   0    T    M    M 14.1 30 300   M    M   9 189    39 290
24   5 -17  -6 -22  71   0    T    M    M 11.4 24 300   M    M   3 8      32 300
25  19   3  11  -5  54   0    T    M    M  7.4 22 330   M    M   6 8      29 340
26   9  -6   2 -15  63   0    T    M    M 11.3 21 290   M    M   1 8      26 290
27  12 -11   1 -16  64   0 0.00    M    M  9.0 22 280   M    M   0        27 270
28  22  -3  10  -8  55   0 0.00    M    M 12.3 24 260   M    M   0        33 260
================================================================================
SM  285 -202      1771   0  0.10    M    301.3          M      118
================================================================================
AV 10.2 -7.2                              10.8 FASTST   M    M   4    MAX(MPH)
                                 MISC ---->  # 43 330               # 60  340
================================================================================
NOTES:
# LAST OF SEVERAL OCCURRENCES

COLUMN 17 PEAK WIND IN M.P.H.

PRELIMINARY LOCAL CLIMATOLOGICAL DATA (WS FORM: F-6) , PAGE 2

                                          STATION:  FRENCHVILLE ME
                                          MONTH:    FEBRUARY
                                          YEAR:     2015
                                          LATITUDE:   47 16 N
                                          LONGITUDE:  68 19 W

[TEMPERATURE DATA]      [PRECIPITATION DATA]       SYMBOLS USED IN COLUMN 16

AVERAGE MONTHLY:  1.5   TOTAL FOR MONTH:   0.10    1 = FOG OR MIST
DPTR FM NORMAL: -11.5   DPTR FM NORMAL:   -0.71    2 = FOG REDUCING VISIBILITY
HIGHEST:    24 ON 22    GRTST 24HR  0.07 ON 19-20      TO 1/4 MILE OR LESS
LOWEST:    -18 ON  2                               3 = THUNDER
                        SNOW, ICE PELLETS, HAIL    4 = ICE PELLETS
                        TOTAL MONTH:    M          5 = HAIL
                        GRTST 24HR    M  ON   M    6 = FREEZING RAIN OR DRIZZLE
                        GRTST DEPTH:  M  ON   M    7 = DUSTSTORM OR SANDSTORM:
                                                       VSBY 1/2 MILE OR LESS
                                                   8 = SMOKE OR HAZE
[NO. OF DAYS WITH]      [WEATHER - DAYS WITH]      9 = BLOWING SNOW
                                                   X = TORNADO
MAX 32 OR BELOW:  28    0.01 INCH OR MORE:   4
MAX 90 OR ABOVE:   0    0.10 INCH OR MORE:   0
MIN 32 OR BELOW:  28    0.50 INCH OR MORE:   0
MIN  0 OR BELOW:  23    1.00 INCH OR MORE:   0

[HDD (BASE 65) ]
TOTAL THIS MO.  1771    CLEAR  (SCALE 0-3)  12
DPTR FM NORMAL   315    PTCLDY (SCALE 4-7)  13
TOTAL FM JUL 1  7147    CLOUDY (SCALE 8-10)  3
DPTR FM NORMAL   147

[CDD (BASE 65) ]
TOTAL THIS MO.     0
DPTR FM NORMAL     0    [PRESSURE DATA]
TOTAL FM JAN 1     0    HIGHEST SLP 30.58 ON 28
DPTR FM NORMAL     0    LOWEST  SLP 29.24 ON 20

[REMARKS]
#FINAL-02-15#
