000
CXUS54 KTSA 260840
CF6FYV
PRELIMINARY LOCAL CLIMATOLOGICAL DATA (WS FORM: F-6)

                                          STATION:   FAYETTEVILLE ARKANSAS
                                          MONTH:     APRIL
                                          YEAR:      2017
                                          LATITUDE:   36  0 N
                                          LONGITUDE:  94 10 W

  TEMPERATURE IN F:       :PCPN:    SNOW:  WIND      :SUNSHINE: SKY     :PK WND
================================================================================
1   2   3   4   5  6A  6B    7    8   9   10  11  12  13   14  15   16   17  18
                                     12Z  AVG MX 2MIN
DY MAX MIN AVG DEP HDD CDD  WTR  SNW DPTH SPD SPD DIR MIN PSBL S-S WX    SPD DR
================================================================================

 1  78  46  62   9   3   0 0.00  0.0    0  6.8 18 180   M    M   1        23 180
 2  73  53  63  10   2   0 0.11  0.0    0  4.3 24 170   M    M   5 1      34 150
 3  68  46  57   4   8   0 0.31  0.0    0  7.8 20 260   M    M   6 13     29 260
 4  80  42  61   7   4   0 0.32  0.0    0  7.6 29 180   M    M   0 138    39 180
 5  55  41  48  -6  17   0 0.03  0.0    0 12.5 30 310   M    M   6 1      44 320
 6  62  33  48  -6  17   0 0.00  0.0    0  8.1 21 310   M    M   1        28 310
 7  70  30  50  -4  15   0 0.00  0.0    0  2.7 10 190   M    M   0        12 170
 8  78  43  61   6   4   0 0.00  0.0    0 12.8 28 180   M    M   0        41 180
 9  78  61  70  15   0   5 0.00  0.0    0 18.1 29 180   M    M   1        37 190
10  77  47  62   7   3   0 0.00  0.0    0 10.4 21 320   M    M   5        29 190
11  73  45  59   3   6   0 0.00  0.0    0  2.4  9 350   M    M   1        14  50
12  79  44  62   6   3   0 0.00  0.0    0  5.7 22 180   M    M   1        26 180
13  80  52  66  10   0   1 0.00  0.0    0  4.8 18 200   M    M   2 12     23 170
14  79  53  66  10   0   1 0.00  0.0    0  8.7 24 180   M    M   2        29 180
15  80  57  69  12   0   4 0.00  0.0    0 11.3 26 180   M    M   1        34 180
16  75  57  66   9   0   1 0.59  0.0    0  6.4 29 340   M    M   6 13     39 300
17  69  56  63   6   2   0 0.42  0.0    0  2.5 12 360   M    M   8 13     17 350
18  79  51  65   7   0   0 0.00  0.0    0  3.8 13 220   M    M   3 12     17 210
19  78  54  66   8   0   1 0.00  0.0    0  9.2 25 180   M    M   3 12     31 170
20  73  60  67   9   0   2 0.01  0.0    0  7.2 20 200   M    M   8 1      24 210
21  63  52  58   0   7   0 2.74  0.0    0  7.3 21 320   M    M  10 13     27  90
22  52  46  49 -10  16   0 0.13  0.0    0  6.6 15 340   M    M   8 1      20 340
23  68  40  54  -5  11   0 0.00  0.0    0  4.8 17 350   M    M   1        23 330
24  74  35  55  -4  10   0 0.00  0.0    0  6.0 20 170   M    M   0        24 150
25  79  48  64   4   1   0    T    M    0 11.9 26 180   M    M   1        37 190
================================================================================
SM 1820 1192       129  15  4.66     0.0 189.7          M       80
================================================================================
AV 72.8 47.7                               7.6 FASTST   M    M   3    MAX(MPH)
                                 MISC ---->  # 30 310               # 44  320
================================================================================
NOTES:
# LAST OF SEVERAL OCCURRENCES

COLUMN 17 PEAK WIND IN M.P.H.

PRELIMINARY LOCAL CLIMATOLOGICAL DATA (WS FORM: F-6) , PAGE 2

                                          STATION:  FAYETTEVILLE ARKANSAS
                                          MONTH:    APRIL
                                          YEAR:     2017
                                          LATITUDE:   36  0 N
                                          LONGITUDE:  94 10 W

[TEMPERATURE DATA]      [PRECIPITATION DATA]       SYMBOLS USED IN COLUMN 16

AVERAGE MONTHLY: 60.2   TOTAL FOR MONTH:   4.66    1 = FOG OR MIST
DPTR FM NORMAL:   4.1   DPTR FM NORMAL:    0.95    2 = FOG REDUCING VISIBILITY
HIGHEST:    80 ON 15,13 GRTST 24HR  2.74 ON 21-21      TO 1/4 MILE OR LESS
LOWEST:     30 ON  7                               3 = THUNDER
                        SNOW, ICE PELLETS, HAIL    4 = ICE PELLETS
                        TOTAL MONTH:   0.0 INCH    5 = HAIL
                        GRTST 24HR     0.0         6 = FREEZING RAIN OR DRIZZLE
                        GRTST DEPTH:   0           7 = DUSTSTORM OR SANDSTORM:
                                                       VSBY 1/2 MILE OR LESS
                                                   8 = SMOKE OR HAZE
[NO. OF DAYS WITH]      [WEATHER - DAYS WITH]      9 = BLOWING SNOW
                                                   X = TORNADO
MAX 32 OR BELOW:   0    0.01 INCH OR MORE:   9
MAX 90 OR ABOVE:   0    0.10 INCH OR MORE:   7
MIN 32 OR BELOW:   1    0.50 INCH OR MORE:   2
MIN  0 OR BELOW:   0    1.00 INCH OR MORE:   1

[HDD (BASE 65) ]
TOTAL THIS MO.   129    CLEAR  (SCALE 0-3)  16
DPTR FM NORMAL  -111    PTCLDY (SCALE 4-7)   8
TOTAL FM JUL 1  3087    CLOUDY (SCALE 8-10)  1
DPTR FM NORMAL  -982

[CDD (BASE 65) ]
TOTAL THIS MO.    15
DPTR FM NORMAL    -7    [PRESSURE DATA]
TOTAL FM JAN 1    33    HIGHEST SLP M ON M
DPTR FM NORMAL     7    LOWEST  SLP 29.40 ON 25

[REMARKS]
