000
CXUS54 KTSA 010840
CF6FYV
PRELIMINARY LOCAL CLIMATOLOGICAL DATA (WS FORM: F-6)

                                          STATION:   FAYETTEVILLE ARKANSAS
                                          MONTH:     JUNE
                                          YEAR:      2015
                                          LATITUDE:   36  0 N
                                          LONGITUDE:  94 10 W

  TEMPERATURE IN F:       :PCPN:    SNOW:  WIND      :SUNSHINE: SKY     :PK WND
================================================================================
1   2   3   4   5  6A  6B    7    8   9   10  11  12  13   14  15   16   17  18
                                     12Z  AVG MX 2MIN
DY MAX MIN AVG DEP HDD CDD  WTR  SNW DPTH SPD SPD DIR MIN PSBL S-S WX    SPD DR
================================================================================

 1  77  58  68  -1   0   3 0.00  0.0    0  2.3  9 310   M    M   7        24 270
 2  79  56  68  -1   0   3 0.00  0.0    0  3.5 14 190   M    M   5 18     19 200
 3  84  59  72   2   0   7 0.00  0.0    0  4.2 14 180   M    M   1 1      23  30
 4  86  61  74   4   0   9 0.00  0.0    0  3.8 15 190   M    M   1 1      22 200
 5  86  63  75   5   0  10 0.00  0.0    0  3.0 10 250   M    M   1 1      20  40
 6  88  65  77   7   0  12 0.00  0.0    0  3.4 12  90   M    M   2 1      16  80
 7  88  65  77   6   0  12 0.00  0.0    0  7.3 18 180   M    M   1 1      33 300
 8  86  63  75   4   0  10    T  0.0    0  7.2 14 330   M    M   2        26 210
 9  88  59  74   3   0   9 0.00  0.0    0  4.8 13 340   M    M   0        16 330
10  90  61  76   4   0  11 0.00  0.0    0  4.1 12 190   M    M   0        17 180
11  90  64  77   5   0  12 0.00  0.0    0  6.9 18 200   M    M   0        25 210
12  88  67  78   6   0  13 0.00  0.0    0  8.1 21 190   M    M   2 1      26 190
13  85  70  78   6   0  13 0.57  0.0    0  9.0 25 220   M    M   5 13     32 210
14  85  70  78   5   0  13 0.38  0.0    0  7.9 21 170   M    M   6 138    31 170
15  82  69  76   3   0  11 0.93  0.0    0  6.1 18 310   M    M   6 13     25 170
16  82  68  75   2   0  10 0.66  0.0    0  3.6 12 190   M    M   8 13      M  M
17  81  68  75   2   0  10 0.19  0.0    0  4.0 24 110   M    M   6 1      31 130
18  78  70  74   0   0   9 1.70  0.0    0  8.3 17 330   M    M   9 1      23 330
19  82  66  74   0   0   9 0.24  0.0    0  8.7 17 340   M    M   6 1      23 310
20  88  64  76   2   0  11 0.00  0.0    0 10.1 20 200   M    M   0        27 200
21  85  72  79   5   0  14    T  0.0    0  9.9 23 200   M    M   2        29 210
22  88  74  81   6   0  16 0.00  0.0    0 13.7 25 200   M    M   3        33 210
23  89  72  81   6   0  16 0.00  0.0    0  7.7 16 260   M    M   0        25 360
24  90  67  79   4   0  14 0.00  0.0    0  5.5 15 190   M    M   0        18 230
25  90  72  81   6   0  16 0.00  0.0    0  7.1 15 210   M    M   0 8      24 280
26  85  67  76   1   0  11 2.10  0.0    0  6.2 35 230   M    M   3 13     47 220
27  81  62  72  -4   0   7    T  0.0    0  4.0 13 360   M    M   5 1      21 350
28  84  57  71  -5   0   6 0.00  0.0    0  6.0 16 210   M    M   1 1      23 220
29  85  66  76   0   0  11 0.00  0.0    0  6.8 14 270   M    M   1        18 290
30  87  62  75  -1   0  10 0.00  0.0    0  5.1 14 250   M    M   0        17 260
================================================================================
SM 2557 1957         0 318  6.77     0.0 188.3          M       83
================================================================================
AV 85.2 65.2                               6.3 FASTST   M    M   3    MAX(MPH)
                                 MISC ---->  # 35 230               # 47  220
================================================================================
NOTES:
# LAST OF SEVERAL OCCURRENCES

COLUMN 17 PEAK WIND IN M.P.H.

PRELIMINARY LOCAL CLIMATOLOGICAL DATA (WS FORM: F-6) , PAGE 2

                                          STATION:  FAYETTEVILLE ARKANSAS
                                          MONTH:    JUNE
                                          YEAR:     2015
                                          LATITUDE:   36  0 N
                                          LONGITUDE:  94 10 W

[TEMPERATURE DATA]      [PRECIPITATION DATA]       SYMBOLS USED IN COLUMN 16

AVERAGE MONTHLY: 75.2   TOTAL FOR MONTH:   6.77    1 = FOG OR MIST
DPTR FM NORMAL:   2.3   DPTR FM NORMAL:    1.79    2 = FOG REDUCING VISIBILITY
HIGHEST:    90 ON 25,24 GRTST 24HR  2.10 ON 26-26      TO 1/4 MILE OR LESS
LOWEST:     56 ON  2                               3 = THUNDER
                        SNOW, ICE PELLETS, HAIL    4 = ICE PELLETS
                        TOTAL MONTH:   0.0 INCH    5 = HAIL
                        GRTST 24HR     0.0         6 = FREEZING RAIN OR DRIZZLE
                        GRTST DEPTH:   0           7 = DUSTSTORM OR SANDSTORM:
                                                       VSBY 1/2 MILE OR LESS
                                                   8 = SMOKE OR HAZE
[NO. OF DAYS WITH]      [WEATHER - DAYS WITH]      9 = BLOWING SNOW
                                                   X = TORNADO
MAX 32 OR BELOW:   0    0.01 INCH OR MORE:   8
MAX 90 OR ABOVE:   4    0.10 INCH OR MORE:   8
MIN 32 OR BELOW:   0    0.50 INCH OR MORE:   5
MIN  0 OR BELOW:   0    1.00 INCH OR MORE:   2

[HDD (BASE 65) ]
TOTAL THIS MO.     0    CLEAR  (SCALE 0-3)  20
DPTR FM NORMAL    -8    PTCLDY (SCALE 4-7)   9
TOTAL FM JUL 1  4279    CLOUDY (SCALE 8-10)  1
DPTR FM NORMAL    89

[CDD (BASE 65) ]
TOTAL THIS MO.   318
DPTR FM NORMAL    73    [PRESSURE DATA]
TOTAL FM JAN 1   415    HIGHEST SLP 30.15 ON 24
DPTR FM NORMAL    57    LOWEST  SLP 29.69 ON 18

[REMARKS]
#FINAL-06-15#
