000
CXUS53 KDDC 291200
CF6GCK
PRELIMINARY LOCAL CLIMATOLOGICAL DATA (WS FORM: F-6)

                                          STATION:   GARDEN CITY REGIONAL ARPT KS
                                          MONTH:     MARCH
                                          YEAR:      2017
                                          LATITUDE:   37 55 N
                                          LONGITUDE: 100 43 W

  TEMPERATURE IN F:       :PCPN:    SNOW:  WIND      :SUNSHINE: SKY     :PK WND
================================================================================
1   2   3   4   5  6A  6B    7    8   9   10  11  12  13   14  15   16   17  18
                                     12Z  AVG MX 2MIN
DY MAX MIN AVG DEP HDD CDD  WTR  SNW DPTH SPD SPD DIR MIN PSBL S-S WX    SPD DR
================================================================================

 1  52  23  38  -1  27   0 0.00    M    M 15.2 35 340   M    M   1        42 340
 2  57  17  37  -2  28   0 0.00    M    M  6.0 14  40   M    M   0        17  30
 3  72  19  46   6  19   0 0.00    M    M 12.6 26 220   M    M   0        34 250
 4  76  35  56  16   9   0 0.00    M    M 18.3 30 180   M    M   0        40 180
 5  81  36  59  19   6   0 0.00    M    M 14.6 31 170   M    M   0        41 180
 6  76  32  54  13  11   0 0.00    M    M 23.7 47 320   M    M   0 8      58 270
 7  62  17  40  -1  25   0 0.00    M    M 13.7 31 280   M    M   0        42 280
 8  71  23  47   6  18   0 0.00    M    M  9.1 14 320   M    M   0        20 330
 9  78  26  52  10  13   0 0.00    M    M 10.7 32  60   M    M   0 8      41  50
10  40  21  31 -11  34   0 0.00    M    M 11.5 30  50   M    M   6        36  50
11  46  23  35  -7  30   0 0.00    M    M 10.3 17  70   M    M   4        21  60
12  59  21  40  -2  25   0    T    M    M 14.1 33  30   M    M   2        46  30
13  45  28  37  -6  28   0 0.00    M    M 12.2 29  10   M    M   4 8      35  10
14  58  21  40  -3  25   0 0.00    M    M 10.5 18 110   M    M   0        24 100
15  71  21  46   3  19   0 0.00    M    M 14.2 26 190   M    M   0        36 190
16  86  34  60  16   5   0 0.00    M    M  7.6 17 330   M    M   0 8      23 340
17  73  41  57  13   8   0 0.00    M    M 11.9 22  40   M    M   0        28  50
18  78  35  57  13   8   0 0.00    M    M 13.2 24 180   M    M   0        31 180
19  93  50  72  28   0   7 0.00    M    M 10.0 18 270   M    M   0        28 300
20  82  48  65  20   0   0 0.00    M    M 13.0 18  80   M    M   0        23  70
21  62  42  52   7  13   0 0.00    M    M 17.5 28  30   M    M   2        34  30
22  63  41  52   7  13   0 0.00    M    M 14.8 23 150   M    M   6        28 150
23  87  44  66  20   0   1 0.22    M    M 21.2 51 240   M    M   5 1238   64 230
24  62  41  52   6  13   0    T    M    M 18.5 35  10   M    M   5 1      42 360
25  66  34  50   4  15   0 0.00    M    M 11.5 23 350   M    M   2        27 350
26  47  37  42  -4  23   0 0.00    M    M 13.1 22 110   M    M   8 12     27 110
27  68  30  49   2  16   0 0.00    M    M  8.3 20 120   M    M   0 1      24 120
28  49  44  47   0  18   0 1.44    M    M 15.8 33  70   M    M   9 13     40  70
================================================================================
SM 1860  884       449   8  1.66    M    373.1          M       54
================================================================================
AV 66.4 31.6                              13.3 FASTST   M    M   2    MAX(MPH)
                                 MISC ---->  # 51 240               # 64  230
================================================================================
NOTES:
# LAST OF SEVERAL OCCURRENCES

COLUMN 17 PEAK WIND IN M.P.H.

PRELIMINARY LOCAL CLIMATOLOGICAL DATA (WS FORM: F-6) , PAGE 2

                                          STATION:  GARDEN CITY REGIONAL ARPT KS
                                          MONTH:    MARCH
                                          YEAR:     2017
                                          LATITUDE:   37 55 N
                                          LONGITUDE: 100 43 W

[TEMPERATURE DATA]      [PRECIPITATION DATA]       SYMBOLS USED IN COLUMN 16

AVERAGE MONTHLY: 49.0   TOTAL FOR MONTH:   1.66    1 = FOG OR MIST
DPTR FM NORMAL:   5.9   DPTR FM NORMAL:    0.38    2 = FOG REDUCING VISIBILITY
HIGHEST:    93 ON 19    GRTST 24HR  1.44 ON 28-28      TO 1/4 MILE OR LESS
LOWEST:     17 ON  7, 2                            3 = THUNDER
                        SNOW, ICE PELLETS, HAIL    4 = ICE PELLETS
                        TOTAL MONTH:    M          5 = HAIL
                        GRTST 24HR    M  ON   M    6 = FREEZING RAIN OR DRIZZLE
                        GRTST DEPTH:  M  ON   M    7 = DUSTSTORM OR SANDSTORM:
                                                       VSBY 1/2 MILE OR LESS
                                                   8 = SMOKE OR HAZE
[NO. OF DAYS WITH]      [WEATHER - DAYS WITH]      9 = BLOWING SNOW
                                                   X = TORNADO
MAX 32 OR BELOW:   0    0.01 INCH OR MORE:   2
MAX 90 OR ABOVE:   1    0.10 INCH OR MORE:   2
MIN 32 OR BELOW:  14    0.50 INCH OR MORE:   1
MIN  0 OR BELOW:   0    1.00 INCH OR MORE:   1

[HDD (BASE 65) ]
TOTAL THIS MO.   449    CLEAR  (SCALE 0-3)  20
DPTR FM NORMAL  -162    PTCLDY (SCALE 4-7)   7
TOTAL FM JUL 1  3923    CLOUDY (SCALE 8-10)  1
DPTR FM NORMAL  -712

[CDD (BASE 65) ]
TOTAL THIS MO.     8
DPTR FM NORMAL     8    [PRESSURE DATA]
TOTAL FM JAN 1     8    HIGHEST SLP M ON M
DPTR FM NORMAL     8    LOWEST  SLP 29.35 ON  6

[REMARKS]
