000
CXUS53 KDDC 281200
CF6GCK
PRELIMINARY LOCAL CLIMATOLOGICAL DATA (WS FORM: F-6)

                                          STATION:   GARDEN CITY REGIONAL ARPT KS
                                          MONTH:     MAY
                                          YEAR:      2016
                                          LATITUDE:   37 55 N
                                          LONGITUDE: 100 43 W

  TEMPERATURE IN F:       :PCPN:    SNOW:  WIND      :SUNSHINE: SKY     :PK WND
================================================================================
1   2   3   4   5  6A  6B    7    8   9   10  11  12  13   14  15   16   17  18
                                     12Z  AVG MX 2MIN
DY MAX MIN AVG DEP HDD CDD  WTR  SNW DPTH SPD SPD DIR MIN PSBL S-S WX    SPD DR
================================================================================

 1  48  38  43 -15  22   0 0.00  0.0    0 16.3 31 360   M    M  10        39 340
 2  61  32  47 -12  18   0 0.00  0.0    0  8.1 16 340   M    M   2        21 320
 3  67  41  54  -5  11   0 0.00  0.0    0  9.5 20 340   M    M   3        23 340
 4  78  40  59   0   6   0 0.00    M    M  9.9 17  10   M    M   0        25 360
 5  82  48  65   5   0   0 0.00    M    M 11.2 21 150   M    M   0        29 140
 6  84  52  68   8   0   3 0.00    M    M 15.5 26 190   M    M   0        34 200
 7  83  53  68   8   0   3 0.00    M    M 16.1 32 180   M    M   0        39 180
 8  80  45  63   2   2   0    T    M    M 10.6 25 230   M    M   1 18     31 200
 9  74  39  57  -4   8   0 0.05    M    M  5.7 23 320   M    M   1 35     31 320
10  85  44  65   4   0   0    T  0.0    0 12.6 46  10   M    M   0        55 350
11  72  48  60  -2   5   0 0.01  0.0    0 14.6 46  30   M    M   3        54  20
12  73  43  58  -4   7   0 0.00    M    0  8.3 17 260   M    M   2        29 250
13  82  45  64   2   1   0 0.00    M    0 15.7 30  20   M    M   0        37  20
14  57  36  47 -16  18   0 0.00    M    0  9.4 17  50   M    M   7        23  40
15  60  45  53 -10  12   0    T    M    0 12.7 28 160   M    M  10        36 150
16  58  47  53 -10  12   0 0.31    M    M 15.1 29  50   M    M  10 123    35  40
17  58  46  52 -12  13   0 0.01    M    M 13.8 24  30   M    M   8 1      28  30
18  64  36  50 -14  15   0 0.00    M    0  9.0 16 150   M    M   5 1      22 140
19  62  47  55  -9  10   0 0.00  0.0    0 13.0 25 150   M    M   8        34 150
20  70  51  61  -4   4   0 0.00    M    0 15.5 23 140   M    M   8 1      29 140
21  82  57  70   5   0   5 0.00    M    M 21.5 33 140   M    M   5 1      40 140
22  84  66  75  10   0  10 0.00    M    M 22.7 33 140   M    M   6 13     47 150
23  83  57  70   4   0   5 0.00  0.0    0  9.9 26 150   M    M   3        33 180
24  90  61  76  10   0  11    T  0.0    0 16.4 32 190   M    M   4 8      43 190
25  86  53  70   4   0   5 0.00    M    M  9.6 18 330   M    M   1 12     23 320
26  87  52  70   4   0   5 0.00  0.0    0 13.4 39 330   M    M   3 1238   48 330
27  76  47  62  -5   3   0 0.00  0.0    0 11.2 24 360   M    M   4        30 330
================================================================================
SM 1986 1269       167  47  0.38     0.0 347.3          M      104
================================================================================
AV 73.6 47.0                              12.9 FASTST   M    M   4    MAX(MPH)
                                 MISC ---->  # 46  10               # 55  350
================================================================================
NOTES:
# LAST OF SEVERAL OCCURRENCES

COLUMN 17 PEAK WIND IN M.P.H.

PRELIMINARY LOCAL CLIMATOLOGICAL DATA (WS FORM: F-6) , PAGE 2

                                          STATION:  GARDEN CITY REGIONAL ARPT KS
                                          MONTH:    MAY
                                          YEAR:     2016
                                          LATITUDE:   37 55 N
                                          LONGITUDE: 100 43 W

[TEMPERATURE DATA]      [PRECIPITATION DATA]       SYMBOLS USED IN COLUMN 16

AVERAGE MONTHLY: 60.3   TOTAL FOR MONTH:   0.38    1 = FOG OR MIST
DPTR FM NORMAL:  -2.4   DPTR FM NORMAL:   -2.06    2 = FOG REDUCING VISIBILITY
HIGHEST:    90 ON 24    GRTST 24HR  0.32 ON 16-17      TO 1/4 MILE OR LESS
LOWEST:     32 ON  2                               3 = THUNDER
                        SNOW, ICE PELLETS, HAIL    4 = ICE PELLETS
                        TOTAL MONTH:   0.0 INCH    5 = HAIL
                        GRTST 24HR     0.0         6 = FREEZING RAIN OR DRIZZLE
                        GRTST DEPTH:   0           7 = DUSTSTORM OR SANDSTORM:
                                                       VSBY 1/2 MILE OR LESS
                                                   8 = SMOKE OR HAZE
[NO. OF DAYS WITH]      [WEATHER - DAYS WITH]      9 = BLOWING SNOW
                                                   X = TORNADO
MAX 32 OR BELOW:   0    0.01 INCH OR MORE:   4
MAX 90 OR ABOVE:   1    0.10 INCH OR MORE:   1
MIN 32 OR BELOW:   1    0.50 INCH OR MORE:   0
MIN  0 OR BELOW:   0    1.00 INCH OR MORE:   0

[HDD (BASE 65) ]
TOTAL THIS MO.   167    CLEAR  (SCALE 0-3)  13
DPTR FM NORMAL    45    PTCLDY (SCALE 4-7)   9
TOTAL FM JUL 1  4429    CLOUDY (SCALE 8-10)  5
DPTR FM NORMAL  -755

[CDD (BASE 65) ]
TOTAL THIS MO.    47
DPTR FM NORMAL   -12    [PRESSURE DATA]
TOTAL FM JAN 1    53    HIGHEST SLP M ON M
DPTR FM NORMAL   -18    LOWEST  SLP 29.44 ON  9

[REMARKS]
