000
CXUS54 KFWD 200730
CF6GDJ
PRELIMINARY LOCAL CLIMATOLOGICAL DATA (WS FORM: F-6)

                                          STATION:   GRANBURY
                                          MONTH:     JANUARY
                                          YEAR:      2018
                                          LATITUDE:   32 26 N
                                          LONGITUDE:  97 48 W

  TEMPERATURE IN F:       :PCPN:    SNOW:  WIND      :SUNSHINE: SKY     :PK WND
================================================================================
1   2   3   4   5  6A  6B    7    8   9   10  11  12  13   14  15   16   17  18
                                     12Z  AVG MX 2MIN
DY MAX MIN AVG DEP HDD CDD  WTR  SNW DPTH SPD SPD DIR MIN PSBL S-S WX    SPD DR
================================================================================

 1  29  16  23 -20  42   0 0.00  0.0    0  7.6 15 340   M    M   1        18 360
 2  28  17  23 -20  42   0 0.00  0.0    0  4.7  9 310   M    M   8         M  M
 3  52  12  32 -11  33   0 0.00  0.0    0  4.0 13 290   M    M   0         M  M
 4  53  22  38  -5  27   0 0.00  0.0    0  3.1  7  90   M    M   0         M  M
 5  65  28  47   4  18   0 0.00  0.0    0  3.0 10 190   M    M   0         M  M
 6  66  33  50   7  15   0 0.00  0.0    0  6.9 13 140   M    M   3        16 140
 7  65  49  57  14   8   0 0.10  0.0    0 10.0 17 150   M    M   8 1      23 150
 8  64  37  51   8  14   0 0.00  0.0    0  6.6 13 320   M    M   0        18 330
 9  68  30  49   6  16   0 0.00  0.0    0  5.1 14 110   M    M   0         M  M
10  64  44  54  11  11   0 0.00  0.0    0 11.4 20 140   M    M   5 18     28 140
11  61  33  47   4  18   0    T  0.0    0 14.3 29 300   M    M   3 8      40 300
12  47  25  36  -7  29   0 0.00  0.0    0  9.4 17 320   M    M   0        28 310
13  48  22  35  -8  30   0 0.00  0.0    0  4.3  8 340   M    M   0         M  M
14  58  24  41  -2  24   0 0.00  0.0    0  4.9 13 150   M    M   0         M  M
15  60  30  45   2  20   0    M    M    0  8.1 24 350   M    M   6        32 360
16  31  18  25 -18  40   0    M    M    0 12.0 21 330   M    M   6        29 330
17  37   7  22 -21  43   0 0.00  0.0    0  2.3  6 150   M    M   0         M  M
18  47  12  30 -13  35   0 0.00  0.0    0  4.6 10 130   M    M   2         M  M
19  62  27  45   1  20   0 0.00  0.0    0 10.3 20 180   M    M   8        29 180
================================================================================
SM 1005  486       485   0  0.10     0.0 132.6          M       50
================================================================================
AV 52.9 25.6                               7.0 FASTST   M    M   3    MAX(MPH)
                                 MISC ---->    29   M                 40    M
================================================================================
NOTES:
# LAST OF SEVERAL OCCURRENCES

COLUMN 17 PEAK WIND IN M.P.H.

PRELIMINARY LOCAL CLIMATOLOGICAL DATA (WS FORM: F-6) , PAGE 2

                                          STATION:  GRANBURY
                                          MONTH:    JANUARY
                                          YEAR:     2018
                                          LATITUDE:   32 26 N
                                          LONGITUDE:  97 48 W

[TEMPERATURE DATA]      [PRECIPITATION DATA]       SYMBOLS USED IN COLUMN 16

AVERAGE MONTHLY: 39.2   TOTAL FOR MONTH:   0.10    1 = FOG OR MIST
DPTR FM NORMAL:  -3.8   DPTR FM NORMAL:       M    2 = FOG REDUCING VISIBILITY
HIGHEST:    68 ON  9    GRTST 24HR  0.10 ON  7- 7      TO 1/4 MILE OR LESS
LOWEST:      7 ON 17                               3 = THUNDER
                        SNOW, ICE PELLETS, HAIL    4 = ICE PELLETS
                        TOTAL MONTH:   0.0 INCH    5 = HAIL
                        GRTST 24HR     0.0         6 = FREEZING RAIN OR DRIZZLE
                        GRTST DEPTH:   0           7 = DUSTSTORM OR SANDSTORM:
                                                       VSBY 1/2 MILE OR LESS
                                                   8 = SMOKE OR HAZE
[NO. OF DAYS WITH]      [WEATHER - DAYS WITH]      9 = BLOWING SNOW
                                                   X = TORNADO
MAX 32 OR BELOW:   3    0.01 INCH OR MORE:   1
MAX 90 OR ABOVE:   0    0.10 INCH OR MORE:   1
MIN 32 OR BELOW:  14    0.50 INCH OR MORE:   0
MIN  0 OR BELOW:   0    1.00 INCH OR MORE:   0

[HDD (BASE 65) ]
TOTAL THIS MO.   485    CLEAR  (SCALE 0-3)  13
DPTR FM NORMAL    67    PTCLDY (SCALE 4-7)   5
TOTAL FM JUL 1  1286    CLOUDY (SCALE 8-10)  1
DPTR FM NORMAL  -206

[CDD (BASE 65) ]
TOTAL THIS MO.     0
DPTR FM NORMAL     0    [PRESSURE DATA]
TOTAL FM JAN 1     0    HIGHEST SLP M ON M
DPTR FM NORMAL     0    LOWEST  SLP M ON M

[REMARKS]
