000
CXUS54 KFWD 260730
CF6GDJ
PRELIMINARY LOCAL CLIMATOLOGICAL DATA (WS FORM: F-6)

                                          STATION:   GRANBURY
                                          MONTH:     MARCH
                                          YEAR:      2015
                                          LATITUDE:   32 26 N
                                          LONGITUDE:  97 48 W

  TEMPERATURE IN F:       :PCPN:    SNOW:  WIND      :SUNSHINE: SKY     :PK WND
================================================================================
1   2   3   4   5  6A  6B    7    8   9   10  11  12  13   14  15   16   17  18
                                     12Z  AVG MX 2MIN
DY MAX MIN AVG DEP HDD CDD  WTR  SNW DPTH SPD SPD DIR MIN PSBL S-S WX    SPD DR
================================================================================

 1  37  32  35 -16  30   0    M  0.0    0  4.6  9 330   M    M  10 16      M  M
 2  40  35  38 -14  27   0    M  0.0    M  3.8  9 340   M    M  10 1       M  M
 3  55  39  47  -5  18   0 0.04  0.0    0  3.2  9 120   M    M  10 12      M  M
 4  53  29  41 -11  24   0 0.48    M    0  9.4 18 320   M    M  10 12     28 340
 5  41  24  33 -19  32   0 0.01    M    M  7.8 16 340   M    M   2        21 330
 6  55  21  38 -15  27   0 0.00  0.0    0  1.9  7 140   M    M   0         M  M
 7  62  28  45  -8  20   0 0.00  0.0    0  3.7  9 150   M    M   6         M  M
 8  54  47  51  -2  14   0 0.03  0.0    0  6.6 12 120   M    M  10 1      16 140
 9  52  48  50  -4  15   0 0.40  0.0    0  3.5  9 330   M    M  10 1       M  M
10  58  50  54   0  11   0 0.00  0.0    0  3.5  7 290   M    M  10         M  M
11  68  46  57   3   8   0 0.00  0.0    0  2.7  8  40   M    M   5 1       M  M
12  73  45  59   5   6   0 0.00  0.0    0  4.1 10  10   M    M   2 1      16 360
13  72  50  61   6   4   0 0.00  0.0    0  6.8 14 310   M    M   9 1      25 310
14  72  57  65  10   0   0 0.00  0.0    0  9.3 17 310   M    M   8        25 310
15  70  50  60   5   5   0 0.00  0.0    0  3.7  7 100   M    M   8         M  M
16  81  49  65  10   0   0 0.00  0.0    0  3.8  8 190   M    M   0         M  M
17  80  61  71  15   0   6 0.08  0.0    0  4.2 10 150   M    M   4         M  M
18  65  54  60   4   5   0 0.49  0.0    0  3.5  9 290   M    M   7 13      M  M
19  79  55  67  11   0   2 0.00  0.0    0  4.6 10 170   M    M   7 1       M  M
20  67  54  61   5   4   0 0.22  0.0    0  6.2 12 360   M    M   9 13     17 340
21  63  54  59   2   6   0 0.14  0.0    0  3.4  6 330   M    M   8 1       M  M
22  67  51  59   2   6   0 0.01  0.0    0  1.3  7 310   M    M   7 18      M  M
23  78  47  63   6   2   0 0.00  0.0    0  5.9 12 130   M    M   5 12     18 130
24  88  59  74  16   0   9 0.00  0.0    0  9.7 16 180   M    M   1        23 210
25  85  59  72  14   0   7 0.08  0.0    0 10.3 20 160   M    M   1 3      25 160
================================================================================
SM 1615 1144       264  24  1.98     0.0 127.5          M      159
================================================================================
AV 64.6 45.8                               5.1 FASTST   M    M   6    MAX(MPH)
                                 MISC ---->    20   M                 28    M
================================================================================
NOTES:
# LAST OF SEVERAL OCCURRENCES

COLUMN 17 PEAK WIND IN M.P.H.

PRELIMINARY LOCAL CLIMATOLOGICAL DATA (WS FORM: F-6) , PAGE 2

                                          STATION:  GRANBURY
                                          MONTH:    MARCH
                                          YEAR:     2015
                                          LATITUDE:   32 26 N
                                          LONGITUDE:  97 48 W

[TEMPERATURE DATA]      [PRECIPITATION DATA]       SYMBOLS USED IN COLUMN 16

AVERAGE MONTHLY: 55.2   TOTAL FOR MONTH:   1.98    1 = FOG OR MIST
DPTR FM NORMAL:   0.6   DPTR FM NORMAL:       M    2 = FOG REDUCING VISIBILITY
HIGHEST:    88 ON 24    GRTST 24HR  0.49 ON 18-18      TO 1/4 MILE OR LESS
LOWEST:     21 ON  6                               3 = THUNDER
                        SNOW, ICE PELLETS, HAIL    4 = ICE PELLETS
                        TOTAL MONTH:   0.0 INCH    5 = HAIL
                        GRTST 24HR     0.0         6 = FREEZING RAIN OR DRIZZLE
                        GRTST DEPTH:   0           7 = DUSTSTORM OR SANDSTORM:
                                                       VSBY 1/2 MILE OR LESS
                                                   8 = SMOKE OR HAZE
[NO. OF DAYS WITH]      [WEATHER - DAYS WITH]      9 = BLOWING SNOW
                                                   X = TORNADO
MAX 32 OR BELOW:   0    0.01 INCH OR MORE:  11
MAX 90 OR ABOVE:   0    0.10 INCH OR MORE:   5
MIN 32 OR BELOW:   5    0.50 INCH OR MORE:   0
MIN  0 OR BELOW:   0    1.00 INCH OR MORE:   0

[HDD (BASE 65) ]
TOTAL THIS MO.   264    CLEAR  (SCALE 0-3)   6
DPTR FM NORMAL    -8    PTCLDY (SCALE 4-7)   8
TOTAL FM JUL 1  2175    CLOUDY (SCALE 8-10) 11
DPTR FM NORMAL  -332

[CDD (BASE 65) ]
TOTAL THIS MO.    24
DPTR FM NORMAL    16    [PRESSURE DATA]
TOTAL FM JAN 1    24    HIGHEST SLP M ON M
DPTR FM NORMAL    12    LOWEST  SLP M ON M

[REMARKS]
