000
CXUS56 KOTX 241500
CF6GEG
PRELIMINARY LOCAL CLIMATOLOGICAL DATA (WS FORM: F-6)

                                          STATION:   SPOKANE WA AIRPORT
                                          MONTH:     MAY
                                          YEAR:      2016
                                          LATITUDE:   47 37 N
                                          LONGITUDE: 117 32 W

  TEMPERATURE IN F:       :PCPN:    SNOW:  WIND      :SUNSHINE: SKY     :PK WND
================================================================================
1   2   3   4   5  6A  6B    7    8   9   10  11  12  13   14  15   16   17  18
                                     12Z  AVG MX 2MIN
DY MAX MIN AVG DEP HDD CDD  WTR  SNW DPTH SPD SPD DIR MIN PSBL S-S WX    SPD DR
================================================================================

 1  73  43  58   7   7   0 0.00  0.0    0  6.9 20  50   M    M   1        25  40
 2  79  50  65  14   0   0 0.00  0.0    0  4.0 12  40   M    M   2        15  30
 3  82  51  67  16   0   2 0.00  0.0    0  5.9 17 200   M    M   3        23 200
 4  77  52  65  13   0   0 0.09  0.0    0  8.6 35 240   M    M   7 1378   41 230
 5  73  53  63  11   2   0 0.00  0.0    0  6.8 17 350   M    M   8 1      27 340
 6  77  53  65  13   0   0 0.00  0.0    0 12.7 24  40   M    M   6 8      31  60
 7  80  55  68  16   0   3 0.00  0.0    0  7.2 16 210   M    M   0        20 220
 8  76  53  65  12   0   0 0.00  0.0    0 14.0 30 260   M    M   4        39 270
 9  56  43  50  -3  15   0 0.18    M    0  7.6 21 360   M    M   8 1      26 360
10  65  43  54   0  11   0    T  0.0    0  5.8 21 290   M    M   5        23 290
11  71  45  58   4   7   0 0.00  0.0    0  9.8 18 200   M    M   3        23 200
12  76  48  62   8   3   0 0.00  0.0    0  9.0 23  10   M    M   5        27  20
13  73  47  60   6   5   0 0.00  0.0    0 13.5 23  40   M    M   5        31  40
14  69  51  60   5   5   0    T  0.0    0 11.0 25  50   M    M   8        32  60
15  56  50  53  -2  12   0 0.07  0.0    0  5.0 15 190   M    M  10 1      20 190
16  67  49  58   3   7   0 0.00  0.0    0  4.2 12 260   M    M   6        14 270
17  74  48  61   5   4   0 0.00  0.0    0  7.2 16 240   M    M   5        20 250
18  77  54  66  10   0   1 0.03  0.0    0 11.0 35 230   M    M   8 3      42 230
19  59  45  52  -4  13   0 0.00  0.0    0 12.3 23 240   M    M   5        30 220
20  68  38  53  -3  12   0 0.01    M    0  9.2 20  70   M    M   7        26  40
21  63  47  55  -2  10   0 0.09  0.0    0  8.9 23 220   M    M   7 13     31 220
22  62  45  54  -3  11   0 0.21  0.0    0 20.4 36 230   M    M   9 1      44 230
23  56  45  51  -6  14   0 0.05  0.0    0 11.7 21 210   M    M  10        26 210
================================================================================
SM 1609 1108       138   6  0.73     0.0 212.7          M      132
================================================================================
AV 70.0 48.2                               9.2 FASTST   M    M   6    MAX(MPH)
                                 MISC ---->  # 36 230               # 44  230
================================================================================
NOTES:
# LAST OF SEVERAL OCCURRENCES

COLUMN 17 PEAK WIND IN M.P.H.

PRELIMINARY LOCAL CLIMATOLOGICAL DATA (WS FORM: F-6) , PAGE 2

                                          STATION:  SPOKANE WA AIRPORT
                                          MONTH:    MAY
                                          YEAR:     2016
                                          LATITUDE:   47 37 N
                                          LONGITUDE: 117 32 W

[TEMPERATURE DATA]      [PRECIPITATION DATA]       SYMBOLS USED IN COLUMN 16

AVERAGE MONTHLY: 59.1   TOTAL FOR MONTH:   0.73    1 = FOG OR MIST
DPTR FM NORMAL:   5.0   DPTR FM NORMAL:   -0.40    2 = FOG REDUCING VISIBILITY
HIGHEST:    82 ON  3    GRTST 24HR  0.28 ON 21-22      TO 1/4 MILE OR LESS
LOWEST:     38 ON 20                               3 = THUNDER
                        SNOW, ICE PELLETS, HAIL    4 = ICE PELLETS
                        TOTAL MONTH:   0.0 INCH    5 = HAIL
                        GRTST 24HR     0.0         6 = FREEZING RAIN OR DRIZZLE
                        GRTST DEPTH:   0           7 = DUSTSTORM OR SANDSTORM:
                                                       VSBY 1/2 MILE OR LESS
                                                   8 = SMOKE OR HAZE
[NO. OF DAYS WITH]      [WEATHER - DAYS WITH]      9 = BLOWING SNOW
                                                   X = TORNADO
MAX 32 OR BELOW:   0    0.01 INCH OR MORE:   8
MAX 90 OR ABOVE:   0    0.10 INCH OR MORE:   2
MIN 32 OR BELOW:   0    0.50 INCH OR MORE:   0
MIN  0 OR BELOW:   0    1.00 INCH OR MORE:   0

[HDD (BASE 65) ]
TOTAL THIS MO.   138    CLEAR  (SCALE 0-3)   4
DPTR FM NORMAL  -122    PTCLDY (SCALE 4-7)  16
TOTAL FM JUL 1  5418    CLOUDY (SCALE 8-10)  3
DPTR FM NORMAL  -978

[CDD (BASE 65) ]
TOTAL THIS MO.     6
DPTR FM NORMAL     4    [PRESSURE DATA]
TOTAL FM JAN 1    12    HIGHEST SLP M ON M
DPTR FM NORMAL    10    LOWEST  SLP  0.00 ON M

[REMARKS]
