000
CXUS53 KIND 010730
CF6GEZ
PRELIMINARY LOCAL CLIMATOLOGICAL DATA (WS FORM: F-6)

                                          STATION:   SHELBYVILLE IN
                                          MONTH:     JANUARY
                                          YEAR:      2015
                                          LATITUDE:   39 35 N
                                          LONGITUDE:  85 48 W

  TEMPERATURE IN F:       :PCPN:    SNOW:  WIND      :SUNSHINE: SKY     :PK WND
================================================================================
1   2   3   4   5  6A  6B    7    8   9   10  11  12  13   14  15   16   17  18
                                     12Z  AVG MX 2MIN
DY MAX MIN AVG DEP HDD CDD  WTR  SNW DPTH SPD SPD DIR MIN PSBL S-S WX    SPD DR
================================================================================

 1  37  19  28  -1  37   0 0.00    M    M 12.6 24 240   M    M   0        31 230
 2  41  27  34   5  31   0 0.00    M    M  5.9 10 130   M    M   7        13 140
 3  54  35  45  16  20   0 1.02    M    M 10.6 21 160   M    M  10 1      25 160
 4  52  17  35   6  30   0 0.14    M    M 17.4 26 270   M    M  10 18     34 260
 5  18  10  14 -15  51   0 0.05    M    M 10.2 22 290   M    M   4 1      27 290
 6  22  13  18 -11  47   0 0.07    M    M  7.4 18 280   M    M   6 18     22 280
 7  15  -1   7 -22  58   0    T    M    M 16.5 29 310   M    M   3 8      36 310
 8  23  -4  10 -19  55   0    T    M    M 15.9 30 190   M    M   4        37 180
 9  24   5  15 -14  50   0    T    M    M 16.4 26 300   M    M   5 8      34 270
10  24   0  12 -16  53   0 0.00    M    M  9.4 23 190   M    M   1        29 190
11  37  23  30   2  35   0 0.31    M    M 10.3 15 180   M    M  10 16     19 180
12  35  24  30   2  35   0 0.15    M    M 10.6 24 360   M    M  10 128    30 360
13  25  12  19  -9  46   0    T    M    M 11.6 18  60   M    M   4        24  40
14  25   8  17 -12  48   0    T    M    M  4.3 10 260   M    M   6 18     13 270
15  38  17  28  -1  37   0 0.00    M    M  6.7 16 250   M    M   2 18     19 230
16  43  24  34   5  31   0 0.00    M    M  5.3 10 200   M    M   0 18     12 210
17  52  32  42  13  23   0 0.00    M    M 13.8 25 200   M    M   1        31 200
18  46  30  38   9  27   0 0.01    M    M 11.1 23 270   M    M   7        29 270
19  49  26  38   9  27   0 0.00    M    M  3.5 10  60   M    M   1 18     11 200
20  52  32  42  13  23   0 0.00    M    M  5.7 13 270   M    M   5 18     17 270
21  46  32  39  10  26   0 0.00    M    M 10.1 24 280   M    M   8 18     31 280
22  36  32  34   5  31   0 0.01    M    M  4.6 12 320   M    M  10 1      14 320
23  37  27  32   3  33   0 0.00    M    M  3.0  9  10   M    M   6        12  20
24  41  26  34   5  31   0 0.00    M    M  8.7 17 270   M    M   5 1      22 270
25  39  24  32   3  33   0 0.10    M    M  9.2 24  30   M    M   8 18     30  30
26  30  18  24  -5  41   0    T    M    M  8.1 20 360   M    M   7        27  20
27  32  19  26  -3  39   0    T    M    M  5.6 13  70   M    M   6        13  70
28  37  16  27  -2  38   0 0.00    M    M  8.8 20 150   M    M   0 18     24 150
29  47  34  41  12  24   0    T    M    M 16.5 30 270   M    M   8 18     35 270
30  35  22  29   0  36   0    T    M    M 11.0 24 360   M    M   6        32 350
31  39  20  30   1  35   0 0.06    M    M  7.7 15 220   M    M   4 16     18 230
================================================================================
SM 1131  619      1131   0  1.92    M    298.5          M      164
================================================================================
AV 36.5 20.0                               9.6 FASTST   M    M   5    MAX(MPH)
                                 MISC ---->  # 30 190               # 37  180
================================================================================
NOTES:
# LAST OF SEVERAL OCCURRENCES

COLUMN 17 PEAK WIND IN M.P.H.

PRELIMINARY LOCAL CLIMATOLOGICAL DATA (WS FORM: F-6) , PAGE 2

                                          STATION:  SHELBYVILLE IN
                                          MONTH:    JANUARY
                                          YEAR:     2015
                                          LATITUDE:   39 35 N
                                          LONGITUDE:  85 48 W

[TEMPERATURE DATA]      [PRECIPITATION DATA]       SYMBOLS USED IN COLUMN 16

AVERAGE MONTHLY: 28.2   TOTAL FOR MONTH:   1.92    1 = FOG OR MIST
DPTR FM NORMAL:  -0.5   DPTR FM NORMAL:   -0.47    2 = FOG REDUCING VISIBILITY
HIGHEST:    54 ON  3    GRTST 24HR  1.02 ON  3- 4      TO 1/4 MILE OR LESS
LOWEST:     -4 ON  8                               3 = THUNDER
                        SNOW, ICE PELLETS, HAIL    4 = ICE PELLETS
                        TOTAL MONTH:    M          5 = HAIL
                        GRTST 24HR    M  ON   M    6 = FREEZING RAIN OR DRIZZLE
                        GRTST DEPTH:  M  ON   M    7 = DUSTSTORM OR SANDSTORM:
                                                       VSBY 1/2 MILE OR LESS
                                                   8 = SMOKE OR HAZE
[NO. OF DAYS WITH]      [WEATHER - DAYS WITH]      9 = BLOWING SNOW
                                                   X = TORNADO
MAX 32 OR BELOW:  10    0.01 INCH OR MORE:  10
MAX 90 OR ABOVE:   0    0.10 INCH OR MORE:   5
MIN 32 OR BELOW:  29    0.50 INCH OR MORE:   1
MIN  0 OR BELOW:   3    1.00 INCH OR MORE:   1

[HDD (BASE 65) ]
TOTAL THIS MO.  1131    CLEAR  (SCALE 0-3)   8
DPTR FM NORMAL     6    PTCLDY (SCALE 4-7)  18
TOTAL FM JUL 1  3212    CLOUDY (SCALE 8-10)  5
DPTR FM NORMAL   -17

[CDD (BASE 65) ]
TOTAL THIS MO.     0
DPTR FM NORMAL     0    [PRESSURE DATA]
TOTAL FM JAN 1     0    HIGHEST SLP 30.82 ON  7
DPTR FM NORMAL     0    LOWEST  SLP 29.63 ON 25

[REMARKS]
#FINAL-01-15#
