000
CXUS53 KFGF 270915
CF6GFK
PRELIMINARY LOCAL CLIMATOLOGICAL DATA (WS FORM: F-6)

                                          STATION:   GRAND FORKS INTL AP ND
                                          MONTH:     SEPTEMBER
                                          YEAR:      2016
                                          LATITUDE:   47 57 N
                                          LONGITUDE:  97 11 W

  TEMPERATURE IN F:       :PCPN:    SNOW:  WIND      :SUNSHINE: SKY     :PK WND
================================================================================
1   2   3   4   5  6A  6B    7    8   9   10  11  12  13   14  15   16   17  18
                                     12Z  AVG MX 2MIN
DY MAX MIN AVG DEP HDD CDD  WTR  SNW DPTH SPD SPD DIR MIN PSBL S-S WX    SPD DR
================================================================================

 1  82  56  69   6   0   4 0.00  0.0    0 11.9 23 150   M    M   3        29 150
 2  80  60  70   7   0   5 0.00  0.0    0 19.1 30 180   M    M   5        38 180
 3  84  64  74  12   0   9 0.00  0.0    0 17.2 28 180   M    M   5        35 190
 4  71  58  65   3   0   0 2.96  0.0    0 10.8 23 340   M    M   8 13     27 340
 5  68  57  63   1   2   0 0.03  0.0    0  6.7 13 360   M    M   9 1       M  M
 6  73  53  63   2   2   0 0.00  0.0    M  5.7 17 350   M    M   5 1      21 350
 7  72  49  61   0   4   0 0.46  0.0    0  6.9 21  90   M    M   5 13     26 100
 8  74  52  63   3   2   0 0.02  0.0    0  7.8 15 220   M    M   4        19 210
 9  69  49  59  -1   6   0 0.00  0.0    0  8.4 21 340   M    M   6        25 340
10  71  45  58  -1   7   0 0.00  0.0    0  6.1 15 330   M    M   4        22 310
11  83  53  68   9   0   3 0.00  0.0    0 10.6 22 360   M    M   4 3      27 360
12  64  48  56  -2   9   0 0.00  0.0    0 13.3 21 350   M    M   8        26 350
13  57  37  47 -11  18   0    T  0.0    0  8.2 18 340   M    M   5        24 340
14  69  36  53  -5  12   0 0.00  0.0    0  9.4 17 190   M    M   2        26 150
15  69  50  60   3   5   0 0.16  0.0    0  5.9 12 150   M    M   8 1      14 150
16  67  57  62   5   3   0    T  0.0    0  8.5 20 350   M    M  10 1      23 330
17  74  45  60   4   5   0 0.00  0.0    0  7.3 13 310   M    M   1        17 310
18  78  55  67  11   0   2    T  0.0    0 11.4 22 230   M    M   5        27 220
19  74  47  61   6   4   0 0.00  0.0    0 11.5 30 300   M    M   1        37 290
20  75  45  60   5   5   0 0.00  0.0    0  4.9 13  40   M    M   5        15 230
21  72  49  61   7   4   0 0.06  0.0    0  8.3 18  30   M    M   5        22  40
22  67  45  56   2   9   0 0.00  0.0    0 11.3 21  60   M    M   4        25  40
23  66  54  60   6   5   0 0.37  0.0    0 12.8 21 110   M    M  10        26 110
24  78  58  68  15   0   3 0.02  0.0    0 15.7 25 150   M    M   9 1      31 150
25  68  52  60   7   5   0 0.08  0.0    0 14.6 31 300   M    M   M 18     41 300
26  65  41  53   1  12   0 0.00  0.0    0 16.3 31 310   M    M   1        40 320
================================================================================
SM 1870 1315       119  26  4.16     0.0 270.6          M      132
================================================================================
AV 71.9 50.6                              10.4 FASTST   M    M   5    MAX(MPH)
                                 MISC ---->  # 31 300               # 41  300
================================================================================
NOTES:
# LAST OF SEVERAL OCCURRENCES

COLUMN 17 PEAK WIND IN M.P.H.

PRELIMINARY LOCAL CLIMATOLOGICAL DATA (WS FORM: F-6) , PAGE 2

                                          STATION:  GRAND FORKS INTL AP ND
                                          MONTH:    SEPTEMBER
                                          YEAR:     2016
                                          LATITUDE:   47 57 N
                                          LONGITUDE:  97 11 W

[TEMPERATURE DATA]      [PRECIPITATION DATA]       SYMBOLS USED IN COLUMN 16

AVERAGE MONTHLY: 61.2   TOTAL FOR MONTH:   4.16    1 = FOG OR MIST
DPTR FM NORMAL:   3.5   DPTR FM NORMAL:    2.37    2 = FOG REDUCING VISIBILITY
HIGHEST:    84 ON  3    GRTST 24HR  2.99 ON  4- 5      TO 1/4 MILE OR LESS
LOWEST:     36 ON 14                               3 = THUNDER
                        SNOW, ICE PELLETS, HAIL    4 = ICE PELLETS
                        TOTAL MONTH:   0.0 INCH    5 = HAIL
                        GRTST 24HR     0.0         6 = FREEZING RAIN OR DRIZZLE
                        GRTST DEPTH:   0           7 = DUSTSTORM OR SANDSTORM:
                                                       VSBY 1/2 MILE OR LESS
                                                   8 = SMOKE OR HAZE
[NO. OF DAYS WITH]      [WEATHER - DAYS WITH]      9 = BLOWING SNOW
                                                   X = TORNADO
MAX 32 OR BELOW:   0    0.01 INCH OR MORE:   9
MAX 90 OR ABOVE:   0    0.10 INCH OR MORE:   4
MIN 32 OR BELOW:   0    0.50 INCH OR MORE:   1
MIN  0 OR BELOW:   0    1.00 INCH OR MORE:   1

[HDD (BASE 65) ]
TOTAL THIS MO.   119    CLEAR  (SCALE 0-3)   5
DPTR FM NORMAL   -93    PTCLDY (SCALE 4-7)  14
TOTAL FM JUL 1   147    CLOUDY (SCALE 8-10)  6
DPTR FM NORMAL  -147

[CDD (BASE 65) ]
TOTAL THIS MO.    26
DPTR FM NORMAL     2    [PRESSURE DATA]
TOTAL FM JAN 1   430    HIGHEST SLP M ON M
DPTR FM NORMAL    54    LOWEST  SLP 29.53 ON 18

[REMARKS]
