612
CXUS55 KALY 250710
CF6GFL
PRELIMINARY LOCAL CLIMATOLOGICAL DATA (WS FORM: F-6)

                                          STATION:   GLENS FALLS NY
                                          MONTH:     SEPTEMBER
                                          YEAR:      2016
                                          LATITUDE:   43 20 N
                                          LONGITUDE:  73 37 W

  TEMPERATURE IN F:       :PCPN:    SNOW:  WIND      :SUNSHINE: SKY     :PK WND
================================================================================
1   2   3   4   5  6A  6B    7    8   9   10  11  12  13   14  15   16   17  18
                                     12Z  AVG MX 2MIN
DY MAX MIN AVG DEP HDD CDD  WTR  SNW DPTH SPD SPD DIR MIN PSBL S-S WX    SPD DR
================================================================================

 1  78  60  69   5   0   4 0.00    M    M  6.3 15 360   M    M   7 1      20  30
 2  76  52  64   0   1   0 0.00    M    M  5.1 15  70   M    M   2 1      21  80
 3  76  48  62  -1   3   0 0.00    M    M  3.3 12  30   M    M   0 1      16  30
 4  81  49  65   2   0   0 0.00    M    M  0.5  9 360   M    M   0 1      11 360
 5  84  50  67   4   0   2 0.00    M    M  4.6 14  20   M    M   1 1      17  60
 6  85  56  71   9   0   6 0.00    M    M  4.5 14  50   M    M   4 1      17  50
 7  85  59  72  10   0   7 0.00    M    M  1.9 10 160   M    M   1 1      13 160
 8  84  60  72  10   0   7 0.13    M    M  4.0 15 160   M    M   4 1      18 150
 9  87  62  75  14   0  10 0.02    M    M  3.5 13 300   M    M   4 12     17 300
10  84  60  72  11   0   7 0.04    M    M  1.9 13 190   M    M   4 1      16 190
11  77  50  64   4   1   0 0.43    M    M  7.4 23 290   M    M   3 13     29 280
12  75  43  59  -1   6   0 0.00    M    M  3.6 14 160   M    M   0 18     18 140
13  81  46  64   4   1   0 0.00    M    M  4.2 17 180   M    M   1 1      23 190
14  76  50  63   4   2   0 0.00    M    M  8.2 22 340   M    M   2 1      30 350
15  70  42  56  -3   9   0 0.00    M    M  1.5  9 120   M    M   0 1      12 120
16  74   M   M   M   M   M 0.00    M    M   M   M   M   M    M   0 1       M  M
17  78  44  61   3   4   0    T    M    M  7.4 18 190   M    M   4 1      25 180
18  77  66  72  14   0   7 0.16    M    M  5.2 13 180   M    M   7 12     17 210
19  77  62  70  13   0   5 0.26    M    M  1.4 12 190   M    M   8 12     16 180
20   M   M   M   M   M   M    M    M    M   M   M   M   M    M   M         M  M
21   M   M   M   M   M   M    M    M    M   M   M   M   M    M   0         M  M
22   M   M   M   M   M   M    M    M    M   M   M   M   M    M   M         M  M
23  69  50  60   4   5   0 0.05    M    M  7.3 20  40   M    M   7 1      24  40
24  67  40  54  -1  11   0 0.00    M    M  5.3 16 300   M    M   3 12     20 300
================================================================================
SM 1641 1049        43  55  1.09    M     87.1          M       62
================================================================================
AV 78.1 52.5                               4.4 FASTST   M    M   3    MAX(MPH)
                                 MISC ---->  # 23 290               # 30  350
================================================================================
NOTES:
# LAST OF SEVERAL OCCURRENCES

COLUMN 17 PEAK WIND IN M.P.H.

PRELIMINARY LOCAL CLIMATOLOGICAL DATA (WS FORM: F-6) , PAGE 2

                                          STATION:  GLENS FALLS NY
                                          MONTH:    SEPTEMBER
                                          YEAR:     2016
                                          LATITUDE:   43 20 N
                                          LONGITUDE:  73 37 W

[TEMPERATURE DATA]      [PRECIPITATION DATA]       SYMBOLS USED IN COLUMN 16

AVERAGE MONTHLY: 65.3   TOTAL FOR MONTH:   1.09    1 = FOG OR MIST
DPTR FM NORMAL:   5.5   DPTR FM NORMAL:   -1.56    2 = FOG REDUCING VISIBILITY
HIGHEST:    87 ON  9    GRTST 24HR  0.47 ON 10-11      TO 1/4 MILE OR LESS
LOWEST:     40 ON 24                               3 = THUNDER
                        SNOW, ICE PELLETS, HAIL    4 = ICE PELLETS
                        TOTAL MONTH:    M          5 = HAIL
                        GRTST 24HR    M  ON   M    6 = FREEZING RAIN OR DRIZZLE
                        GRTST DEPTH:  M  ON   M    7 = DUSTSTORM OR SANDSTORM:
                                                       VSBY 1/2 MILE OR LESS
                                                   8 = SMOKE OR HAZE
[NO. OF DAYS WITH]      [WEATHER - DAYS WITH]      9 = BLOWING SNOW
                                                   X = TORNADO
MAX 32 OR BELOW:   0    0.01 INCH OR MORE:   7
MAX 90 OR ABOVE:   0    0.10 INCH OR MORE:   4
MIN 32 OR BELOW:   0    0.50 INCH OR MORE:   0
MIN  0 OR BELOW:   0    1.00 INCH OR MORE:   0

[HDD (BASE 65) ]
TOTAL THIS MO.    43    CLEAR  (SCALE 0-3)  12
DPTR FM NORMAL  -107    PTCLDY (SCALE 4-7)  10
TOTAL FM JUL 1    49    CLOUDY (SCALE 8-10)  0
DPTR FM NORMAL  -167

[CDD (BASE 65) ]
TOTAL THIS MO.    55
DPTR FM NORMAL    32    [PRESSURE DATA]
TOTAL FM JAN 1   640    HIGHEST SLP M ON M
DPTR FM NORMAL   290    LOWEST  SLP 29.75 ON M

[REMARKS]
