000
CXUS54 KSHV 231300
CF6GGG
PRELIMINARY LOCAL CLIMATOLOGICAL DATA (WS FORM: F-6)

                                          STATION:   LONGVIEW
                                          MONTH:     JULY
                                          YEAR:      2014
                                          LATITUDE:   32 22 N
                                          LONGITUDE:  94 43 W

  TEMPERATURE IN F:       :PCPN:    SNOW:  WIND      :SUNSHINE: SKY     :PK WND
================================================================================
1   2   3   4   5  6A  6B    7    8   9   10  11  12  13   14  15   16   17  18
                                     12Z  AVG MX 2MIN
DY MAX MIN AVG DEP HDD CDD  WTR  SNW DPTH SPD SPD DIR MIN PSBL S-S WX    SPD DR
================================================================================

 1  92  74  83   1   0  18 0.00  0.0    0  6.3 15 190   M    M   1 1      18 180
 2  93  74  84   1   0  19 0.00  0.0    0  3.8 14 320   M    M   1 13     16 320
 3  89  72  81  -2   0  16 0.00  0.0    0  3.8 15 280   M    M   1        20  40
 4  87  71  79  -4   0  14 0.00  0.0    0  5.3 13 110   M    M   1        16  80
 5  89  66  78  -5   0  13 0.00  0.0    0  4.1 10 140   M    M   0 1      15 140
 6  92  69  81  -2   0  16 0.00  0.0    0  5.1 14 210   M    M   1        22 210
 7  93  74  84   1   0  19 0.00  0.0    0  7.2 14 200   M    M   1 1      22 190
 8  93  75  84   1   0  19 0.00  0.0    0  8.1 14 210   M    M   2        20 230
 9  93  74  84   1   0  19 0.00  0.0    0  4.7 12 190   M    M   1        14 200
10  94  75  85   2   0  20 0.00  0.0    0  6.3 14 210   M    M   1        18 230
11  95  71  83   0   0  18 0.00  0.0    0  4.2 10 190   M    M   1        14 200
12  96  73  85   1   0  20 0.00  0.0    0  2.4  9 200   M    M   1        13 200
13  98  75  87   3   0  22 0.00  0.0    0  4.2 12 200   M    M   1        14 200
14  97  74  86   2   0  21 0.17  0.0    0  6.7 16 340   M    M   0 138    21 310
15  89  72  81  -3   0  16 0.26  0.0    0  4.2 12 340   M    M   4 13     17 310
16  87  67  77  -7   0  12 0.00  0.0    0  5.4 12 140   M    M   1        15 120
17  75  67  71 -13   0   6 1.49  0.0    0  9.0 14  90   M    M   8 13     20  90
18  71  65  68 -16   0   3    T  0.0    0  5.3 12  30   M    M  10 1      16  30
19  73  66  70 -14   0   5 0.00  0.0    0  1.5  9  60   M    M  10 1      10  70
20  85  69  77  -7   0  12 0.00  0.0    0  2.8  9  90   M    M   6        13  80
21  90  67  79  -5   0  14 0.00  0.0    0  2.4  9  70   M    M   2 18     13  60
22  91  70  81  -3   0  16 0.00  0.0    0  2.2  9  90   M    M   1 1      14  60
================================================================================
SM 1962 1560         0 338  1.92     0.0 105.0          M       55
================================================================================
AV 89.2 70.9                               4.8 FASTST   M    M   3    MAX(MPH)
                                 MISC ---->  # 16 340               # 22  210
================================================================================
NOTES:
# LAST OF SEVERAL OCCURRENCES

COLUMN 17 PEAK WIND IN M.P.H.

PRELIMINARY LOCAL CLIMATOLOGICAL DATA (WS FORM: F-6) , PAGE 2

                                          STATION:  LONGVIEW
                                          MONTH:    JULY
                                          YEAR:     2014
                                          LATITUDE:   32 22 N
                                          LONGITUDE:  94 43 W

[TEMPERATURE DATA]      [PRECIPITATION DATA]       SYMBOLS USED IN COLUMN 16

AVERAGE MONTHLY: 80.0   TOTAL FOR MONTH:   1.92    1 = FOG OR MIST
DPTR FM NORMAL:  -3.4   DPTR FM NORMAL:   -0.35    2 = FOG REDUCING VISIBILITY
HIGHEST:    98 ON 13    GRTST 24HR  1.49 ON 17-17      TO 1/4 MILE OR LESS
LOWEST:     65 ON 18                               3 = THUNDER
                        SNOW, ICE PELLETS, HAIL    4 = ICE PELLETS
                        TOTAL MONTH:   0.0 INCH    5 = HAIL
                        GRTST 24HR     0.0         6 = FREEZING RAIN OR DRIZZLE
                        GRTST DEPTH:   0           7 = DUSTSTORM OR SANDSTORM:
                                                       VSBY 1/2 MILE OR LESS
                                                   8 = SMOKE OR HAZE
[NO. OF DAYS WITH]      [WEATHER - DAYS WITH]      9 = BLOWING SNOW
                                                   X = TORNADO
MAX 32 OR BELOW:   0    0.01 INCH OR MORE:   3
MAX 90 OR ABOVE:  13    0.10 INCH OR MORE:   3
MIN 32 OR BELOW:   0    0.50 INCH OR MORE:   1
MIN  0 OR BELOW:   0    1.00 INCH OR MORE:   1

[HDD (BASE 65) ]
TOTAL THIS MO.     0    CLEAR  (SCALE 0-3)  17
DPTR FM NORMAL     0    PTCLDY (SCALE 4-7)   2
TOTAL FM JUL 1     0    CLOUDY (SCALE 8-10)  3
DPTR FM NORMAL     0

[CDD (BASE 65) ]
TOTAL THIS MO.   338
DPTR FM NORMAL   -67    [PRESSURE DATA]
TOTAL FM JAN 1  1152    HIGHEST SLP M ON M
DPTR FM NORMAL   -71    LOWEST  SLP 29.88 ON M

[REMARKS]
