000
CXUS54 KJAN 221200
CF6GLH
PRELIMINARY LOCAL CLIMATOLOGICAL DATA (WS FORM: F-6)

                                          STATION:   GREENVILLE
                                          MONTH:     OCTOBER
                                          YEAR:      2014
                                          LATITUDE:   33 29 N
                                          LONGITUDE:  90 59 W

  TEMPERATURE IN F:       :PCPN:    SNOW:  WIND      :SUNSHINE: SKY     :PK WND
================================================================================
1   2   3   4   5  6A  6B    7    8   9   10  11  12  13   14  15   16   17  18
                                     12Z  AVG MX 2MIN
DY MAX MIN AVG DEP HDD CDD  WTR  SNW DPTH SPD SPD DIR MIN PSBL S-S WX    SPD DR
================================================================================

 1  93  68  81  12   0  16 0.00  0.0    0  9.3 18 150   M    M   3        22 170
 2  88  67  78   9   0  13 0.90  0.0    0 10.7 25 310   M    M   6 13     35 310
 3  78  56  67  -2   0   2 0.01  0.0    0 11.0 22 320   M    M   4        30 300
 4  71  44  58 -10   7   0 0.00  0.0    0  7.1 18 310   M    M   0        25 320
 5  81  49  65  -3   0   0 0.00  0.0    0 12.7 29 220   M    M   0        33 230
 6  83  62  73   5   0   8 0.20  0.0    0 10.8 23 230   M    M   2 13     29 160
 7  88  61  75   8   0  10 0.00  0.0    0 11.3 20 220   M    M   0        25 220
 8  87  66  77  10   0  12 0.00  0.0    0  5.0 13 210   M    M   0        15 210
 9  88  64  76   9   0  11 0.00  0.0    0  6.5 15 190   M    M   2        23 200
10  88  67  78  12   0  13 0.40  0.0    0 11.4 29  30   M    M   6 1      35  10
11  72  63  68   2   0   3 1.81  0.0    0  8.7 23 350   M    M  10 13     27 350
12  80  63  72   6   0   7 0.53  0.0    0  5.3 35 170   M    M   7 13     45 180
13  81  61  71   5   0   6 1.82  0.0    0 14.5 30 170   M    M   8 13     37 170
14  71  56  64  -1   1   0    T  0.0    0 12.8 22 270   M    M   4        27 270
15  73  51  62  -3   3   0 0.00  0.0    0 10.1 21 290   M    M   0        28 290
16  77  48  63  -2   2   0 0.00  0.0    0  4.1 12 250   M    M   0        13 210
17  83  56  70   6   0   5 0.00  0.0    0  7.7 18 230   M    M   0        21 230
18  74  54  64   0   1   0 0.00  0.0    0  8.1 15  30   M    M   1        24 330
19  71  47  59  -5   6   0 0.00  0.0    0  4.5 12  50   M    M   0        16  30
20  74  45  60  -3   5   0 0.00  0.0    0  1.5  9 320   M    M   2 12     15 320
21  81  53  67   4   0   2 0.00  0.0    0  3.5 10 350   M    M   1 1      13  50
================================================================================
SM 1682 1201        25 108  5.67     0.0 176.6          M       56
================================================================================
AV 80.1 57.2                               8.4 FASTST   M    M   3    MAX(MPH)
                                 MISC ---->  # 35 170               # 45  180
================================================================================
NOTES:
# LAST OF SEVERAL OCCURRENCES

COLUMN 17 PEAK WIND IN M.P.H.

PRELIMINARY LOCAL CLIMATOLOGICAL DATA (WS FORM: F-6) , PAGE 2

                                          STATION:  GREENVILLE
                                          MONTH:    OCTOBER
                                          YEAR:     2014
                                          LATITUDE:   33 29 N
                                          LONGITUDE:  90 59 W

[TEMPERATURE DATA]      [PRECIPITATION DATA]       SYMBOLS USED IN COLUMN 16

AVERAGE MONTHLY: 68.6   TOTAL FOR MONTH:   5.67    1 = FOG OR MIST
DPTR FM NORMAL:   2.5   DPTR FM NORMAL:    2.57    2 = FOG REDUCING VISIBILITY
HIGHEST:    93 ON  1    GRTST 24HR  2.21 ON 12-13      TO 1/4 MILE OR LESS
LOWEST:     44 ON  4                               3 = THUNDER
                        SNOW, ICE PELLETS, HAIL    4 = ICE PELLETS
                        TOTAL MONTH:   0.0 INCH    5 = HAIL
                        GRTST 24HR     0.0         6 = FREEZING RAIN OR DRIZZLE
                        GRTST DEPTH:   0           7 = DUSTSTORM OR SANDSTORM:
                                                       VSBY 1/2 MILE OR LESS
                                                   8 = SMOKE OR HAZE
[NO. OF DAYS WITH]      [WEATHER - DAYS WITH]      9 = BLOWING SNOW
                                                   X = TORNADO
MAX 32 OR BELOW:   0    0.01 INCH OR MORE:   7
MAX 90 OR ABOVE:   1    0.10 INCH OR MORE:   6
MIN 32 OR BELOW:   0    0.50 INCH OR MORE:   4
MIN  0 OR BELOW:   0    1.00 INCH OR MORE:   2

[HDD (BASE 65) ]
TOTAL THIS MO.    25    CLEAR  (SCALE 0-3)  14
DPTR FM NORMAL   -25    PTCLDY (SCALE 4-7)   6
TOTAL FM JUL 1    25    CLOUDY (SCALE 8-10)  1
DPTR FM NORMAL   -31

[CDD (BASE 65) ]
TOTAL THIS MO.   108
DPTR FM NORMAL    33    [PRESSURE DATA]
TOTAL FM JAN 1  2156    HIGHEST SLP M ON M
DPTR FM NORMAL     1    LOWEST  SLP 29.68 ON 13

[REMARKS]
