000
CXUS55 KMSO 310800
CF6GPI
PRELIMINARY LOCAL CLIMATOLOGICAL DATA (WS FORM: F-6)

                                          STATION:   KALISPELL MT
                                          MONTH:     AUGUST
                                          YEAR:      2015
                                          LATITUDE:   48 17 N
                                          LONGITUDE: 114 16 W

  TEMPERATURE IN F:       :PCPN:    SNOW:  WIND      :SUNSHINE: SKY     :PK WND
================================================================================
1   2   3   4   5  6A  6B    7    8   9   10  11  12  13   14  15   16   17  18
                                     12Z  AVG MX 2MIN
DY MAX MIN AVG DEP HDD CDD  WTR  SNW DPTH SPD SPD DIR MIN PSBL S-S WX    SPD DR
================================================================================

 1 101  42  72   5   0   7 0.00  0.0    0  4.8 18 260   M    M   0        25 270
 2  94  47  71   5   0   6 0.00  0.0    0  5.4 17  30   M    M   0        22  20
 3  97  48  73   7   0   8 0.00  0.0    0  4.5 16  30   M    M   0 8      19 230
 4  86  56  71   5   0   6    T  0.0    0  4.6 16 150   M    M   4 8      21 180
 5  85  50  68   2   0   3    T  0.0    0  9.8 28 160   M    M   2        36 160
 6  74  47  61  -5   4   0 0.00  0.0    0  7.9 21 270   M    M   5        27 220
 7  81  36  59  -7   6   0 0.00  0.0    0  3.5 13 180   M    M   0        19 160
 8  86  43  65  -1   0   0 0.00  0.0    0  5.2 15 170   M    M   0        21 150
 9  85  41  63  -3   2   0    T  0.0    0  2.8 25 250   M    M   1        35 240
10  92  47  70   4   0   5    T  0.0    0  3.4 26 280   M    M   2 8      33 280
11  94  49  72   7   0   7 0.00  0.0    0  1.2 10 130   M    M   0        12 140
12  95  53  74   9   0   9 0.00  0.0    0  4.8 24 130   M    M   0        30 130
13  97  52  75  10   0  10 0.00  0.0    0  5.0 15 170   M    M   0 8      20 140
14  94  53  74   9   0   9 0.01  0.0    0  5.8 17 170   M    M   1 38     24 160
15  72  48  60  -5   5   0 0.03  0.0    0  7.5 18 220   M    M   6 38     24 270
16  76  44  60  -4   5   0 0.00  0.0    0  3.7 13 200   M    M   3 8      16 160
17  82  49  66   2   0   1 0.00  0.0    0  5.6 13 270   M    M   3        18 360
18  78  40  59  -5   6   0 0.00  0.0    0  7.7 23  40   M    M   0        30  20
19  85  42  64   0   1   0 0.00  0.0    0  5.8 17 160   M    M   4 8      24 150
20  85  45  65   2   0   0 0.00  0.0    0  3.1 20 230   M    M   8 8      23 240
21  74  46  60  -3   5   0 0.03  0.0    0 10.1 37 280   M    M   9 18     46 270
22  69  38  54  -9  11   0 0.00  0.0    0  5.8 14 360   M    M   1        22 140
23  79  31  55  -7  10   0 0.00  0.0    0  3.9 14 180   M    M   3 18     16 180
24  82  38  60  -2   5   0 0.00  0.0    0  3.7 16 160   M    M  10 18     18 160
25  89  45  67   5   0   2    T  0.0    0  2.3  8 280   M    M   7 8      12 230
26  93  47  70   8   0   5 0.00  0.0    0  2.2  9 170   M    M   8 8      11 160
27  87  48  68   7   0   3 0.00  0.0    0  3.9 13 280   M    M   9 8      16 280
28  84  46  65   4   0   0 0.00  0.0    0  3.5 16 270   M    M   7 8      20 250
29  81  47  64   3   1   0    T  0.0    0  5.4 22 290   M    M   7 8      31 290
30  72  49  61   1   4   0 0.06  0.0    0  9.4 28 240   M    M   7 3      40 260
================================================================================
SM 2549 1367        65  81  0.13     0.0 152.3          M      107
================================================================================
AV 85.0 45.6                               5.1 FASTST   M    M   4    MAX(MPH)
                                 MISC ---->  # 37 280               # 46  270
================================================================================
NOTES:
# LAST OF SEVERAL OCCURRENCES

COLUMN 17 PEAK WIND IN M.P.H.

PRELIMINARY LOCAL CLIMATOLOGICAL DATA (WS FORM: F-6) , PAGE 2

                                          STATION:  KALISPELL MT
                                          MONTH:    AUGUST
                                          YEAR:     2015
                                          LATITUDE:   48 17 N
                                          LONGITUDE: 114 16 W

[TEMPERATURE DATA]      [PRECIPITATION DATA]       SYMBOLS USED IN COLUMN 16

AVERAGE MONTHLY: 65.3   TOTAL FOR MONTH:   0.13    1 = FOG OR MIST
DPTR FM NORMAL:   1.2   DPTR FM NORMAL:   -0.82    2 = FOG REDUCING VISIBILITY
HIGHEST:   101 ON  1    GRTST 24HR  0.06 ON 30-30      TO 1/4 MILE OR LESS
LOWEST:     31 ON 23                               3 = THUNDER
                        SNOW, ICE PELLETS, HAIL    4 = ICE PELLETS
                        TOTAL MONTH:   0.0 INCH    5 = HAIL
                        GRTST 24HR     0.0         6 = FREEZING RAIN OR DRIZZLE
                        GRTST DEPTH:   0           7 = DUSTSTORM OR SANDSTORM:
                                                       VSBY 1/2 MILE OR LESS
                                                   8 = SMOKE OR HAZE
[NO. OF DAYS WITH]      [WEATHER - DAYS WITH]      9 = BLOWING SNOW
                                                   X = TORNADO
MAX 32 OR BELOW:   0    0.01 INCH OR MORE:   4
MAX 90 OR ABOVE:   9    0.10 INCH OR MORE:   0
MIN 32 OR BELOW:   1    0.50 INCH OR MORE:   0
MIN  0 OR BELOW:   0    1.00 INCH OR MORE:   0

[HDD (BASE 65) ]
TOTAL THIS MO.    65    CLEAR  (SCALE 0-3)  15
DPTR FM NORMAL   -25    PTCLDY (SCALE 4-7)  11
TOTAL FM JUL 1   125    CLOUDY (SCALE 8-10)  4
DPTR FM NORMAL   -42

[CDD (BASE 65) ]
TOTAL THIS MO.    81
DPTR FM NORMAL    20    [PRESSURE DATA]
TOTAL FM JAN 1   246    HIGHEST SLP M ON M
DPTR FM NORMAL   102    LOWEST  SLP 29.67 ON M

[REMARKS]
