014
CXUS55 KMSO 231037
CF6GPI
PRELIMINARY LOCAL CLIMATOLOGICAL DATA (WS FORM: F-6)

                                          STATION:   KALISPELL MT
                                          MONTH:     FEBRUARY
                                          YEAR:      2018
                                          LATITUDE:   48 17 N
                                          LONGITUDE: 114 16 W

  TEMPERATURE IN F:       :PCPN:    SNOW:  WIND      :SUNSHINE: SKY     :PK WND
================================================================================
1   2   3   4   5  6A  6B    7    8   9   10  11  12  13   14  15   16   17  18
                                     12Z  AVG MX 2MIN
DY MAX MIN AVG DEP HDD CDD  WTR  SNW DPTH SPD SPD DIR MIN PSBL S-S WX    SPD DR
================================================================================

 1  35  15  25  -1  40   0 0.01  1.0    7  5.3 15 160   M    M   9 1      17 150
 2  37  30  34   8  31   0 0.28  2.0   10  5.9 15 160   M    M   9 12     21 120
 3  45  22  34   8  31   0    T    T    6 12.2 37  40   M    M   9 1      45  40
 4  31  20  26   0  39   0 0.28  2.0    5  7.9 33  30   M    M  10 16     39  30
 5  31  23  27   1  38   0 0.02  0.3    7 12.9 32  20   M    M  10 19     39  20
 6  34  21  28   2  37   0 0.02  0.5    7  1.1  6 220   M    M   9 1       6 220
 7  43  29  36  10  29   0    T  0.1    7  7.8 16 150   M    M  10 1      19 150
 8  50  12  31   5  34   0 0.06  2.0    6 20.8 48  20   M    M  10 1269   56  20
 9  25   6  16 -10  49   0    T    T    4 10.5 31  20   M    M   4 19     38  20
10  20  -3   9 -17  56   0    T    T    7  2.0  8 290   M    M   6         9 290
11  24  13  19  -7  46   0 0.00  0.0    7 11.4 32  40   M    M   9        43  30
12  19   2  11 -15  54   0 0.00  0.0    4 10.0 22  20   M    M   1        31  20
13  24   0  12 -15  53   0 0.00  0.0    4  1.3  5 220   M    M   6         M  M
14  33  21  27   0  38   0 0.13  4.0    5  8.3 31  40   M    M  10 12     37  40
15  28  11  20  -7  45   0 0.01  0.3    8  7.8 21  20   M    M   8 18     24  10
16  33  15  24  -3  41   0 0.06  1.0    7  5.5 15 170   M    M  10 1      19 140
17  27  10  19  -8  46   0 0.49  8.0    8 10.6 39  20   M    M   M 19     47  20
18  14   5  10 -17  55   0 0.01  2.0   17 23.8 35  20   M    M   9 189    42  10
19  17 -16   1 -27  64   0 0.00  0.0   18  6.6 22  20   M    M   4 1      26  30
20  15 -16   0 -28  65   0    T    T   17  1.1  8 160   M    M   8 18     10 150
21  19 -11   4 -24  61   0 0.00  0.0   17  1.9 12 170   M    M   6 1      14 160
22  25   2  14 -14  51   0 0.00  0.0   15  8.9 21  30   M    M   3        25  30
================================================================================
SM  629  211      1003   0  1.37    23.2 183.6          M      160
================================================================================
AV 28.6  9.6                               8.3 FASTST   M    M   8    MAX(MPH)
                                 MISC ---->  # 48  20               # 56   20
================================================================================
NOTES:
# LAST OF SEVERAL OCCURRENCES

COLUMN 17 PEAK WIND IN M.P.H.

PRELIMINARY LOCAL CLIMATOLOGICAL DATA (WS FORM: F-6) , PAGE 2

                                          STATION:  KALISPELL MT
                                          MONTH:    FEBRUARY
                                          YEAR:     2018
                                          LATITUDE:   48 17 N
                                          LONGITUDE: 114 16 W

[TEMPERATURE DATA]      [PRECIPITATION DATA]       SYMBOLS USED IN COLUMN 16

AVERAGE MONTHLY: 19.1   TOTAL FOR MONTH:   1.37    1 = FOG OR MIST
DPTR FM NORMAL:  -7.5   DPTR FM NORMAL:    0.62    2 = FOG REDUCING VISIBILITY
HIGHEST:    50 ON  8    GRTST 24HR  0.50 ON 17-18      TO 1/4 MILE OR LESS
LOWEST:    -16 ON 20,19                            3 = THUNDER
                        SNOW, ICE PELLETS, HAIL    4 = ICE PELLETS
                        TOTAL MONTH:  23.2 INCHES  5 = HAIL
                        GRTST 24HR   8.0 ON 17-17  6 = FREEZING RAIN OR DRIZZLE
                        GRTST DEPTH:  18 ON 19     7 = DUSTSTORM OR SANDSTORM:
                                                       VSBY 1/2 MILE OR LESS
                                                   8 = SMOKE OR HAZE
[NO. OF DAYS WITH]      [WEATHER - DAYS WITH]      9 = BLOWING SNOW
                                                   X = TORNADO
MAX 32 OR BELOW:  14    0.01 INCH OR MORE:  11
MAX 90 OR ABOVE:   0    0.10 INCH OR MORE:   4
MIN 32 OR BELOW:  22    0.50 INCH OR MORE:   0
MIN  0 OR BELOW:   5    1.00 INCH OR MORE:   0

[HDD (BASE 65) ]
TOTAL THIS MO.  1003    CLEAR  (SCALE 0-3)   2
DPTR FM NORMAL   159    PTCLDY (SCALE 4-7)   7
TOTAL FM JUL 1  5395    CLOUDY (SCALE 8-10) 12
DPTR FM NORMAL  -240

[CDD (BASE 65) ]
TOTAL THIS MO.     0
DPTR FM NORMAL     0    [PRESSURE DATA]
TOTAL FM JAN 1     0    HIGHEST SLP M ON M
DPTR FM NORMAL     0    LOWEST  SLP 29.68 ON 18

[REMARKS]
