000
CXUS55 KLIX 300830
CF6GPT
PRELIMINARY LOCAL CLIMATOLOGICAL DATA (WS FORM: F-6)

                                          STATION:   GULFPORT
                                          MONTH:     SEPTEMBER
                                          YEAR:      2014
                                          LATITUDE:   30 23 N
                                          LONGITUDE:  89  4 W

  TEMPERATURE IN F:       :PCPN:    SNOW:  WIND      :SUNSHINE: SKY     :PK WND
================================================================================
1   2   3   4   5  6A  6B    7    8   9   10  11  12  13   14  15   16   17  18
                                     12Z  AVG MX 2MIN
DY MAX MIN AVG DEP HDD CDD  WTR  SNW DPTH SPD SPD DIR MIN PSBL S-S WX    SPD DR
================================================================================

 1  90  77  84   3   0  19    T  0.0    0 10.0 20 150   M    M   3        25 130
 2  90  73  82   1   0  17 0.46  0.0    0  4.6 26 340   M    M   4 13     33 340
 3  92  73  83   2   0  18    T  0.0    0  3.5 14 330   M    M   2        17 330
 4  90  75  83   2   0  18 0.00  0.0    0  4.2 13 310   M    M   1 1      16 150
 5  88  74  81   0   0  16    T  0.0    0  3.1 13 140   M    M   1 1      18 140
 6  90  73  82   2   0  17 0.00  0.0    0  3.3 14 140   M    M   1        17 150
 7  92  74  83   3   0  18 0.04  0.0    0  3.8 18 330   M    M   3 138    24 340
 8  90  74  82   2   0  17 0.34  0.0    0  3.9 14 340   M    M   1 13     19 360
 9  90  74  82   2   0  17 0.00  0.0    0  5.0 13 140   M    M   2 138    17 140
10  90  77  84   4   0  19 0.01  0.0    0  5.7 15 140   M    M   3 1      21 160
11  90  78  84   5   0  19 0.01  0.0    0  5.7 15 130   M    M   2        21 140
12  91  76  84   5   0  19 0.00  0.0    0  6.0 17 140   M    M   2        22 140
13  89  73  81   2   0  16 0.00  0.0    0  9.2 16  20   M    M   4 18     21  30
14  91  69  80   1   0  15 0.00  0.0    0  6.9 13 130   M    M   1 1      16 130
15  90  76  83   5   0  18 0.00  0.0    0  4.8 13 140   M    M   2        18 140
16  90  74  82   4   0  17 0.75  0.0    0  4.5 18  10   M    M   4 138    23  20
17  89  72  81   3   0  16 0.00  0.0    0  2.6 10 200   M    M   1 18     15 160
18  88  72  80   2   0  15 0.49  0.0    0  3.4 22  40   M    M   1 138    26  40
19  87  71  79   1   0  14 0.03  0.0    0  6.9 20 130   M    M   2 1      25 120
20  89  72  81   4   0  16 0.00  0.0    0  8.4 16 140   M    M   1        20  70
21  87  68  78   1   0  13 0.00  0.0    0  3.8 14 140   M    M   1        16 140
22  91  67  79   2   0  14 0.40  0.0    0  5.0 28 350   M    M   1 18     35 360
23  86  60  73  -3   0   8 0.00  0.0    0  7.4 14  20   M    M   0        20  30
24  86  64  75  -1   0  10 0.00  0.0    0  8.1 14  30   M    M   1        19  70
25  84  63  74  -2   0   9 0.00  0.0    0  5.9 16 140   M    M   1        19 120
26  83  66  75  -1   0  10 0.00  0.0    0  6.0 15  40   M    M   2        20  30
27  81  65  73  -2   0   8 0.00  0.0    0  8.2 14  70   M    M   6        17  70
28  83  73  78   3   0  13 0.33  0.0    0  9.0 17 110   M    M   7 18     22 110
29  85  73  79   5   0  14    T  0.0    0  6.0 14 360   M    M   8        18 350
================================================================================
SM 2562 2076         0 440  2.86     0.0 164.9          M       68
================================================================================
AV 88.3 71.6                               5.7 FASTST   M    M   2    MAX(MPH)
                                 MISC ---->  # 28 350               # 35  360
================================================================================
NOTES:
# LAST OF SEVERAL OCCURRENCES

COLUMN 17 PEAK WIND IN M.P.H.

PRELIMINARY LOCAL CLIMATOLOGICAL DATA (WS FORM: F-6) , PAGE 2

                                          STATION:  GULFPORT
                                          MONTH:    SEPTEMBER
                                          YEAR:     2014
                                          LATITUDE:   30 23 N
                                          LONGITUDE:  89  4 W

[TEMPERATURE DATA]      [PRECIPITATION DATA]       SYMBOLS USED IN COLUMN 16

AVERAGE MONTHLY: 80.0   TOTAL FOR MONTH:   2.86    1 = FOG OR MIST
DPTR FM NORMAL:   1.7   DPTR FM NORMAL:   -2.60    2 = FOG REDUCING VISIBILITY
HIGHEST:    92 ON  7, 3 GRTST 24HR  0.75 ON 16-16      TO 1/4 MILE OR LESS
LOWEST:     60 ON 23                               3 = THUNDER
                        SNOW, ICE PELLETS, HAIL    4 = ICE PELLETS
                        TOTAL MONTH:   0.0 INCH    5 = HAIL
                        GRTST 24HR     0.0         6 = FREEZING RAIN OR DRIZZLE
                        GRTST DEPTH:   0           7 = DUSTSTORM OR SANDSTORM:
                                                       VSBY 1/2 MILE OR LESS
                                                   8 = SMOKE OR HAZE
[NO. OF DAYS WITH]      [WEATHER - DAYS WITH]      9 = BLOWING SNOW
                                                   X = TORNADO
MAX 32 OR BELOW:   0    0.01 INCH OR MORE:  10
MAX 90 OR ABOVE:  15    0.10 INCH OR MORE:   6
MIN 32 OR BELOW:   0    0.50 INCH OR MORE:   1
MIN  0 OR BELOW:   0    1.00 INCH OR MORE:   0

[HDD (BASE 65) ]
TOTAL THIS MO.     0    CLEAR  (SCALE 0-3)  22
DPTR FM NORMAL     0    PTCLDY (SCALE 4-7)   7
TOTAL FM JUL 1     0    CLOUDY (SCALE 8-10)  0
DPTR FM NORMAL     0

[CDD (BASE 65) ]
TOTAL THIS MO.   440
DPTR FM NORMAL    53    [PRESSURE DATA]
TOTAL FM JAN 1  2641    HIGHEST SLP M ON M
DPTR FM NORMAL   282    LOWEST  SLP 29.85 ON 29

[REMARKS]
