000
CXUS53 KGRB 010644
CF6GRB
PRELIMINARY LOCAL CLIMATOLOGICAL DATA (WS FORM: F-6)

                                          STATION:   GREEN BAY WI
                                          MONTH:     FEBRUARY
                                          YEAR:      2015
                                          LATITUDE:   44 28 N
                                          LONGITUDE:  88  8 W

  TEMPERATURE IN F:       :PCPN:    SNOW:  WIND      :SUNSHINE: SKY     :PK WND
================================================================================
1   2   3   4   5  6A  6B    7    8   9   10  11  12  13   14  15   16   17  18
                                     12Z  AVG MX 2MIN
DY MAX MIN AVG DEP HDD CDD  WTR  SNW DPTH SPD SPD DIR MIN PSBL S-S WX    SPD DR
================================================================================

 1  16   8  12  -5  53   0    T  0.1    2 23.7 35  30   M    M   9 8      43  30
 2  16   3  10  -7  55   0    T    T    2  9.5 22  10   M    M   5        25  10
 3  18   5  12  -6  53   0 0.03  0.6    3  6.5 13 240   M    M   5 18     16 250
 4  19  -1   9  -9  56   0    T  0.1    3  9.1 24 310   M    M   3 1      29 310
 5  15  -3   6 -12  59   0 0.00  0.0    3 11.6 21 240   M    M   1        29 240
 6  24  11  18   0  47   0 0.00  0.0    3  4.9 14 250   M    M   6 18     18 240
 7  33  18  26   8  39   0    T    T    3  5.9 15  40   M    M   6 18     16  40
 8  32  18  25   7  40   0    T    T    2 15.4 28  30   M    M  10 168    32  20
 9  25  11  18  -1  47   0    T    T    2  6.2 16  40   M    M   2 18     20  40
10  29   7  18  -1  47   0 0.22  2.7    2  5.9 16 140   M    M   6 1      22 140
11  30  11  21   2  44   0    T    T    5 14.8 25 360   M    M   9 18     32 280
12  15  -5   5 -14  60   0 0.00  0.0    5 10.0 23  10   M    M   1        30  20
13  21  -7   7 -13  58   0    T  0.3    5  8.5 17 230   M    M   8 18     23 240
14  19  -4   8 -12  57   0 0.01  0.4    5 16.5 29 330   M    M   4 189    38 350
15   8  -7   1 -19  64   0 0.00  0.0    5  6.3 13 330   M    M   2        17 330
16  17   6  12  -8  53   0    T  0.1    5  4.0 12 240   M    M  10 18     15 230
17  14   3   9 -12  56   0    T  0.1    5 10.7 20 280   M    M   7 18     24 280
18   5 -12  -3 -24  68   0    T    T    5 12.6 25 320   M    M   5 8      32 310
19   6 -13  -3 -24  68   0 0.00  0.0    5  8.8 15 270   M    M   0        19 300
20  16 -12   2 -20  63   0 0.07  1.8    7  9.8 21 210   M    M   7 18     29 210
21  28  15  22   0  43   0 0.08  1.8    6  5.5 17 330   M    M   8 18     22 330
22  15  -8   4 -18  61   0    T    T    6 10.7 18 290   M    M   2        23 310
23  10 -15  -2 -25  67   0 0.00  0.0    6 10.7 20 220   M    M   0        27 210
24  34   8  21  -2  44   0    T    T    6 16.8 29 280   M    M   5        36 280
25  15  -2   7 -16  58   0 0.00  0.0    4  4.5 24  50   M    M   4 18     29  50
26  14  -3   6 -18  59   0 0.00  0.0    4  7.9 21  30   M    M   1        25  40
27  19  -3   8 -16  57   0 0.00  0.0    4  8.1 17 240   M    M   0        22 240
28  19   0  10 -14  55   0 0.00  0.0    4  8.1 15 180   M    M   1        19 190
================================================================================
SM  532   29      1531   0  0.41     8.0 273.0          M      127
================================================================================
AV 19.0  1.0                               9.8 FASTST   M    M   5    MAX(MPH)
                                 MISC ---->  # 35  30               # 43   30
================================================================================
NOTES:
# LAST OF SEVERAL OCCURRENCES

COLUMN 17 PEAK WIND IN M.P.H.

PRELIMINARY LOCAL CLIMATOLOGICAL DATA (WS FORM: F-6) , PAGE 2

                                          STATION:  GREEN BAY WI
                                          MONTH:    FEBRUARY
                                          YEAR:     2015
                                          LATITUDE:   44 28 N
                                          LONGITUDE:  88  8 W

[TEMPERATURE DATA]      [PRECIPITATION DATA]       SYMBOLS USED IN COLUMN 16

AVERAGE MONTHLY: 10.0   TOTAL FOR MONTH:   0.41    1 = FOG OR MIST
DPTR FM NORMAL: -10.3   DPTR FM NORMAL:   -0.70    2 = FOG REDUCING VISIBILITY
HIGHEST:    34 ON 24    GRTST 24HR  0.22 ON 10-10      TO 1/4 MILE OR LESS
LOWEST:    -15 ON 23                               3 = THUNDER
                        SNOW, ICE PELLETS, HAIL    4 = ICE PELLETS
                        TOTAL MONTH:   8.0 INCHES  5 = HAIL
                        GRTST 24HR   2.7 ON   M    6 = FREEZING RAIN OR DRIZZLE
                        GRTST DEPTH:   7 ON 20     7 = DUSTSTORM OR SANDSTORM:
                                                       VSBY 1/2 MILE OR LESS
                                                   8 = SMOKE OR HAZE
[NO. OF DAYS WITH]      [WEATHER - DAYS WITH]      9 = BLOWING SNOW
                                                   X = TORNADO
MAX 32 OR BELOW:  26    0.01 INCH OR MORE:   5
MAX 90 OR ABOVE:   0    0.10 INCH OR MORE:   1
MIN 32 OR BELOW:  28    0.50 INCH OR MORE:   0
MIN  0 OR BELOW:  15    1.00 INCH OR MORE:   0

[HDD (BASE 65) ]
TOTAL THIS MO.  1531    CLEAR  (SCALE 0-3)  11
DPTR FM NORMAL   280    PTCLDY (SCALE 4-7)  13
TOTAL FM JUL 1  6038    CLOUDY (SCALE 8-10)  4
DPTR FM NORMAL   198

[CDD (BASE 65) ]
TOTAL THIS MO.     0
DPTR FM NORMAL     0    [PRESSURE DATA]
TOTAL FM JAN 1     0    HIGHEST SLP M ON M
DPTR FM NORMAL     0    LOWEST  SLP 29.51 ON 24

[REMARKS]
#FINAL-02-15#
