000
CXUS53 KIWX 220800
CF6GSH
PRELIMINARY LOCAL CLIMATOLOGICAL DATA (WS FORM: F-6)

                                          STATION:   GOSHEN
                                          MONTH:     MARCH
                                          YEAR:      2017
                                          LATITUDE:   41 31 N
                                          LONGITUDE:  85 47 W

  TEMPERATURE IN F:       :PCPN:    SNOW:  WIND      :SUNSHINE: SKY     :PK WND
================================================================================
1   2   3   4   5  6A  6B    7    8   9   10  11  12  13   14  15   16   17  18
                                     12Z  AVG MX 2MIN
DY MAX MIN AVG DEP HDD CDD  WTR  SNW DPTH SPD SPD DIR MIN PSBL S-S WX    SPD DR
================================================================================

 1  57  30  44  12  21   0 0.86    M    0 16.4 30 270   M    M   9 138    38 260
 2  34  26  30  -2  35   0    T    M    M 12.3 21 310   M    M   9        26 280
 3  29  22  26  -6  39   0    T    M    M 10.5 22 280   M    M   2 8      32 330
 4  35  23  29  -4  36   0    T    M    M 11.4 21 100   M    M   6        25  90
 5  56  27  42   9  23   0 0.00  0.0    0 12.9 20 210   M    M   4        25 120
 6  58  50  54  21  11   0    T  0.0    0 15.7 24 180   M    M  10 18     34 190
 7  59  38  49  15  16   0 0.05    M    M 18.3 27 260   M    M   5        37 220
 8  54  37  46  12  19   0 0.00    M    M 22.5 45 260   M    M   1        57 250
 9  44  28  36   2  29   0    T    M    M  6.9 16 350   M    M   7 1      21 320
10  32  18  25 -10  40   0    T    M    M 14.9 28 350   M    M   5        34 340
11  29  17  23 -12  42   0 0.00  0.0    M 10.4 18 330   M    M   5        27 330
12  33  14  24 -12  41   0 0.00  0.0    0  4.7 16  10   M    M   4        20  10
13  29  20  25 -11  40   0 0.07    M    M 10.9 16  70   M    M  10 18     21  40
14  24  11  18 -18  47   0    T    M    0 10.8 22 350   M    M   5 8      26 350
15  31  11  21 -16  44   0    T    M    0 10.4 25 310   M    M   6        31 310
16  38  18  28  -9  37   0 0.00  0.0    0  7.1 16 280   M    M   0        21 260
17  40  26  33  -5  32   0 0.17    M    0  8.4 17 140   M    M   8 126    21 150
18  40  35  38   0  27   0    T    M    0 12.7 22 300   M    M  10 12     28 310
19  47  35  41   3  24   0 0.00  0.0    0  6.5 14 140   M    M   7        18 140
20  52  38  45   6  20   0 0.14    M    0  8.2 18 160   M    M   8 138    23 160
21  54  32  43   4  22   0 0.00  0.0    0 10.6 23 330   M    M   0 18     32 340
================================================================================
SM  875  556       645   0  1.29     0.0 242.5          M      121
================================================================================
AV 41.7 26.5                              11.5 FASTST   M    M   6    MAX(MPH)
                                 MISC ---->  # 45 260               # 57  250
================================================================================
NOTES:
# LAST OF SEVERAL OCCURRENCES

COLUMN 17 PEAK WIND IN M.P.H.

PRELIMINARY LOCAL CLIMATOLOGICAL DATA (WS FORM: F-6) , PAGE 2

                                          STATION:  GOSHEN
                                          MONTH:    MARCH
                                          YEAR:     2017
                                          LATITUDE:   41 31 N
                                          LONGITUDE:  85 47 W

[TEMPERATURE DATA]      [PRECIPITATION DATA]       SYMBOLS USED IN COLUMN 16

AVERAGE MONTHLY: 34.1   TOTAL FOR MONTH:   1.29    1 = FOG OR MIST
DPTR FM NORMAL:  -1.2   DPTR FM NORMAL:   -0.23    2 = FOG REDUCING VISIBILITY
HIGHEST:    59 ON  7    GRTST 24HR  0.86 ON  1- 1      TO 1/4 MILE OR LESS
LOWEST:     11 ON 15,14                            3 = THUNDER
                        SNOW, ICE PELLETS, HAIL    4 = ICE PELLETS
                        TOTAL MONTH:   0.0 INCH    5 = HAIL
                        GRTST 24HR     0.0         6 = FREEZING RAIN OR DRIZZLE
                        GRTST DEPTH:   0           7 = DUSTSTORM OR SANDSTORM:
                                                       VSBY 1/2 MILE OR LESS
                                                   8 = SMOKE OR HAZE
[NO. OF DAYS WITH]      [WEATHER - DAYS WITH]      9 = BLOWING SNOW
                                                   X = TORNADO
MAX 32 OR BELOW:   6    0.01 INCH OR MORE:   5
MAX 90 OR ABOVE:   0    0.10 INCH OR MORE:   3
MIN 32 OR BELOW:  15    0.50 INCH OR MORE:   1
MIN  0 OR BELOW:   0    1.00 INCH OR MORE:   0

[HDD (BASE 65) ]
TOTAL THIS MO.   645    CLEAR  (SCALE 0-3)   4
DPTR FM NORMAL    20    PTCLDY (SCALE 4-7)  11
TOTAL FM JUL 1  4437    CLOUDY (SCALE 8-10)  6
DPTR FM NORMAL  -993

[CDD (BASE 65) ]
TOTAL THIS MO.     0
DPTR FM NORMAL     0    [PRESSURE DATA]
TOTAL FM JAN 1     0    HIGHEST SLP M ON M
DPTR FM NORMAL     0    LOWEST  SLP 29.40 ON  1

[REMARKS]
