000
CXUS53 KIWX 010800
CF6GSH
PRELIMINARY LOCAL CLIMATOLOGICAL DATA (WS FORM: F-6)

                                          STATION:   GOSHEN
                                          MONTH:     MAY
                                          YEAR:      2015
                                          LATITUDE:   41 31 N
                                          LONGITUDE:  85 47 W

  TEMPERATURE IN F:       :PCPN:    SNOW:  WIND      :SUNSHINE: SKY     :PK WND
================================================================================
1   2   3   4   5  6A  6B    7    8   9   10  11  12  13   14  15   16   17  18
                                     12Z  AVG MX 2MIN
DY MAX MIN AVG DEP HDD CDD  WTR  SNW DPTH SPD SPD DIR MIN PSBL S-S WX    SPD DR
================================================================================

 1  70  36  53  -1  12   0 0.00  0.0    0  7.0 16 310   M    M   1        20 340
 2  73  44  59   5   6   0 0.00  0.0    0  5.7 17 260   M    M   0        23 240
 3  78  50  64   9   1   0 0.00  0.0    0 10.7 22 200   M    M   1        29 210
 4  72  57  65  10   0   0 0.16  0.0    0  9.5 20 240   M    M   6 1      24 250
 5  72  55  64   8   1   0 0.68  0.0    0  7.0 15  40   M    M   9 138    19  30
 6  82  54  68  12   0   3    T  0.0    0  5.7 12 110   M    M   6 128    16 120
 7  84  57  71  15   0   6 0.00  0.0    0  8.2 18 210   M    M   2 18     25 210
 8  83  63  73  17   0   8 0.30  0.0    0  9.4 33 230   M    M   2 13     44 240
 9  75  61  68  11   0   3 0.04  0.0    0  9.0 15 280   M    M   8 1      19 240
10  77  61  69  12   0   4 0.03  0.0    0  6.5 17 190   M    M   6 1      21 190
11  71  56  64   7   1   0 0.39  0.0    0 11.5 22 220   M    M   5 1      28 230
12  56  48  52  -6  13   0 0.00  0.0    0 14.1 26 270   M    M   9        34 250
13  60  41  51  -7  14   0 0.00  0.0    0  7.9 18 330   M    M   2        24 360
14  62  40  51  -7  14   0 0.02  0.0    0  9.6 20 140   M    M   1 1      26 120
15  79  56  68   9   0   3 0.11  0.0    0  9.6 18 230   M    M   7 1      24 220
16  76  63  70  11   0   5 0.15  0.0    0  8.2 18 210   M    M   7 18     24 210
17   M   M   M   M   M   M 0.00  0.0    0  5.8  8 180   M    M   5 1       M  M
18   M   M   M   M   M   M    M    M    M   M   M   M   M    M   M         M  M
19   M   M   M   M   M   M    M    M    M   M   M   M   M    M   M         M  M
20  57  36  47 -13  18   0    T    M    M  8.1 17  40   M    M  10 1      23  40
21  62  43  53  -8  12   0    T  0.0    0  9.3 22 290   M    M   6 8      26 290
22  70  44  57  -4   8   0    T  0.0    0  6.7 16 340   M    M   1        21 360
23  79  39  59  -2   6   0 0.00  0.0    0  4.3 15 220   M    M   1        19 210
24  82  51  67   5   0   2 0.01  0.0    0  8.0 18 160   M    M   3        22 160
25  82  69  76  14   0  11    T  0.0    0 18.4 33 220   M    M   3        43 230
26  83  64  74  12   0   9    T  0.0    0 14.5 33 200   M    M   6 18     43 170
27  74  56  65   2   0   0    T  0.0    0 12.7 26 260   M    M   4 1      34 250
28  82  50  66   3   0   1 0.00  0.0    0  6.5 20 130   M    M   1 12     23 130
29  85  60  73  10   0   8    T  0.0    0 11.4 20 190   M    M   2 18     26 150
30  80  56  68   4   0   3 0.90  0.0    0 10.0 22  30   M    M   7 1      29  40
31  58  49  54 -10  11   0 0.32    M    0 13.8 23  50   M    M  10 1      31  50
================================================================================
SM 2064 1459       117  66  3.11     0.0 269.1          M      131
================================================================================
AV 73.7 52.1                               9.3 FASTST   M    M   5    MAX(MPH)
                                 MISC ---->  # 33 230               # 44  240
================================================================================
NOTES:
# LAST OF SEVERAL OCCURRENCES

COLUMN 17 PEAK WIND IN M.P.H.

PRELIMINARY LOCAL CLIMATOLOGICAL DATA (WS FORM: F-6) , PAGE 2

                                          STATION:  GOSHEN
                                          MONTH:    MAY
                                          YEAR:     2015
                                          LATITUDE:   41 31 N
                                          LONGITUDE:  85 47 W

[TEMPERATURE DATA]      [PRECIPITATION DATA]       SYMBOLS USED IN COLUMN 16

AVERAGE MONTHLY: 62.9   TOTAL FOR MONTH:   3.11    1 = FOG OR MIST
DPTR FM NORMAL:   3.9   DPTR FM NORMAL:   -1.25    2 = FOG REDUCING VISIBILITY
HIGHEST:    85 ON 29    GRTST 24HR  1.22 ON 30-31      TO 1/4 MILE OR LESS
LOWEST:     36 ON 20, 1                            3 = THUNDER
                        SNOW, ICE PELLETS, HAIL    4 = ICE PELLETS
                        TOTAL MONTH:   0.0 INCH    5 = HAIL
                        GRTST 24HR     0.0         6 = FREEZING RAIN OR DRIZZLE
                        GRTST DEPTH:   0           7 = DUSTSTORM OR SANDSTORM:
                                                       VSBY 1/2 MILE OR LESS
                                                   8 = SMOKE OR HAZE
[NO. OF DAYS WITH]      [WEATHER - DAYS WITH]      9 = BLOWING SNOW
                                                   X = TORNADO
MAX 32 OR BELOW:   0    0.01 INCH OR MORE:  12
MAX 90 OR ABOVE:   0    0.10 INCH OR MORE:   8
MIN 32 OR BELOW:   0    0.50 INCH OR MORE:   2
MIN  0 OR BELOW:   0    1.00 INCH OR MORE:   0

[HDD (BASE 65) ]
TOTAL THIS MO.   117    CLEAR  (SCALE 0-3)  11
DPTR FM NORMAL  -110    PTCLDY (SCALE 4-7)  14
TOTAL FM JUL 1  6754    CLOUDY (SCALE 8-10)  4
DPTR FM NORMAL   369

[CDD (BASE 65) ]
TOTAL THIS MO.    66
DPTR FM NORMAL    23    [PRESSURE DATA]
TOTAL FM JAN 1    66    HIGHEST SLP 30.45 ON 13
DPTR FM NORMAL    17    LOWEST  SLP 29.80 ON 11

[REMARKS]
#FINAL-05-15#
