353
CXUS53 KIWX 290800
CF6GSH
PRELIMINARY LOCAL CLIMATOLOGICAL DATA (WS FORM: F-6)

                                          STATION:   GOSHEN
                                          MONTH:     APRIL
                                          YEAR:      2016
                                          LATITUDE:   41 31 N
                                          LONGITUDE:  85 47 W

  TEMPERATURE IN F:       :PCPN:    SNOW:  WIND      :SUNSHINE: SKY     :PK WND
================================================================================
1   2   3   4   5  6A  6B    7    8   9   10  11  12  13   14  15   16   17  18
                                     12Z  AVG MX 2MIN
DY MAX MIN AVG DEP HDD CDD  WTR  SNW DPTH SPD SPD DIR MIN PSBL S-S WX    SPD DR
================================================================================

 1  48  38  43  -1  22   0 0.08    M    0 10.1 22 300   M    M   9 18     33 290
 2  39  25  32 -12  33   0 0.07    M    M 18.1 39 310   M    M   7 128    49 310
 3  59  20  40  -4  25   0    T    M    M 17.1 31 220   M    M   5        42 220
 4  57  27  42  -3  23   0    T    M    0 12.1 28 230   M    M   9 1      37 230
 5  43  21  32 -13  33   0    T    M    M  9.0 21 160   M    M   3        27 160
 6  53  39  46   1  19   0 0.60    M    0 13.1 24 150   M    M   7 13     35 150
 7  43  31  37  -9  28   0 0.08    M    0 14.3 28 300   M    M   9 18     38 310
 8  41  28  35 -11  30   0 0.04    M    0 11.1 26 300   M    M   7 1      34 310
 9  37  22  30 -16  35   0 0.01    M    0 10.1 30 330   M    M   5 1      37 320
10  50  28  39  -8  26   0 0.39    M    0 13.3 24 160   M    M   9 1      33 160
11  55  33  44  -3  21   0    T    M    0 11.1 23 310   M    M   4 128    27 310
12  49  26  38 -10  27   0 0.00  0.0    0  7.2 17 330   M    M   0        23 320
13  55  30  43  -5  22   0 0.00  0.0    0  7.1 17 130   M    M   2        21  90
14  62  32  47  -1  18   0 0.00  0.0    0  8.8 15  80   M    M   0        22 120
15  72  35  54   5  11   0 0.00  0.0    0  7.9 15 120   M    M   0        19 130
16  77  42  60  11   5   0 0.00  0.0    0  6.6 15 110   M    M   0        18 130
17  79  41  60  11   5   0 0.00  0.0    0  1.8 10  90   M    M   0        14  80
18  81  45  63  13   2   0 0.00  0.0    0  2.4 13 230   M    M   0        16 230
19  70  53  62  12   3   0 0.00  0.0    0  9.6 21  90   M    M   0        26  90
20  72  50  61  11   4   0    T  0.0    0 11.6 22 100   M    M   3        28 120
21  69  51  60   9   5   0 0.29  0.0    0  8.0 18 170   M    M   8 13     23 200
22  61  44  53   2  12   0 0.01  0.0    0  6.9 18 330   M    M   8 18     22 320
23  63  42  53   1  12   0 0.00  0.0    0  6.8 12  40   M    M   1        15  70
24  73  40  57   5   8   0 0.00  0.0    0  7.6 16 180   M    M   1        21 180
25  78  54  66  14   0   1 0.00  0.0    0 14.4 26 200   M    M   3        33 220
26  70  45  58   6   7   0 0.48  0.0    0  9.6 35 320   M    M   8 13     46 320
27  59  44  52  -1  13   0 0.12  0.0    0 11.9 21  80   M    M  10 18     27  80
28  54  42  48  -5  17   0 0.17  0.0    0 12.3 29 100   M    M  10 1      33  70
================================================================================
SM 1669 1028       466   1  2.34     0.0 279.9          M      128
================================================================================
AV 59.6 36.7                              10.0 FASTST   M    M   5    MAX(MPH)
                                 MISC ---->  # 39 310               # 49  310
================================================================================
NOTES:
# LAST OF SEVERAL OCCURRENCES

COLUMN 17 PEAK WIND IN M.P.H.

PRELIMINARY LOCAL CLIMATOLOGICAL DATA (WS FORM: F-6) , PAGE 2

                                          STATION:  GOSHEN
                                          MONTH:    APRIL
                                          YEAR:     2016
                                          LATITUDE:   41 31 N
                                          LONGITUDE:  85 47 W

[TEMPERATURE DATA]      [PRECIPITATION DATA]       SYMBOLS USED IN COLUMN 16

AVERAGE MONTHLY: 48.2   TOTAL FOR MONTH:   2.34    1 = FOG OR MIST
DPTR FM NORMAL:  -0.3   DPTR FM NORMAL:   -0.65    2 = FOG REDUCING VISIBILITY
HIGHEST:    81 ON 18    GRTST 24HR  0.63 ON  6- 7      TO 1/4 MILE OR LESS
LOWEST:     20 ON  3                               3 = THUNDER
                        SNOW, ICE PELLETS, HAIL    4 = ICE PELLETS
                        TOTAL MONTH:   0.0 INCH    5 = HAIL
                        GRTST 24HR     0.0         6 = FREEZING RAIN OR DRIZZLE
                        GRTST DEPTH:   0           7 = DUSTSTORM OR SANDSTORM:
                                                       VSBY 1/2 MILE OR LESS
                                                   8 = SMOKE OR HAZE
[NO. OF DAYS WITH]      [WEATHER - DAYS WITH]      9 = BLOWING SNOW
                                                   X = TORNADO
MAX 32 OR BELOW:   0    0.01 INCH OR MORE:  12
MAX 90 OR ABOVE:   0    0.10 INCH OR MORE:   6
MIN 32 OR BELOW:  11    0.50 INCH OR MORE:   1
MIN  0 OR BELOW:   0    1.00 INCH OR MORE:   0

[HDD (BASE 65) ]
TOTAL THIS MO.   466    CLEAR  (SCALE 0-3)  12
DPTR FM NORMAL    -2    PTCLDY (SCALE 4-7)   9
TOTAL FM JUL 1  5122    CLOUDY (SCALE 8-10)  7
DPTR FM NORMAL -1012

[CDD (BASE 65) ]
TOTAL THIS MO.     1
DPTR FM NORMAL     1    [PRESSURE DATA]
TOTAL FM JAN 1     1    HIGHEST SLP M ON M
DPTR FM NORMAL     1    LOWEST  SLP 29.46 ON  2

[REMARKS]
