000
CXUS52 KGSP 200817
CF6GSP
PRELIMINARY LOCAL CLIMATOLOGICAL DATA (WS FORM: F-6)

                                          STATION:   GREENVILLE-SPARTANBURG SC
                                          MONTH:     APRIL
                                          YEAR:      2014
                                          LATITUDE:   34 54 N
                                          LONGITUDE:  82 13 W

  TEMPERATURE IN F:       :PCPN:    SNOW:  WIND      :SUNSHINE: SKY     :PK WND
================================================================================
1   2   3   4   5  6A  6B    7    8   9   10  11  12  13   14  15   16   17  18
                                     12Z  AVG MX 2MIN
DY MAX MIN AVG DEP HDD CDD  WTR  SNW DPTH SPD SPD DIR MIN PSBL S-S WX    SPD DR
================================================================================

 1  83  45  64   7   1   0 0.00  0.0    0  5.5 18 200   M    M   1        24 240
 2  85  53  69  12   0   4 0.00  0.0    0 10.0 21 200   M    M   0        27 210
 3  84  62  73  16   0   8 0.00  0.0    0 10.4 24 200   M    M   0        32 210
 4  81  59  70  12   0   5 0.00  0.0    0 13.8 28 220   M    M   2        39 230
 5  72  50  61   3   4   0 0.00  0.0    0  5.1 12 340   M    M   0        16 350
 6  59  50  55  -3  10   0    T  0.0    0  9.5 20  40   M    M   5        26  40
 7  60  47  54  -4  11   0 2.56  0.0    0  7.1 17  40   M    M  10 12     22  40
 8  66  49  58  -1   7   0 0.01  0.0    0  5.2 14 360   M    M   5 1      19 340
 9  69  46  58  -1   7   0 0.00  0.0    0  5.2 16 360   M    M   3        23  10
10  74  39  57  -2   8   0 0.00  0.0    0  6.1 21 200   M    M   0        28 200
11  75  50  63   4   2   0 0.00  0.0    0 11.2 25 210   M    M   0        34 220
12  81  49  65   5   0   0 0.00  0.0    0  6.3 15  80   M    M   0        22 160
13  80  54  67   7   0   2 0.00  0.0    0  9.4 17 200   M    M   3        23 190
14  72  60  66   6   0   1 0.37  0.0    0  7.0 17 190   M    M   8 1      22 190
15  66  37  52  -8  13   0 0.66  0.0    0 11.2 23 350   M    M   6 1      35 350
16  58  32  45 -16  20   0 0.00  0.0    0  7.9 15  60   M    M   0        24  70
17  64  36  50 -11  15   0 0.00  0.0    0  7.4 16  70   M    M   0        22  40
18  55  47  51 -10  14   0 0.67  0.0    0  9.8 16  20   M    M   5 1      21  20
19  55  48  52  -9  13   0 0.58  0.0    0 13.8 25  20   M    M  10 1      32  20
================================================================================
SM 1339  913       125  20  4.85     0.0 161.9          M       58
================================================================================
AV 70.5 48.1                               8.5 FASTST   M    M   3    MAX(MPH)
                                 MISC ---->  # 28 220               # 39  230
================================================================================
NOTES:
# LAST OF SEVERAL OCCURRENCES

COLUMN 17 PEAK WIND IN M.P.H.

PRELIMINARY LOCAL CLIMATOLOGICAL DATA (WS FORM: F-6) , PAGE 2

                                          STATION:  GREENVILLE-SPARTANBURG SC
                                          MONTH:    APRIL
                                          YEAR:     2014
                                          LATITUDE:   34 54 N
                                          LONGITUDE:  82 13 W

[TEMPERATURE DATA]      [PRECIPITATION DATA]       SYMBOLS USED IN COLUMN 16

AVERAGE MONTHLY: 59.3   TOTAL FOR MONTH:   4.85    1 = FOG OR MIST
DPTR FM NORMAL:   0.2   DPTR FM NORMAL:    2.73    2 = FOG REDUCING VISIBILITY
HIGHEST:    85 ON  2    GRTST 24HR  2.57 ON  7- 8      TO 1/4 MILE OR LESS
LOWEST:     32 ON 16                               3 = THUNDER
                        SNOW, ICE PELLETS, HAIL    4 = ICE PELLETS
                        TOTAL MONTH:   0.0 INCH    5 = HAIL
                        GRTST 24HR     0.0         6 = FREEZING RAIN OR DRIZZLE
                        GRTST DEPTH:   0           7 = DUSTSTORM OR SANDSTORM:
                                                       VSBY 1/2 MILE OR LESS
                                                   8 = SMOKE OR HAZE
[NO. OF DAYS WITH]      [WEATHER - DAYS WITH]      9 = BLOWING SNOW
                                                   X = TORNADO
MAX 32 OR BELOW:   0    0.01 INCH OR MORE:   6
MAX 90 OR ABOVE:   0    0.10 INCH OR MORE:   5
MIN 32 OR BELOW:   1    0.50 INCH OR MORE:   4
MIN  0 OR BELOW:   0    1.00 INCH OR MORE:   1

[HDD (BASE 65) ]
TOTAL THIS MO.   125    CLEAR  (SCALE 0-3)  11
DPTR FM NORMAL    -4    PTCLDY (SCALE 4-7)   6
TOTAL FM JUL 1  3161    CLOUDY (SCALE 8-10)  2
DPTR FM NORMAL   199

[CDD (BASE 65) ]
TOTAL THIS MO.    20
DPTR FM NORMAL     1    [PRESSURE DATA]
TOTAL FM JAN 1    20    HIGHEST SLP M ON M
DPTR FM NORMAL    -7    LOWEST  SLP 29.60 ON  8

[REMARKS]
