000
CXUS54 KAMA 281015
CF6GUY
PRELIMINARY LOCAL CLIMATOLOGICAL DATA (WS FORM: F-6)

                                          STATION:   GUYMON
                                          MONTH:     MARCH
                                          YEAR:      2017
                                          LATITUDE:   36 41 N
                                          LONGITUDE: 101 30 W

  TEMPERATURE IN F:       :PCPN:    SNOW:  WIND      :SUNSHINE: SKY     :PK WND
================================================================================
1   2   3   4   5  6A  6B    7    8   9   10  11  12  13   14  15   16   17  18
                                     12Z  AVG MX 2MIN
DY MAX MIN AVG DEP HDD CDD  WTR  SNW DPTH SPD SPD DIR MIN PSBL S-S WX    SPD DR
================================================================================

 1  55  24  40  -2  25   0 0.00  0.0    0  8.8 24 360   M    M   1        30 350
 2  58  18  38  -4  27   0 0.00  0.0    0  7.8 22  20   M    M   0        30  20
 3  71  18  45   3  20   0 0.00  0.0    0 15.1 36 230   M    M   0        45 240
 4  79  38  59  16   6   0 0.00  0.0    0 20.5 31 200   M    M   0        39 200
 5  83  43  63  20   2   0 0.00  0.0    0 20.6 37 220   M    M   0        47 210
 6  77  36  57  14   8   0 0.00  0.0    0 22.0 47 260   M    M   0        62 240
 7  63  23  43  -1  22   0 0.00  0.0    0 12.5 26 200   M    M   0        33 200
 8  76  27  52   8  13   0 0.00  0.0    0  7.8 16 150   M    M   0 8      21 130
 9  84  34  59  15   6   0 0.00  0.0    0  8.4 16  50   M    M   0 8      22  80
10  53  31  42  -2  23   0 0.00  0.0    0 12.0 28  40   M    M   6        34  40
11  45  25  35 -10  30   0 0.00  0.0    0  8.2 16  20   M    M   6 1      19  40
12  67  21  44  -1  21   0    T  0.0    0 14.3 36  10   M    M   1        44  20
13  53  29  41  -4  24   0 0.00  0.0    0  7.7 15 100   M    M   2        19  40
14  68  23  46   0  19   0 0.00  0.0    0  8.1 20  70   M    M   0        25  70
15  75  26  51   5  14   0 0.00  0.0    0 12.5 24 200   M    M   0        31 160
16  89  38  64  18   1   0 0.00  0.0    0  8.5 22 330   M    M   0        29 310
17  77  43  60  13   5   0 0.00  0.0    0 10.9 23  20   M    M   0        29 360
18  82  34  58  11   7   0 0.00  0.0    0  8.6 22 180   M    M   2        29 170
19  94  49  72  25   0   7 0.00  0.0    0  9.8 18 230   M    M   0        33 230
20  90  48  69  21   0   4 0.00  0.0    0  8.8 21  70   M    M   0        29  60
21  71  43  57   9   8   0 0.00  0.0    M 12.7 23  50   M    M   1        29  70
22  70  43  57   9   8   0 0.00  0.0    0 10.5 21 160   M    M   3        28 160
23  88  49  69  21   0   4 0.23  0.0    0 17.4 35 170   M    M   0 3      62 200
24  55  44  50   1  15   0 0.05  0.0    0 20.0 41 340   M    M   6        52 340
25  69  36  53   4  12   0 0.00  0.0    0 10.2 23 320   M    M   1        28 330
26  63  36  50   1  15   0 0.00  0.0    0 11.6 31 350   M    M   2        36 350
27  69  36  53   3  12   0 0.00  0.0    0  8.1 14 130   M    M   0        19 160
================================================================================
SM 1924  915       343  15  0.28     0.0 323.4          M       31
================================================================================
AV 71.3 33.9                              12.0 FASTST   M    M   1    MAX(MPH)
                                 MISC ---->  # 47 260               # 62  240
================================================================================
NOTES:
# LAST OF SEVERAL OCCURRENCES

COLUMN 17 PEAK WIND IN M.P.H.

PRELIMINARY LOCAL CLIMATOLOGICAL DATA (WS FORM: F-6) , PAGE 2

                                          STATION:  GUYMON
                                          MONTH:    MARCH
                                          YEAR:     2017
                                          LATITUDE:   36 41 N
                                          LONGITUDE: 101 30 W

[TEMPERATURE DATA]      [PRECIPITATION DATA]       SYMBOLS USED IN COLUMN 16

AVERAGE MONTHLY: 52.6   TOTAL FOR MONTH:   0.28    1 = FOG OR MIST
DPTR FM NORMAL:   6.9   DPTR FM NORMAL:   -0.95    2 = FOG REDUCING VISIBILITY
HIGHEST:    94 ON 19    GRTST 24HR  0.23 ON 23-23      TO 1/4 MILE OR LESS
LOWEST:     18 ON  3, 2                            3 = THUNDER
                        SNOW, ICE PELLETS, HAIL    4 = ICE PELLETS
                        TOTAL MONTH:   0.0 INCH    5 = HAIL
                        GRTST 24HR     0.0         6 = FREEZING RAIN OR DRIZZLE
                        GRTST DEPTH:   0           7 = DUSTSTORM OR SANDSTORM:
                                                       VSBY 1/2 MILE OR LESS
                                                   8 = SMOKE OR HAZE
[NO. OF DAYS WITH]      [WEATHER - DAYS WITH]      9 = BLOWING SNOW
                                                   X = TORNADO
MAX 32 OR BELOW:   0    0.01 INCH OR MORE:   2
MAX 90 OR ABOVE:   2    0.10 INCH OR MORE:   1
MIN 32 OR BELOW:  11    0.50 INCH OR MORE:   0
MIN  0 OR BELOW:   0    1.00 INCH OR MORE:   0

[HDD (BASE 65) ]
TOTAL THIS MO.   343    CLEAR  (SCALE 0-3)  23
DPTR FM NORMAL  -179    PTCLDY (SCALE 4-7)   4
TOTAL FM JUL 1  3246    CLOUDY (SCALE 8-10)  0
DPTR FM NORMAL  -743

[CDD (BASE 65) ]
TOTAL THIS MO.    15
DPTR FM NORMAL    15    [PRESSURE DATA]
TOTAL FM JAN 1    23    HIGHEST SLP M ON M
DPTR FM NORMAL    23    LOWEST  SLP 29.42 ON 23

[REMARKS]
