932
CXUS52 KFFC 221110
CF6GVL
PRELIMINARY LOCAL CLIMATOLOGICAL DATA (WS FORM: F-6)

                                          STATION:   GAINESVILLE
                                          MONTH:     NOVEMBER
                                          YEAR:      2017
                                          LATITUDE:   34 16 N
                                          LONGITUDE:  83 50 W

  TEMPERATURE IN F:       :PCPN:    SNOW:  WIND      :SUNSHINE: SKY     :PK WND
================================================================================
1   2   3   4   5  6A  6B    7    8   9   10  11  12  13   14  15   16   17  18
                                     12Z  AVG MX 2MIN
DY MAX MIN AVG DEP HDD CDD  WTR  SNW DPTH SPD SPD DIR MIN PSBL S-S WX    SPD DR
================================================================================

 1  72  47  60   3   5   0    T    M    0  2.8  9 170   M    M   2 1      16 160
 2  73  53  63   6   2   0 0.00  0.0    0  3.0  9 130   M    M   6        12 130
 3  76  55  66   9   0   1 0.00  0.0    0  3.8 16 250   M    M   3 1      21 290
 4  77  57  67  11   0   2 0.08  0.0    0  3.1 12  90   M    M   4 12     14  90
 5  67  60  64   8   1   0 0.00  0.0    0  5.6 10  80   M    M   8 12     14  80
 6  75  58  67  11   0   2    T  0.0    0  4.0 14 240   M    M   7 12     29 160
 7  78  61  70  15   0   5 0.11  0.0    0  6.4 16 250   M    M   8 12     20 240
 8  63  48  56   1   9   0 0.07  0.0    0  7.6 16  90   M    M   9 12     21 100
 9  54  46  50  -5  15   0 0.38  0.0    0  5.9 10 100   M    M   7 1      15  40
10  65  40  53  -2  12   0 0.00  0.0    0  3.9 13  70   M    M   0        19  60
11  51  38  45  -9  20   0    T    M    0 10.5 20  80   M    M   4        27  80
12  47  42  45  -9  20   0 0.03    M    0  4.5 14  70   M    M  10 1      18  70
13  67  45  56   2   9   0 0.00  0.0    0  4.8 12 260   M    M   4 12     15 270
14  58  43  51  -2  14   0 0.00  0.0    0  5.8 12  90   M    M   3        15 110
15  58  43  51  -2  14   0    T    M    0  4.2 12  80   M    M   5        15 100
16  68  46  57   4   8   0 0.00  0.0    0  7.0 14 280   M    M   2        21 280
17  64  38  51  -1  14   0 0.00  0.0    0  3.9 13  90   M    M   0        17 110
18  65  42  54   2  11   0 0.04  0.0    0  5.9 26 280   M    M   6 1      37 280
19  58  37  48  -4  17   0 0.01    M    0 12.8 29 310   M    M   2        38 270
20  58  30  44  -7  21   0 0.00  0.0    0  3.8  9 170   M    M   0        13 190
21  65  44  55   4  10   0 0.00  0.0    0  5.8 13 100   M    M   7        16 100
================================================================================
SM 1359  973       202  10  0.72     0.0 115.1          M       97
================================================================================
AV 64.7 46.3                               5.5 FASTST   M    M   5    MAX(MPH)
                                 MISC ---->  # 29 310               # 38  270
================================================================================
NOTES:
# LAST OF SEVERAL OCCURRENCES

COLUMN 17 PEAK WIND IN M.P.H.

PRELIMINARY LOCAL CLIMATOLOGICAL DATA (WS FORM: F-6) , PAGE 2

                                          STATION:  GAINESVILLE
                                          MONTH:    NOVEMBER
                                          YEAR:     2017
                                          LATITUDE:   34 16 N
                                          LONGITUDE:  83 50 W

[TEMPERATURE DATA]      [PRECIPITATION DATA]       SYMBOLS USED IN COLUMN 16

AVERAGE MONTHLY: 55.5   TOTAL FOR MONTH:   0.72    1 = FOG OR MIST
DPTR FM NORMAL:   1.3   DPTR FM NORMAL:   -1.99    2 = FOG REDUCING VISIBILITY
HIGHEST:    78 ON  7    GRTST 24HR  0.38 ON  9- 9      TO 1/4 MILE OR LESS
LOWEST:     30 ON 20                               3 = THUNDER
                        SNOW, ICE PELLETS, HAIL    4 = ICE PELLETS
                        TOTAL MONTH:   0.0 INCH    5 = HAIL
                        GRTST 24HR     0.0         6 = FREEZING RAIN OR DRIZZLE
                        GRTST DEPTH:   0           7 = DUSTSTORM OR SANDSTORM:
                                                       VSBY 1/2 MILE OR LESS
                                                   8 = SMOKE OR HAZE
[NO. OF DAYS WITH]      [WEATHER - DAYS WITH]      9 = BLOWING SNOW
                                                   X = TORNADO
MAX 32 OR BELOW:   0    0.01 INCH OR MORE:   7
MAX 90 OR ABOVE:   0    0.10 INCH OR MORE:   2
MIN 32 OR BELOW:   1    0.50 INCH OR MORE:   0
MIN  0 OR BELOW:   0    1.00 INCH OR MORE:   0

[HDD (BASE 65) ]
TOTAL THIS MO.   202    CLEAR  (SCALE 0-3)   6
DPTR FM NORMAL   -32    PTCLDY (SCALE 4-7)  13
TOTAL FM JUL 1   348    CLOUDY (SCALE 8-10)  2
DPTR FM NORMAL   -44

[CDD (BASE 65) ]
TOTAL THIS MO.    10
DPTR FM NORMAL     8    [PRESSURE DATA]
TOTAL FM JAN 1  1751    HIGHEST SLP M ON M
DPTR FM NORMAL   167    LOWEST  SLP 29.62 ON 18

[REMARKS]
