000
CXUS54 KFWD 230730
CF6GVT
PRELIMINARY LOCAL CLIMATOLOGICAL DATA (WS FORM: F-6)

                                          STATION:   GREENVILLE
                                          MONTH:     APRIL
                                          YEAR:      2017
                                          LATITUDE:   33  4 N
                                          LONGITUDE:  96  4 W

  TEMPERATURE IN F:       :PCPN:    SNOW:  WIND      :SUNSHINE: SKY     :PK WND
================================================================================
1   2   3   4   5  6A  6B    7    8   9   10  11  12  13   14  15   16   17  18
                                     12Z  AVG MX 2MIN
DY MAX MIN AVG DEP HDD CDD  WTR  SNW DPTH SPD SPD DIR MIN PSBL S-S WX    SPD DR
================================================================================

 1  81  50  66   5   0   1 0.01  0.0    0  7.1 21 150   M    M   3 3      28 150
 2  64  59  62   1   3   0 0.83  0.0    0  5.5 15  10   M    M   8 3      21  10
 3  79  54  67   6   0   2 0.00  0.0    0  5.4 13 260   M    M   2        18 260
 4  86  57  72  10   0   7 0.00  0.0    0 10.1 21 190   M    M   1        30 190
 5  72  52  62   0   3   0 0.00  0.0    0 12.8 22 320   M    M   5        32 320
 6  75  45  60  -2   5   0 0.00  0.0    0  2.9  9 350   M    M   0         M  M
 7  79  45  62   0   3   0 0.00  0.0    0  5.0 13 200   M    M   0        16 140
 8  81  57  69   6   0   4 0.00  0.0    0 13.3 24 180   M    M   2        30 180
 9  82  66  74  11   0   9 0.00  0.0    0 16.2 29 200   M    M   6        39 200
10  81  68  75  12   0  10 0.74  0.0    0  7.7 16 160   M    M   8 3      22 170
11  70  59  65   2   0   0 0.43  0.0    0  3.7 10 350   M    M  10 123    16  10
12  77  61  69   5   0   4 0.00  0.0    0  2.9  9 150   M    M   7 12      M  M
13  81  63  72   8   0   7 0.01  0.0    0  6.1 14 150   M    M   3 1      22 170
14  82  59  71   7   0   6 0.00  0.0    0  6.4 16 140   M    M   1        21 160
15  82  64  73   9   0   8 0.00  0.0    0   M   M   M   M    M   M         M  M
16  82  68  75  10   0  10 0.00  0.0    0  7.1 14 160   M    M   4        16 180
17  75  68  72   7   0   7 0.04  0.0    0  5.5 13  80   M    M   7 3      22  40
18  82  64  73   8   0   8 0.00  0.0    0  4.7 15 170   M    M   1         M  M
19  84  63  74   8   0   9 0.00  0.0    0  8.8 17 160   M    M   4 1      22 160
20  86  70  78  12   0  13 0.00  0.0    0  7.5 13 170   M    M   4        17 160
21  84  64  74   8   0   9 0.34  0.0    0 11.0 17 180   M    M   6 3      29 350
22  63  50  57  -9   8   0 0.04  0.0    0 12.4 21 360   M    M   7 3      29 360
================================================================================
SM 1728 1306        22 114  2.44     0.0 162.1          M       89
================================================================================
AV 78.6 59.4                               7.7 FASTST   M    M   4    MAX(MPH)
                                 MISC ---->  # 29 200               # 39  200
================================================================================
NOTES:
# LAST OF SEVERAL OCCURRENCES

COLUMN 17 PEAK WIND IN M.P.H.

PRELIMINARY LOCAL CLIMATOLOGICAL DATA (WS FORM: F-6) , PAGE 2

                                          STATION:  GREENVILLE
                                          MONTH:    APRIL
                                          YEAR:     2017
                                          LATITUDE:   33  4 N
                                          LONGITUDE:  96  4 W

[TEMPERATURE DATA]      [PRECIPITATION DATA]       SYMBOLS USED IN COLUMN 16

AVERAGE MONTHLY: 69.0   TOTAL FOR MONTH:   2.44    1 = FOG OR MIST
DPTR FM NORMAL:   5.4   DPTR FM NORMAL:   -0.11    2 = FOG REDUCING VISIBILITY
HIGHEST:    86 ON 20, 4 GRTST 24HR  0.83 ON  2- 2      TO 1/4 MILE OR LESS
LOWEST:     45 ON  7, 6                            3 = THUNDER
                        SNOW, ICE PELLETS, HAIL    4 = ICE PELLETS
                        TOTAL MONTH:   0.0 INCH    5 = HAIL
                        GRTST 24HR     0.0         6 = FREEZING RAIN OR DRIZZLE
                        GRTST DEPTH:   0           7 = DUSTSTORM OR SANDSTORM:
                                                       VSBY 1/2 MILE OR LESS
                                                   8 = SMOKE OR HAZE
[NO. OF DAYS WITH]      [WEATHER - DAYS WITH]      9 = BLOWING SNOW
                                                   X = TORNADO
MAX 32 OR BELOW:   0    0.01 INCH OR MORE:   8
MAX 90 OR ABOVE:   0    0.10 INCH OR MORE:   4
MIN 32 OR BELOW:   0    0.50 INCH OR MORE:   2
MIN  0 OR BELOW:   0    1.00 INCH OR MORE:   0

[HDD (BASE 65) ]
TOTAL THIS MO.    22    CLEAR  (SCALE 0-3)   8
DPTR FM NORMAL   -65    PTCLDY (SCALE 4-7)  10
TOTAL FM JUL 1  1640    CLOUDY (SCALE 8-10)  3
DPTR FM NORMAL  -741

[CDD (BASE 65) ]
TOTAL THIS MO.   114
DPTR FM NORMAL    58    [PRESSURE DATA]
TOTAL FM JAN 1   191    HIGHEST SLP M ON M
DPTR FM NORMAL   102    LOWEST  SLP M ON M

[REMARKS]
