000
CXUS54 KFWD 290730
CF6GVT
PRELIMINARY LOCAL CLIMATOLOGICAL DATA (WS FORM: F-6)

                                          STATION:   GREENVILLE
                                          MONTH:     AUGUST
                                          YEAR:      2016
                                          LATITUDE:   33  4 N
                                          LONGITUDE:  96  4 W

  TEMPERATURE IN F:       :PCPN:    SNOW:  WIND      :SUNSHINE: SKY     :PK WND
================================================================================
1   2   3   4   5  6A  6B    7    8   9   10  11  12  13   14  15   16   17  18
                                     12Z  AVG MX 2MIN
DY MAX MIN AVG DEP HDD CDD  WTR  SNW DPTH SPD SPD DIR MIN PSBL S-S WX    SPD DR
================================================================================

 1  99  79  89   3   0  24 0.00  0.0    0  9.1 15 210   M    M   0        21 200
 2  99  73  86   0   0  21 0.00  0.0    0  6.4 10 130   M    M   0 8      16 220
 3 100  73  87   1   0  22 0.00  0.0    0  4.9 10 130   M    M   1         M  M
 4 100  77  89   3   0  24 0.00  0.0    0  5.9 12 210   M    M   1         M  M
 5 100  77  89   3   0  24 0.00  0.0    0  3.8  9 200   M    M   1         9 220
 6 100  77  89   3   0  24 0.00  0.0    0  5.0  9 190   M    M   1         M  M
 7 100  77  89   3   0  24 0.00  0.0    0  6.6 13 110   M    M   1        16 160
 8 100  75  88   2   0  23 0.00  0.0    0  7.1 13 130   M    M   1        17 130
 9 100  77  89   3   0  24 0.00  0.0    0  6.0 14 120   M    M   1        16 230
10 100  77  89   3   0  24 0.00  0.0    0  6.1 10 200   M    M   1        18 150
11 102  79  91   5   0  26 0.00  0.0    0  6.4 10 150   M    M   0        16 250
12 104  77  91   5   0  26 0.27  0.0    0  6.7 18  20   M    M   1 3      30  20
13  93  77  85  -1   0  20 0.01  0.0    0  5.5 16  40   M    M   4        23  40
14  88  72  80  -6   0  15 0.01  0.0    0  4.3 10 350   M    M   7         M  M
15  77  72  75 -11   0  10 0.19  0.0    0  0.5  6 190   M    M   8         M  M
16  79  72  76 -10   0  11 0.06  0.0    0  3.3  9 130   M    M   9         M  M
17  81  73  77  -9   0  12 0.01  0.0    0  4.9 10 120   M    M   9         M  M
18  86  73  80  -5   0  15 0.03  0.0    0  6.4 16 190   M    M   6 3      22 190
19  86  72  79  -6   0  14 1.00  0.0    0  5.9  9 140   M    M   6 3       M  M
20  79  72  76  -9   0  11 0.48  0.0    0  4.7 10 190   M    M   5 3       M  M
21  86  70  78  -7   0  13 0.00  0.0    0  3.1  8  20   M    M   2         M  M
22  86  72  79  -6   0  14 0.53  0.0    0  3.2 12 180   M    M   6 13      M  M
23  91  75  83  -2   0  18 0.00  0.0    0 10.0 17 150   M    M   4        22 200
24  91  73  82  -3   0  17 0.00  0.0    0  8.8 12 190   M    M   0        18 170
25  91  73  82  -2   0  17 0.00  0.0    0  5.1  8 140   M    M   0        16 110
26  90  70  80  -4   0  15 0.12  0.0    0  3.5 15 360   M    M   2 3      20 360
27  90  72  81  -3   0  16 0.00  0.0    0  1.1  7 200   M    M   2 13      M  M
28  90  70  80  -4   0  15 0.00  0.0    0  2.9  7  60   M    M   1 1       M  M
================================================================================
SM 2588 2076         0 519  2.71     0.0 147.2          M       80
================================================================================
AV 92.4 74.1                               5.3 FASTST   M    M   3    MAX(MPH)
                                 MISC ---->    18   M                 30    M
================================================================================
NOTES:
# LAST OF SEVERAL OCCURRENCES

COLUMN 17 PEAK WIND IN M.P.H.

PRELIMINARY LOCAL CLIMATOLOGICAL DATA (WS FORM: F-6) , PAGE 2

                                          STATION:  GREENVILLE
                                          MONTH:    AUGUST
                                          YEAR:     2016
                                          LATITUDE:   33  4 N
                                          LONGITUDE:  96  4 W

[TEMPERATURE DATA]      [PRECIPITATION DATA]       SYMBOLS USED IN COLUMN 16

AVERAGE MONTHLY: 83.3   TOTAL FOR MONTH:   2.71    1 = FOG OR MIST
DPTR FM NORMAL:  -2.2   DPTR FM NORMAL:    1.07    2 = FOG REDUCING VISIBILITY
HIGHEST:   104 ON 12    GRTST 24HR  1.00 ON 19-19      TO 1/4 MILE OR LESS
LOWEST:     70 ON 28,26                            3 = THUNDER
                        SNOW, ICE PELLETS, HAIL    4 = ICE PELLETS
                        TOTAL MONTH:   0.0 INCH    5 = HAIL
                        GRTST 24HR     0.0         6 = FREEZING RAIN OR DRIZZLE
                        GRTST DEPTH:   0           7 = DUSTSTORM OR SANDSTORM:
                                                       VSBY 1/2 MILE OR LESS
                                                   8 = SMOKE OR HAZE
[NO. OF DAYS WITH]      [WEATHER - DAYS WITH]      9 = BLOWING SNOW
                                                   X = TORNADO
MAX 32 OR BELOW:   0    0.01 INCH OR MORE:  11
MAX 90 OR ABOVE:  19    0.10 INCH OR MORE:   6
MIN 32 OR BELOW:   0    0.50 INCH OR MORE:   2
MIN  0 OR BELOW:   0    1.00 INCH OR MORE:   1

[HDD (BASE 65) ]
TOTAL THIS MO.     0    CLEAR  (SCALE 0-3)  18
DPTR FM NORMAL     0    PTCLDY (SCALE 4-7)   8
TOTAL FM JUL 1     0    CLOUDY (SCALE 8-10)  2
DPTR FM NORMAL     0

[CDD (BASE 65) ]
TOTAL THIS MO.   519
DPTR FM NORMAL   -54    [PRESSURE DATA]
TOTAL FM JAN 1  1900    HIGHEST SLP M ON M
DPTR FM NORMAL  -141    LOWEST  SLP M ON M

[REMARKS]
