000
CXUS54 KJAN 251200
CF6GWO
PRELIMINARY LOCAL CLIMATOLOGICAL DATA (WS FORM: F-6)

                                          STATION:   GREENWOOD
                                          MONTH:     JULY
                                          YEAR:      2017
                                          LATITUDE:   33 30 N
                                          LONGITUDE:  90  5 W

  TEMPERATURE IN F:       :PCPN:    SNOW:  WIND      :SUNSHINE: SKY     :PK WND
================================================================================
1   2   3   4   5  6A  6B    7    8   9   10  11  12  13   14  15   16   17  18
                                     12Z  AVG MX 2MIN
DY MAX MIN AVG DEP HDD CDD  WTR  SNW DPTH SPD SPD DIR MIN PSBL S-S WX    SPD DR
================================================================================

 1  90  71  81   0   0  16 0.21  0.0    0  8.0 21 210   M    M   4 13     27 210
 2  84  71  78  -3   0  13 0.97  0.0    0  4.4 16 220   M    M   5 1      20 230
 3  89  72  81   0   0  16 0.00  0.0    0  6.3 18 200   M    M   2 3      22 210
 4  89  75  82   1   0  17 0.00  0.0    0  6.1 15 210   M    M   2        19 220
 5  91  76  84   3   0  19    T  0.0    0  7.8 17 170   M    M   2        22 230
 6  90  76  83   2   0  18 0.00  0.0    0  5.7 14 230   M    M   2 1      17 230
 7  92  74  83   2   0  18 0.00  0.0    0  4.0 10 230   M    M   2 1      14 250
 8  88  74  81   0   0  16 0.02  0.0    0  3.2 14  20   M    M   3 13     16  20
 9  92  69  81   0   0  16 0.01  0.0    0  4.5 12 120   M    M   2 12     16  80
10  93  66  80  -1   0  15 0.00  0.0    0  2.4  8 200   M    M   0        13 150
11  91  70  81   0   0  16 0.00  0.0    0  4.8 14 160   M    M   2 1      15 150
12  92  72  82   1   0  17 0.00  0.0    0  4.9 15 160   M    M   1        17 170
13  92  73  83   2   0  18 0.00  0.0    0  3.8 20 190   M    M   1 3      24 180
14  94  72  83   2   0  18 0.00  0.0    0  2.9 17 140   M    M   1 12     23 140
15  91  72  82   1   0  17 0.73  0.0    0  3.3 22  70   M    M   3 13     25  60
16  92  73  83   2   0  18 0.00  0.0    0  2.0 12  20   M    M   5 12     16  20
17  95  73  84   3   0  19 0.00  0.0    0  3.5 12 350   M    M   1 1      15 350
18  96  74  85   4   0  20 0.00  0.0    0  3.1 18  20   M    M   2        23  20
19  95  74  85   4   0  20 0.00  0.0    0  0.9  7 220   M    M   1 1       9 290
20  97  75  86   5   0  21 0.00  0.0    0  1.3  9 260   M    M   0 1      13 240
21  97  75  86   5   0  21 0.00  0.0    0  2.0 14 200   M    M   0 1      17 190
22  94  74  84   3   0  19 0.00  0.0    0  4.0 15 210   M    M   0        19 210
23  93  72  83   2   0  18 0.04  0.0    0  5.6 17 170   M    M   3 13     21 170
24  92  73  83   2   0  18    T  0.0    0  4.5 28 180   M    M   6 13     34 190
================================================================================
SM 2209 1746         0 424  1.98     0.0  99.0          M       50
================================================================================
AV 92.0 72.8                               4.1 FASTST   M    M   2    MAX(MPH)
                                 MISC ---->  # 28 180               # 34  190
================================================================================
NOTES:
# LAST OF SEVERAL OCCURRENCES

COLUMN 17 PEAK WIND IN M.P.H.

PRELIMINARY LOCAL CLIMATOLOGICAL DATA (WS FORM: F-6) , PAGE 2

                                          STATION:  GREENWOOD
                                          MONTH:    JULY
                                          YEAR:     2017
                                          LATITUDE:   33 30 N
                                          LONGITUDE:  90  5 W

[TEMPERATURE DATA]      [PRECIPITATION DATA]       SYMBOLS USED IN COLUMN 16

AVERAGE MONTHLY: 82.4   TOTAL FOR MONTH:   1.98    1 = FOG OR MIST
DPTR FM NORMAL:   1.4   DPTR FM NORMAL:   -0.92    2 = FOG REDUCING VISIBILITY
HIGHEST:    97 ON 21,20 GRTST 24HR  0.97 ON  2- 2      TO 1/4 MILE OR LESS
LOWEST:     66 ON 10                               3 = THUNDER
                        SNOW, ICE PELLETS, HAIL    4 = ICE PELLETS
                        TOTAL MONTH:   0.0 INCH    5 = HAIL
                        GRTST 24HR     0.0         6 = FREEZING RAIN OR DRIZZLE
                        GRTST DEPTH:   0           7 = DUSTSTORM OR SANDSTORM:
                                                       VSBY 1/2 MILE OR LESS
                                                   8 = SMOKE OR HAZE
[NO. OF DAYS WITH]      [WEATHER - DAYS WITH]      9 = BLOWING SNOW
                                                   X = TORNADO
MAX 32 OR BELOW:   0    0.01 INCH OR MORE:   6
MAX 90 OR ABOVE:  20    0.10 INCH OR MORE:   3
MIN 32 OR BELOW:   0    0.50 INCH OR MORE:   2
MIN  0 OR BELOW:   0    1.00 INCH OR MORE:   0

[HDD (BASE 65) ]
TOTAL THIS MO.     0    CLEAR  (SCALE 0-3)  18
DPTR FM NORMAL     0    PTCLDY (SCALE 4-7)   6
TOTAL FM JUL 1     0    CLOUDY (SCALE 8-10)  0
DPTR FM NORMAL     0

[CDD (BASE 65) ]
TOTAL THIS MO.   424
DPTR FM NORMAL    40    [PRESSURE DATA]
TOTAL FM JAN 1  1250    HIGHEST SLP M ON M
DPTR FM NORMAL   123    LOWEST  SLP 29.86 ON 16

[REMARKS]
