000
CXUS55 KBOU 261109
CF6GXY
PRELIMINARY LOCAL CLIMATOLOGICAL DATA (WS FORM: F-6)

                                          STATION:   GREELEY  CO
                                          MONTH:     JUNE
                                          YEAR:      2015
                                          LATITUDE:   40 25 N
                                          LONGITUDE: 104 38 W

  TEMPERATURE IN F:       :PCPN:    SNOW:  WIND      :SUNSHINE: SKY     :PK WND
================================================================================
1   2   3   4   5  6A  6B    7    8   9   10  11  12  13   14  15   16   17  18
                                     12Z  AVG MX 2MIN
DY MAX MIN AVG DEP HDD CDD  WTR  SNW DPTH SPD SPD DIR MIN PSBL S-S WX    SPD DR
================================================================================

 1  88  48  68   M   0   3    M    M    M  5.8 13 210   M    M   0        18 200
 2  91  54  73   M   0   8    M    M    M  6.7 13 120   M    M   1        18 160
 3  77  54  66   M   0   1    M    M    M  8.5 16 160   M    M   6 3      25 160
 4  81  61  71   M   0   6    M    M    M  8.8 18 100   M    M   5 3      28 110
 5  73  57  65   M   0   0    M    M    M  7.1 15 140   M    M   5 3      21 230
 6  79  54  67   M   0   2    M    M    M  4.7  9 360   M    M   2         M  M
 7  79  54  67   M   0   2    M    M    M  7.4 17  30   M    M   0        23  30
 8  84  48  66   M   0   1    M    M    M  3.3  7 340   M    M   0         M  M
 9  91  54  73   M   0   8    M    M    M  3.9 10 230   M    M   1         M  M
10  75  63  69   M   0   4    M    M    M  4.7 12 360   M    M   4         M  M
11  72  57  65   M   0   0    M    M    M  6.4 17 360   M    M   4 3      22 360
12  73  55  64   M   1   0    M    M    M  5.8 12 130   M    M   5        16 120
13  84  54  69   M   0   4    M    M    M  5.0 12 250   M    M   3 3      18 270
14  84  54  69   M   0   4    M    M    M  6.6 17 120   M    M   1        16  80
15  73  55  64   M   1   0    M    M    M  8.1 16 120   M    M   7 3       M  M
16  82  59  71   M   0   6    M    M    M 10.1 22  40   M    M   2 3      31  40
17  82  52  67   M   0   2    M    M    M  5.8 12 120   M    M   0         M  M
18  82  57  70   M   0   5    M    M    M  8.2 14 110   M    M   3        18 110
19  91  61  76   M   0  11    M    M    M  6.3 15 120   M    M   2         M  M
20  86  61  74   M   0   9    M    M    M  6.4 14  20   M    M   0         M  M
21  97  55  76   M   0  11    M    M    M  8.6 18 170   M    M   0        25 170
22  82  59  71   M   0   6    M    M    M  8.5 20  10   M    M   1        35 360
23  91  57  74   M   0   9    M    M    M  8.6 14 130   M    M   0 3      21 100
24  84  59  72   M   0   7    M    M    M  8.4 21 230   M    M   0        30 230
25  84  55  70   M   0   5    M    M    M  8.0 14  70   M    M   0 3      35  70
================================================================================
SM 2065 1397         2 114    M     M    171.7          M       52
================================================================================
AV 82.6 55.9                               6.9 FASTST   M    M   2    MAX(MPH)
                                 MISC ---->    22   M               # 35  360
================================================================================
NOTES:
# LAST OF SEVERAL OCCURRENCES

COLUMN 17 PEAK WIND IN M.P.H.

PRELIMINARY LOCAL CLIMATOLOGICAL DATA (WS FORM: F-6) , PAGE 2

                                          STATION:  GREELEY  CO
                                          MONTH:    JUNE
                                          YEAR:     2015
                                          LATITUDE:   40 25 N
                                          LONGITUDE: 104 38 W

[TEMPERATURE DATA]      [PRECIPITATION DATA]       SYMBOLS USED IN COLUMN 16

AVERAGE MONTHLY: 69.2   TOTAL FOR MONTH:      M    1 = FOG OR MIST
DPTR FM NORMAL:     M   DPTR FM NORMAL:       M    2 = FOG REDUCING VISIBILITY
HIGHEST:    97 ON 21    GRTST 24HR    M  ON   M        TO 1/4 MILE OR LESS
LOWEST:     48 ON  8, 1                            3 = THUNDER
                        SNOW, ICE PELLETS, HAIL    4 = ICE PELLETS
                        TOTAL MONTH:    M          5 = HAIL
                        GRTST 24HR    M  ON   M    6 = FREEZING RAIN OR DRIZZLE
                        GRTST DEPTH:  M  ON   M    7 = DUSTSTORM OR SANDSTORM:
                                                       VSBY 1/2 MILE OR LESS
                                                   8 = SMOKE OR HAZE
[NO. OF DAYS WITH]      [WEATHER - DAYS WITH]      9 = BLOWING SNOW
                                                   X = TORNADO
MAX 32 OR BELOW:   0    0.01 INCH OR MORE:   0
MAX 90 OR ABOVE:   5    0.10 INCH OR MORE:   0
MIN 32 OR BELOW:   0    0.50 INCH OR MORE:   0
MIN  0 OR BELOW:   0    1.00 INCH OR MORE:   0

[HDD (BASE 65) ]
TOTAL THIS MO.     2    CLEAR  (SCALE 0-3)  17
DPTR FM NORMAL     M    PTCLDY (SCALE 4-7)   8
TOTAL FM JUL 1  6018    CLOUDY (SCALE 8-10)  0
DPTR FM NORMAL     M

[CDD (BASE 65) ]
TOTAL THIS MO.   114
DPTR FM NORMAL     M    [PRESSURE DATA]
TOTAL FM JAN 1   115    HIGHEST SLP M ON M
DPTR FM NORMAL     M    LOWEST  SLP M ON M

[REMARKS]
