000
CXUS53 KGID 270730
CF6HDE
PRELIMINARY LOCAL CLIMATOLOGICAL DATA (WS FORM: F-6)

                                          STATION:   HOLDREGE
                                          MONTH:     FEBRUARY
                                          YEAR:      2015
                                          LATITUDE:   40 27 N
                                          LONGITUDE:  99 20 W

  TEMPERATURE IN F:       :PCPN:    SNOW:  WIND      :SUNSHINE: SKY     :PK WND
================================================================================
1   2   3   4   5  6A  6B    7    8   9   10  11  12  13   14  15   16   17  18
                                     12Z  AVG MX 2MIN
DY MAX MIN AVG DEP HDD CDD  WTR  SNW DPTH SPD SPD DIR MIN PSBL S-S WX    SPD DR
================================================================================

 1  26   1  14 -12  51   0    M    M    M 21.2 30 340   M    M   8 8      39 350
 2  33  -2  16 -11  49   0 0.00    M    M  7.5 21 200   M    M   0        28 210
 3  52  18  35   8  30   0 0.00    M    M  6.3 15 210   M    M   2         M  M
 4  32   6  19  -8  46   0    M    M    M 14.6 27  10   M    M   6        36  10
 5  42   8  25  -2  40   0 0.00    M    M 11.5 17 220   M    M   0        27 210
 6  66  36  51  24  14   0 0.00    M    M  8.2 14 200   M    M   0         M  M
 7  71  36  54  27  11   0 0.00    M    M  9.8 21 300   M    M   0        27 300
 8  65  32  49  21  16   0 0.00    M    M 11.2 21 260   M    M   0        25 290
 9  60  28  44  16  21   0 0.00    M    M  8.0 18 160   M    M   2 1      24 150
10  64  34  49  21  16   0 0.00    M    M  9.5 17 190   M    M   6 12     25 170
11  44  26  35   7  30   0 0.00    M    M 11.7 20 350   M    M   1        25 350
12  28  14  21  -7  44   0 0.00    M    M 10.7 16 180   M    M   4        21 180
13  59  20  40  11  25   0 0.00    M    M  8.0 14 320   M    M   0        17 310
14  45  17  31   2  34   0 0.00    M    M 14.0 23  50   M    M   4        30  50
15  24  15  20  -9  45   0 0.00    M    M  6.1 14 110   M    M   8         M  M
16  42  19  31   2  34   0    T    M    M  5.9 12  10   M    M   5         M  M
17  31  15  23  -7  42   0    T    M    M 12.7 24 330   M    M   4        37 330
18  30   5  18 -12  47   0 0.00    M    M  9.6 18 320   M    M   4        25 320
19  33  16  25  -5  40   0 0.00    M    M 12.2 20 150   M    M   4        27 150
20  51  19  35   5  30   0 0.00    M    M  5.6 13  50   M    M   6         M  M
21  42  20  31   0  34   0    T    M    M 13.5 23  30   M    M   8        28  30
22  20   6  13 -18  52   0 0.00    M    M 12.5 17  20   M    M   6        21  20
23  26   0  13 -19  52   0 0.00    M    M  8.0 15 250   M    M   0        21 220
24  53  13  33   1  32   0 0.00    M    M 10.3 17 320   M    M   0        23 350
25  48  15  32   0  33   0    T    M    M 17.0 35 360   M    M   6        40 360
26  20  -1  10 -22  55   0 0.00    M    M 13.0 23 360   M    M   1        31 360
================================================================================
SM 1107  416       923   0    T     M    278.6          M       85
================================================================================
AV 42.6 16.0                              10.7 FASTST   M    M   3    MAX(MPH)
                                 MISC ---->  # 35 360                 40    M
================================================================================
NOTES:
# LAST OF SEVERAL OCCURRENCES

COLUMN 17 PEAK WIND IN M.P.H.

PRELIMINARY LOCAL CLIMATOLOGICAL DATA (WS FORM: F-6) , PAGE 2

                                          STATION:  HOLDREGE
                                          MONTH:    FEBRUARY
                                          YEAR:     2015
                                          LATITUDE:   40 27 N
                                          LONGITUDE:  99 20 W

[TEMPERATURE DATA]      [PRECIPITATION DATA]       SYMBOLS USED IN COLUMN 16

AVERAGE MONTHLY: 29.3   TOTAL FOR MONTH:      T    1 = FOG OR MIST
DPTR FM NORMAL:   0.3   DPTR FM NORMAL:   -0.53    2 = FOG REDUCING VISIBILITY
HIGHEST:    71 ON  7    GRTST 24HR    T  ON 25-25      TO 1/4 MILE OR LESS
LOWEST:     -2 ON  2                               3 = THUNDER
                        SNOW, ICE PELLETS, HAIL    4 = ICE PELLETS
                        TOTAL MONTH:    M          5 = HAIL
                        GRTST 24HR    M  ON   M    6 = FREEZING RAIN OR DRIZZLE
                        GRTST DEPTH:  M  ON   M    7 = DUSTSTORM OR SANDSTORM:
                                                       VSBY 1/2 MILE OR LESS
                                                   8 = SMOKE OR HAZE
[NO. OF DAYS WITH]      [WEATHER - DAYS WITH]      9 = BLOWING SNOW
                                                   X = TORNADO
MAX 32 OR BELOW:   9    0.01 INCH OR MORE:   0
MAX 90 OR ABOVE:   0    0.10 INCH OR MORE:   0
MIN 32 OR BELOW:  23    0.50 INCH OR MORE:   0
MIN  0 OR BELOW:   3    1.00 INCH OR MORE:   0

[HDD (BASE 65) ]
TOTAL THIS MO.   923    CLEAR  (SCALE 0-3)  12
DPTR FM NORMAL   -13    PTCLDY (SCALE 4-7)  13
TOTAL FM JUL 1  4491    CLOUDY (SCALE 8-10)  1
DPTR FM NORMAL  -187

[CDD (BASE 65) ]
TOTAL THIS MO.     0
DPTR FM NORMAL     0    [PRESSURE DATA]
TOTAL FM JAN 1     0    HIGHEST SLP M ON M
DPTR FM NORMAL     0    LOWEST  SLP M ON M

[REMARKS]
