000
CXUS54 KEWX 010910
CF6HDO
PRELIMINARY LOCAL CLIMATOLOGICAL DATA (WS FORM: F-6)

                                          STATION:   HONDO
                                          MONTH:     JUNE
                                          YEAR:      2015
                                          LATITUDE:   29 21 N
                                          LONGITUDE:  99 10 W

  TEMPERATURE IN F:       :PCPN:    SNOW:  WIND      :SUNSHINE: SKY     :PK WND
================================================================================
1   2   3   4   5  6A  6B    7    8   9   10  11  12  13   14  15   16   17  18
                                     12Z  AVG MX 2MIN
DY MAX MIN AVG DEP HDD CDD  WTR  SNW DPTH SPD SPD DIR MIN PSBL S-S WX    SPD DR
================================================================================

 1  87  61  74  -6   0   9 0.00  0.0    0  6.1 16  90   M    M   1        23  30
 2  87  64  76  -4   0  11 0.00  0.0    0  6.6 15 160   M    M   2 1      19 160
 3  88  66  77  -3   0  12 0.00  0.0    0  8.1 16 150   M    M   3 1      20 160
 4  89  67  78  -2   0  13 0.00    M    0  7.9 22  90   M    M   4        30  90
 5  89  71  80   0   0  15 0.00  0.0    0  7.8 15 120   M    M   3        20 170
 6  89  68  79  -2   0  14 0.00  0.0    0  6.4 13 140   M    M   4        16 110
 7  89  62  76  -5   0  11 0.00  0.0    0  6.1 16 140   M    M   2        23 110
 8  89  70  80  -1   0  15 0.00  0.0    0  6.0 13 190   M    M   4        16 130
 9  91  66  79  -2   0  14 0.00  0.0    0  4.5 10 160   M    M   1        15 160
10  91  65  78  -3   0  13 0.00  0.0    0  6.8 15 140   M    M   1 8      19 150
11  92  72  82   1   0  17 0.00    M    0 10.6 18 150   M    M   4        24 140
12  92  74  83   2   0  18 0.00    M    0 12.0 23 130   M    M   6        29 150
13  92  75  84   2   0  19    T  0.0    0 10.0 24 130   M    M   6        32 120
14  89  69  79  -3   0  14 0.14  0.0    0 10.2 22 110   M    M   5 13     25 110
15  92  73  83   1   0  18 0.10  0.0    0  7.2 22 340   M    M   6 1      27 340
16   M   M   M   M   M   M 1.47    M    0  7.3 13  50   M    M   6 13      M  M
17  91  71  81  -1   0  16 0.03  0.0    0  4.8 14 140   M    M   6         M  M
18  89  72  81  -1   0  16    T  0.0    0  5.9 25 150   M    M   6 3      31 150
19  83  71  77  -5   0  12 0.97  0.0    0  5.6 25 170   M    M   6 13     32 170
20  83  72  78  -4   0  13 0.45  0.0    0  8.0 20 120   M    M   7 13     31 140
21  84  72  78  -4   0  13 0.19  0.0    0  9.8 29 140   M    M   8 13     39 140
22  84  72  78  -4   0  13 0.71  0.0    0 10.3 22 140   M    M   7 138    28 140
23  89  75  82   0   0  17 0.02    M    0 10.2 20 120   M    M   5 13     26 130
24  90  75  83   1   0  18 0.00    M    0  7.3 18 110   M    M   4 1      22 110
25  90  74  82   0   0  17 0.00  0.0    0  7.1 13 170   M    M   4 1      17 170
26  91  73  82   0   0  17 0.00  0.0    0  6.2 14 140   M    M   4 1      19 130
27  86  71  79  -3   0  14 0.00  0.0    0  5.4 17 360   M    M   3 1      20  10
28  91  70  81  -1   0  16 0.00  0.0    0  6.3 14 170   M    M   2        18 170
29  91  74  83   0   0  18 0.00  0.0    0  8.2 15 150   M    M   3 1      23 170
30  84  72  78  -5   0  13 0.21  0.0    0  7.8 23 110   M    M   6 13     28 120
================================================================================
SM 2572 2037         0 426  4.29     0.0 226.5          M      129
================================================================================
AV 88.7 70.2                               7.6 FASTST   M    M   4    MAX(MPH)
                                 MISC ---->  # 29 140               # 39  140
================================================================================
NOTES:
# LAST OF SEVERAL OCCURRENCES

COLUMN 17 PEAK WIND IN M.P.H.

PRELIMINARY LOCAL CLIMATOLOGICAL DATA (WS FORM: F-6) , PAGE 2

                                          STATION:  HONDO
                                          MONTH:    JUNE
                                          YEAR:     2015
                                          LATITUDE:   29 21 N
                                          LONGITUDE:  99 10 W

[TEMPERATURE DATA]      [PRECIPITATION DATA]       SYMBOLS USED IN COLUMN 16

AVERAGE MONTHLY: 79.5   TOTAL FOR MONTH:   4.29    1 = FOG OR MIST
DPTR FM NORMAL:  -2.1   DPTR FM NORMAL:    0.80    2 = FOG REDUCING VISIBILITY
HIGHEST:    92 ON 15,13 GRTST 24HR  1.53 ON 15-16      TO 1/4 MILE OR LESS
LOWEST:     61 ON  1                               3 = THUNDER
                        SNOW, ICE PELLETS, HAIL    4 = ICE PELLETS
                        TOTAL MONTH:   0.0 INCH    5 = HAIL
                        GRTST 24HR     0.0         6 = FREEZING RAIN OR DRIZZLE
                        GRTST DEPTH:   0           7 = DUSTSTORM OR SANDSTORM:
                                                       VSBY 1/2 MILE OR LESS
                                                   8 = SMOKE OR HAZE
[NO. OF DAYS WITH]      [WEATHER - DAYS WITH]      9 = BLOWING SNOW
                                                   X = TORNADO
MAX 32 OR BELOW:   0    0.01 INCH OR MORE:  10
MAX 90 OR ABOVE:  12    0.10 INCH OR MORE:   8
MIN 32 OR BELOW:   0    0.50 INCH OR MORE:   3
MIN  0 OR BELOW:   0    1.00 INCH OR MORE:   1

[HDD (BASE 65) ]
TOTAL THIS MO.     0    CLEAR  (SCALE 0-3)   9
DPTR FM NORMAL     0    PTCLDY (SCALE 4-7)  20
TOTAL FM JUL 1  1808    CLOUDY (SCALE 8-10)  1
DPTR FM NORMAL   221

[CDD (BASE 65) ]
TOTAL THIS MO.   426
DPTR FM NORMAL   -70    [PRESSURE DATA]
TOTAL FM JAN 1   960    HIGHEST SLP 30.15 ON 24
DPTR FM NORMAL  -128    LOWEST  SLP 29.71 ON 12

[REMARKS]
#FINAL-06-15#
