000
CXUS53 KBIS 190750
CF6HEI
PRELIMINARY LOCAL CLIMATOLOGICAL DATA (WS FORM: F-6)

                                          STATION:   HETTINGER ND
                                          MONTH:     DECEMBER
                                          YEAR:      2014
                                          LATITUDE:   46  0 N
                                          LONGITUDE: 102 39 W

  TEMPERATURE IN F:       :PCPN:    SNOW:  WIND      :SUNSHINE: SKY     :PK WND
================================================================================
1   2   3   4   5  6A  6B    7    8   9   10  11  12  13   14  15   16   17  18
                                     12Z  AVG MX 2MIN
DY MAX MIN AVG DEP HDD CDD  WTR  SNW DPTH SPD SPD DIR MIN PSBL S-S WX    SPD DR
================================================================================

 1  22 -11   6 -16  59   0    T    M    M  7.8 26 150   M    M   0        34 160
 2  32  13  23   1  42   0 0.00    M    M 12.8 28 290   M    M   2        33 290
 3  31   3  17  -4  48   0 0.00    M    M  5.8 15 170   M    M   0        19 170
 4  40   2  21   0  44   0    T    M    M  2.2  8 190   M    M   5         9 190
 5  35  18  27   6  38   0 0.00    M    M  7.3 14 310   M    M   6        16 290
 6  36  16  26   6  39   0 0.00    M    M  8.8 17 130   M    M   2 1      21 140
 7  45  25  35  15  30   0    T    M    M 15.0 32 310   M    M   4        41 310
 8  32  23  28   8  37   0 0.00    M    M 10.2 20 330   M    M   6 1      24 340
 9  32  19  26   7  39   0 0.00    M    M  6.6 15 150   M    M   6 12     21 150
10  54  18  36  17  29   0 0.00    M    M  2.3  6 140   M    M   0         6 130
11  51  23  37  18  28   0 0.00    M    M  5.0 12 120   M    M   0        14 120
12  60  26  43  24  22   0 0.00    M    M  2.0  9 170   M    M   0        11 140
13  60  25  43  25  22   0 0.00    M    M  2.7 16 290   M    M   0        21 300
14  38  27  33  15  32   0    T    M    M 18.8 29 320   M    M   9 16     36 330
15  27  20  24   6  41   0    T    M    M 17.4 28 340   M    M  10 16     37 330
16  21  16  19   1  46   0    T    M    M  6.7 14 150   M    M  10        18 330
17  18  14  16  -2  49   0    T    M    M 11.8 16 130   M    M  10 1      20 130
18  32  18  25   8  40   0 0.00    M    M  4.7 13 140   M    M   7 1      17 170
================================================================================
SM  666  295       685   0    T     M    147.9          M       77
================================================================================
AV 37.0 16.4                               8.2 FASTST   M    M   4    MAX(MPH)
                                 MISC ---->  # 32 310               # 41  310
================================================================================
NOTES:
# LAST OF SEVERAL OCCURRENCES

COLUMN 17 PEAK WIND IN M.P.H.

PRELIMINARY LOCAL CLIMATOLOGICAL DATA (WS FORM: F-6) , PAGE 2

                                          STATION:  HETTINGER ND
                                          MONTH:    DECEMBER
                                          YEAR:     2014
                                          LATITUDE:   46  0 N
                                          LONGITUDE: 102 39 W

[TEMPERATURE DATA]      [PRECIPITATION DATA]       SYMBOLS USED IN COLUMN 16

AVERAGE MONTHLY: 26.7   TOTAL FOR MONTH:      T    1 = FOG OR MIST
DPTR FM NORMAL:   7.2   DPTR FM NORMAL:   -0.15    2 = FOG REDUCING VISIBILITY
HIGHEST:    60 ON 13,12 GRTST 24HR    T  ON 17-17      TO 1/4 MILE OR LESS
LOWEST:    -11 ON  1                               3 = THUNDER
                        SNOW, ICE PELLETS, HAIL    4 = ICE PELLETS
                        TOTAL MONTH:    M          5 = HAIL
                        GRTST 24HR    M  ON   M    6 = FREEZING RAIN OR DRIZZLE
                        GRTST DEPTH:  M  ON   M    7 = DUSTSTORM OR SANDSTORM:
                                                       VSBY 1/2 MILE OR LESS
                                                   8 = SMOKE OR HAZE
[NO. OF DAYS WITH]      [WEATHER - DAYS WITH]      9 = BLOWING SNOW
                                                   X = TORNADO
MAX 32 OR BELOW:   9    0.01 INCH OR MORE:   0
MAX 90 OR ABOVE:   0    0.10 INCH OR MORE:   0
MIN 32 OR BELOW:  18    0.50 INCH OR MORE:   0
MIN  0 OR BELOW:   1    1.00 INCH OR MORE:   0

[HDD (BASE 65) ]
TOTAL THIS MO.   685    CLEAR  (SCALE 0-3)   8
DPTR FM NORMAL  -135    PTCLDY (SCALE 4-7)   6
TOTAL FM JUL 1  2967    CLOUDY (SCALE 8-10)  4
DPTR FM NORMAL    17

[CDD (BASE 65) ]
TOTAL THIS MO.     0
DPTR FM NORMAL     0    [PRESSURE DATA]
TOTAL FM JAN 1   241    HIGHEST SLP M ON M
DPTR FM NORMAL  -136    LOWEST  SLP 29.72 ON M

[REMARKS]
