000
CXUS54 KJAN 260800
CF6HEZ
PRELIMINARY LOCAL CLIMATOLOGICAL DATA (WS FORM: F-6)

                                          STATION:   NATCHEZ
                                          MONTH:     DECEMBER
                                          YEAR:      2014
                                          LATITUDE:   31 37 N
                                          LONGITUDE:  91 15 W

  TEMPERATURE IN F:       :PCPN:    SNOW:  WIND      :SUNSHINE: SKY     :PK WND
================================================================================
1   2   3   4   5  6A  6B    7    8   9   10  11  12  13   14  15   16   17  18
                                     12Z  AVG MX 2MIN
DY MAX MIN AVG DEP HDD CDD  WTR  SNW DPTH SPD SPD DIR MIN PSBL S-S WX    SPD DR
================================================================================

 1  77  46  62   M   3   0 0.04    M    0  6.0 13 350   M    M   6         M  M
 2  54  43  49   M  16   0 0.00  0.0    0  5.5  8 360   M    M   8         M  M
 3  66  39  53   M  12   0 0.00  0.0    0  3.9  7  10   M    M   0         M  M
 4  75  46  61   M   4   0 0.00  0.0    0  3.7  8 150   M    M   6         M  M
 5  79  64  72   M   0   7 0.00  0.0    0  9.1 16 160   M    M   8        23 180
 6  72  52  62   M   3   0 0.06  0.0    0  9.7 16 360   M    M  10        21 360
 7  54  43  49   M  16   0 0.00  0.0    0  7.6 12 360   M    M   5         M  M
 8  61  37  49   M  16   0 0.00  0.0    0  3.1  9 300   M    M   0         M  M
 9  64  34  49   M  16   0 0.00  0.0    0  3.4 10 300   M    M   0         M  M
10  54  30  42   M  23   0 0.00  0.0    0  3.5  7 330   M    M   0         M  M
11  57  34  46   M  19   0 0.00  0.0    0  2.4  7 330   M    M   7         M  M
12  63  46  55   M  10   0 0.00  0.0    0  2.4  6 120   M    M   9         M  M
13  70  46  58   M   7   0 0.00  0.0    0  1.5  5 160   M    M   5         M  M
14  72  46  59   M   6   0 0.00  0.0    0  6.9 14 160   M    M   0         M  M
15  73  55  64   M   1   0 0.34  0.0    0 10.5 17 180   M    M   7        22 210
16  59  37  48   M  17   0 0.00  0.0    0  5.2 10 300   M    M   0        18 330
17  57  30  44   M  21   0 0.00  0.0    0  2.3  6 100   M    M   1         M  M
18  52  45  49   M  16   0 0.26  0.0    0  4.3  8 140   M    M  10         M  M
19  52  45  49   M  16   0 0.36    M    0  7.0 10  90   M    M  10        18  10
20  59  39  49   M  16   0 0.00  0.0    0  6.5 12  30   M    M   5        16  30
21  63  32  48   M  17   0 0.00  0.0    0  2.6  7 150   M    M   3         M  M
22  70  52  61   M   4   0 0.00  0.0    0  8.4 18 210   M    M   9        27 210
23  66  48  57   M   8   0 0.48    M    0  6.9 14 350   M    M   9 3      18 310
24  48  36  42   M  23   0 0.00  0.0    0  8.5 14 270   M    M   7        21 290
25   M   M   M   M   M   M    M    M    M   M   M   M   M    M   M         M  M
================================================================================
SM 1517 1025       290   7  1.54     0.0 130.9          M      125
================================================================================
AV 63.2 42.7                               5.5 FASTST   M    M   5    MAX(MPH)
                                 MISC ---->    18   M               # 27  210
================================================================================
NOTES:
# LAST OF SEVERAL OCCURRENCES

COLUMN 17 PEAK WIND IN M.P.H.

PRELIMINARY LOCAL CLIMATOLOGICAL DATA (WS FORM: F-6) , PAGE 2

                                          STATION:  NATCHEZ
                                          MONTH:    DECEMBER
                                          YEAR:     2014
                                          LATITUDE:   31 37 N
                                          LONGITUDE:  91 15 W

[TEMPERATURE DATA]      [PRECIPITATION DATA]       SYMBOLS USED IN COLUMN 16

AVERAGE MONTHLY: 53.0   TOTAL FOR MONTH:   1.54    1 = FOG OR MIST
DPTR FM NORMAL:     M   DPTR FM NORMAL:       M    2 = FOG REDUCING VISIBILITY
HIGHEST:    79 ON  5    GRTST 24HR  0.48 ON 23-23      TO 1/4 MILE OR LESS
LOWEST:     30 ON 17,10                            3 = THUNDER
                        SNOW, ICE PELLETS, HAIL    4 = ICE PELLETS
                        TOTAL MONTH:   0.0 INCH    5 = HAIL
                        GRTST 24HR     0.0         6 = FREEZING RAIN OR DRIZZLE
                        GRTST DEPTH:   0           7 = DUSTSTORM OR SANDSTORM:
                                                       VSBY 1/2 MILE OR LESS
                                                   8 = SMOKE OR HAZE
[NO. OF DAYS WITH]      [WEATHER - DAYS WITH]      9 = BLOWING SNOW
                                                   X = TORNADO
MAX 32 OR BELOW:   0    0.01 INCH OR MORE:   6
MAX 90 OR ABOVE:   0    0.10 INCH OR MORE:   4
MIN 32 OR BELOW:   3    0.50 INCH OR MORE:   0
MIN  0 OR BELOW:   0    1.00 INCH OR MORE:   0

[HDD (BASE 65) ]
TOTAL THIS MO.   290    CLEAR  (SCALE 0-3)   7
DPTR FM NORMAL     M    PTCLDY (SCALE 4-7)  10
TOTAL FM JUL 1   768    CLOUDY (SCALE 8-10)  7
DPTR FM NORMAL     M

[CDD (BASE 65) ]
TOTAL THIS MO.     7
DPTR FM NORMAL     M    [PRESSURE DATA]
TOTAL FM JAN 1  2175    HIGHEST SLP M ON M
DPTR FM NORMAL     M    LOWEST  SLP M ON M

[REMARKS]
