000
CXUS51 KLWX 230620
CF6HGR
PRELIMINARY LOCAL CLIMATOLOGICAL DATA (WS FORM: F-6)

                                          STATION:   HAGERSTOWN MD
                                          MONTH:     MAY
                                          YEAR:      2017
                                          LATITUDE:   39 42 N
                                          LONGITUDE:  77 43 W

  TEMPERATURE IN F:       :PCPN:    SNOW:  WIND      :SUNSHINE: SKY     :PK WND
================================================================================
1   2   3   4   5  6A  6B    7    8   9   10  11  12  13   14  15   16   17  18
                                     12Z  AVG MX 2MIN
DY MAX MIN AVG DEP HDD CDD  WTR  SNW DPTH SPD SPD DIR MIN PSBL S-S WX    SPD DR
================================================================================

 1  83  56  70  12   0   5    T    M    M 13.6 31 180   M    M   3        39 190
 2  73  60  67   9   0   2 0.02    M    M 13.3 33 270   M    M   7        47 290
 3  63  50  57  -1   8   0 0.00    M    M 10.6 24 280   M    M   6        31 280
 4  65  47  56  -2   9   0 0.60    M    M  9.5 21 160   M    M   6 1      26 160
 5  73  51  62   3   3   0 1.58    M    M  9.0 21 160   M    M   8 13     28 170
 6  66  48  57  -2   8   0 0.10    M    M 10.4 20 280   M    M   9 1      24 250
 7  63  45  54  -5  11   0 0.00    M    M 12.3 28 290   M    M   8        35 280
 8  62  39  51  -9  14   0 0.00    M    M 10.1 23 290   M    M   2        29 290
 9  66  37  52  -8  13   0 0.00    M    M  3.5 14 280   M    M   0        16 280
10  72  44  58  -2   7   0 0.00    M    M  4.7 14  70   M    M   5        17  60
11  61  51  56  -4   9   0 0.74    M    M  5.6 14  70   M    M  10 1      16  60
12  56  50  53  -8  12   0 0.10    M    M  4.4 13 150   M    M  10 18     15 170
13  61  48  55  -6  10   0 0.18    M    M  6.0 13  20   M    M   8 1      16  20
14  74  46  60  -1   5   0 0.00    M    M 12.7 30 300   M    M   4 1      39 310
15  75  46  61  -1   4   0 0.00    M    M 10.1 22 300   M    M   0        30 290
16  81  50  66   4   0   1 0.00    M    M  4.4 13 180   M    M   0 8      15 180
17  93  60  77  15   0  12 0.01    M    M  5.8 17 190   M    M   2        23 190
18  92  71  82  20   0  17 0.00    M    M  8.9 20 260   M    M   1        27 270
19  90  69  80  17   0  15    T    M    M  7.1 18 300   M    M   2 3      24 310
20  75  60  68   5   0   3 0.00    M    M  9.0 15  10   M    M   8        19  10
21  67  58  63   0   2   0 0.00    M    M  7.6 16 150   M    M  10        19 160
22  75  59  67   3   0   2    T    M    M  5.1 13 180   M    M   7        14 180
================================================================================
SM 1586 1145       115  57  3.33    M    183.7          M      116
================================================================================
AV 72.1 52.1                               8.4 FASTST   M    M   5    MAX(MPH)
                                 MISC ---->  # 33 270               # 47  290
================================================================================
NOTES:
# LAST OF SEVERAL OCCURRENCES

COLUMN 17 PEAK WIND IN M.P.H.

PRELIMINARY LOCAL CLIMATOLOGICAL DATA (WS FORM: F-6) , PAGE 2

                                          STATION:  HAGERSTOWN MD
                                          MONTH:    MAY
                                          YEAR:     2017
                                          LATITUDE:   39 42 N
                                          LONGITUDE:  77 43 W

[TEMPERATURE DATA]      [PRECIPITATION DATA]       SYMBOLS USED IN COLUMN 16

AVERAGE MONTHLY: 62.1   TOTAL FOR MONTH:   3.33    1 = FOG OR MIST
DPTR FM NORMAL:   1.5   DPTR FM NORMAL:    0.62    2 = FOG REDUCING VISIBILITY
HIGHEST:    93 ON 17    GRTST 24HR  1.58 ON  5- 5      TO 1/4 MILE OR LESS
LOWEST:     37 ON  9                               3 = THUNDER
                        SNOW, ICE PELLETS, HAIL    4 = ICE PELLETS
                        TOTAL MONTH:    M          5 = HAIL
                        GRTST 24HR    M  ON   M    6 = FREEZING RAIN OR DRIZZLE
                        GRTST DEPTH:  M  ON   M    7 = DUSTSTORM OR SANDSTORM:
                                                       VSBY 1/2 MILE OR LESS
                                                   8 = SMOKE OR HAZE
[NO. OF DAYS WITH]      [WEATHER - DAYS WITH]      9 = BLOWING SNOW
                                                   X = TORNADO
MAX 32 OR BELOW:   0    0.01 INCH OR MORE:   8
MAX 90 OR ABOVE:   3    0.10 INCH OR MORE:   6
MIN 32 OR BELOW:   0    0.50 INCH OR MORE:   3
MIN  0 OR BELOW:   0    1.00 INCH OR MORE:   1

[HDD (BASE 65) ]
TOTAL THIS MO.   115    CLEAR  (SCALE 0-3)   7
DPTR FM NORMAL   -13    PTCLDY (SCALE 4-7)  10
TOTAL FM JUL 1  3999    CLOUDY (SCALE 8-10)  5
DPTR FM NORMAL -1143

[CDD (BASE 65) ]
TOTAL THIS MO.    57
DPTR FM NORMAL    27    [PRESSURE DATA]
TOTAL FM JAN 1   116    HIGHEST SLP M ON M
DPTR FM NORMAL    71    LOWEST  SLP 29.33 ON  6

[REMARKS]
