000
CXUS53 KGID 270730
CF6HJH
PRELIMINARY LOCAL CLIMATOLOGICAL DATA (WS FORM: F-6)

                                          STATION:   HEBRON
                                          MONTH:     MARCH
                                          YEAR:      2017
                                          LATITUDE:   40  9 N
                                          LONGITUDE:  97 35 W

  TEMPERATURE IN F:       :PCPN:    SNOW:  WIND      :SUNSHINE: SKY     :PK WND
================================================================================
1   2   3   4   5  6A  6B    7    8   9   10  11  12  13   14  15   16   17  18
                                     12Z  AVG MX 2MIN
DY MAX MIN AVG DEP HDD CDD  WTR  SNW DPTH SPD SPD DIR MIN PSBL S-S WX    SPD DR
================================================================================

 1  49  20  35   1  30   0 0.00    M    M 11.4 22 310   M    M   1        33 310
 2  50  19  35   0  30   0 0.00    M    M  7.5 18 340   M    M   1        24 330
 3  60  18  39   4  26   0 0.00    M    M  7.1 20 160   M    M   0        28 160
 4  71  28  50  14  15   0 0.00    M    M 15.2 27 190   M    M   0        33 190
 5  73  50  62  26   3   0 0.00    M    M 19.0 25 170   M    M   5        36 170
 6  80  38  59  23   6   0 0.00    M    M 25.7 35 300   M    M   4        50 300
 7  56  31  44   7  21   0 0.00    M    M 14.0 25 290   M    M   0        38 270
 8  64  26  45   8  20   0 0.00    M    M  3.3  8 160   M    M   0        17 140
 9  55  28  42   4  23   0 0.00    M    M  9.8 23  30   M    M   0        33  30
10  36  21  29  -9  36   0 0.00    M    M 10.6 16  40   M    M   7        23  40
11  36  22  29  -9  36   0    T    M    M  5.9 12  60   M    M   9         M  M
12  43  20  32  -7  33   0 0.00    M    M 12.2 24 170   M    M   7 1      32 180
13  34  20  27 -12  38   0    T    M    M 16.1 32 340   M    M   6        43 340
14  30  20  25 -14  40   0    M    M    M  6.3 10  70   M    M  10         M  M
15  51  26  39  -1  26   0    M    M    M  9.4 17 160   M    M   4        23 160
16  70  32  51  11  14   0 0.00    M    M 11.5 17 200   M    M   0        25 190
17  69  39  54  13  11   0 0.00    M    M  7.4 15 360   M    M   0 8      21 360
18  65  29  47   6  18   0 0.00    M    M  5.7 16 160   M    M   1        21 150
19  85  43  64  23   1   0 0.00    M    M  7.8 16 240   M    M   0        22 240
20  70  46  58  16   7   0 0.00    M    M 10.1 17  30   M    M   0        25  20
21  55  34  45   3  20   0 0.00    M    M 13.9 27  60   M    M   0        31  60
22  57  32  45   3  20   0 0.00    M    M 11.5 18 150   M    M   7        23 140
23  73  48  61  18   4   0    T    M    M 17.6 30 190   M    M   7 3      38 190
24  69  41  55  12  10   0    T    M    M 14.2 23  30   M    M  10 1      31  20
25  41  38  40  -3  25   0 0.09    M    M 11.7 17 360   M    M  10 1      25  10
26  50  39  45   1  20   0 0.08    M    M  2.2  8  40   M    M  10 1       M  M
================================================================================
SM 1492  808       533   0  0.17    M    287.1          M       99
================================================================================
AV 57.4 31.1                              11.0 FASTST   M    M   4    MAX(MPH)
                                 MISC ---->  # 35 300               # 50  300
================================================================================
NOTES:
# LAST OF SEVERAL OCCURRENCES

COLUMN 17 PEAK WIND IN M.P.H.

PRELIMINARY LOCAL CLIMATOLOGICAL DATA (WS FORM: F-6) , PAGE 2

                                          STATION:  HEBRON
                                          MONTH:    MARCH
                                          YEAR:     2017
                                          LATITUDE:   40  9 N
                                          LONGITUDE:  97 35 W

[TEMPERATURE DATA]      [PRECIPITATION DATA]       SYMBOLS USED IN COLUMN 16

AVERAGE MONTHLY: 44.2   TOTAL FOR MONTH:   0.17    1 = FOG OR MIST
DPTR FM NORMAL:   5.0   DPTR FM NORMAL:   -1.54    2 = FOG REDUCING VISIBILITY
HIGHEST:    85 ON 19    GRTST 24HR  0.09 ON 25-25      TO 1/4 MILE OR LESS
LOWEST:     18 ON  3                               3 = THUNDER
                        SNOW, ICE PELLETS, HAIL    4 = ICE PELLETS
                        TOTAL MONTH:    M          5 = HAIL
                        GRTST 24HR    M  ON   M    6 = FREEZING RAIN OR DRIZZLE
                        GRTST DEPTH:  M  ON   M    7 = DUSTSTORM OR SANDSTORM:
                                                       VSBY 1/2 MILE OR LESS
                                                   8 = SMOKE OR HAZE
[NO. OF DAYS WITH]      [WEATHER - DAYS WITH]      9 = BLOWING SNOW
                                                   X = TORNADO
MAX 32 OR BELOW:   1    0.01 INCH OR MORE:   2
MAX 90 OR ABOVE:   0    0.10 INCH OR MORE:   0
MIN 32 OR BELOW:  16    0.50 INCH OR MORE:   0
MIN  0 OR BELOW:   0    1.00 INCH OR MORE:   0

[HDD (BASE 65) ]
TOTAL THIS MO.   533    CLEAR  (SCALE 0-3)  13
DPTR FM NORMAL  -138    PTCLDY (SCALE 4-7)   8
TOTAL FM JUL 1  4366    CLOUDY (SCALE 8-10)  5
DPTR FM NORMAL  -916

[CDD (BASE 65) ]
TOTAL THIS MO.     0
DPTR FM NORMAL     0    [PRESSURE DATA]
TOTAL FM JAN 1     0    HIGHEST SLP M ON M
DPTR FM NORMAL     0    LOWEST  SLP M ON M

[REMARKS]
