000
CXUS53 KGID 240730
CF6HJH
PRELIMINARY LOCAL CLIMATOLOGICAL DATA (WS FORM: F-6)

                                          STATION:   HEBRON
                                          MONTH:     DECEMBER
                                          YEAR:      2014
                                          LATITUDE:   40  9 N
                                          LONGITUDE:  97 35 W

  TEMPERATURE IN F:       :PCPN:    SNOW:  WIND      :SUNSHINE: SKY     :PK WND
================================================================================
1   2   3   4   5  6A  6B    7    8   9   10  11  12  13   14  15   16   17  18
                                     12Z  AVG MX 2MIN
DY MAX MIN AVG DEP HDD CDD  WTR  SNW DPTH SPD SPD DIR MIN PSBL S-S WX    SPD DR
================================================================================

 1  26  13  20 -12  45   0 0.00    M    M  7.8 14  20   M    M   0        17  20
 2  47  15  31   0  34   0 0.00    M    M  8.6 18 210   M    M   0        24 210
 3  41  21  31   0  34   0 0.00    M    M  4.8 14  40   M    M   0        16  80
 4  49  19  34   4  31   0 0.00    M    M  4.8 10 210   M    M   1        16 210
 5  57  30  44  14  21   0 0.00    M    M  3.1  9 350   M    M   1 18      M  M
 6  36  21  29  -1  36   0 0.00    M    M  5.2 10 170   M    M   3 18      M  M
 7  41  32  37   7  28   0 0.00    M    M  7.2 15 170   M    M  10 12     22 170
 8  54  29  42  13  23   0 0.00    M    M  6.0 15  40   M    M   1 1      22  40
 9  37  18  28  -1  37   0 0.00    M    M  2.9  8  20   M    M   0         M  M
10  38  23  31   2  34   0 0.00    M    M  5.2  8 120   M    M   8 1       M  M
11  38  33  36   8  29   0 0.00    M    M  3.8  8 170   M    M  10 18      M  M
12  57  38  48  20  17   0 0.00    M    M  6.7 12 190   M    M   9 18     16 210
13  54  48  51  23  14   0    T    M    M 10.2 14 170   M    M  10 1      18 200
14  58  49  54  26  11   0 0.03    M    M 12.0 18 150   M    M  10 1      23 150
15  49  29  39  11  26   0 0.04    M    M 17.0 29 340   M    M  10 1      37 340
16  29  23  26  -1  39   0 0.00    M    M 12.9 23 330   M    M  10        37 330
17  28  22  25  -2  40   0    T    M    M  5.2 12  50   M    M  10         M  M
18  31  25  28   1  37   0    M    M    M  0.8  6 110   M    M  10 18      M  M
19  34  29  32   5  33   0 0.00    M    M  5.9  9 190   M    M  10 1       M  M
20  41  27  34   7  31   0 0.00    M    M  4.4 13 210   M    M   6 12     18 210
21  43  35  39  12  26   0    T    M    M 11.6 17 200   M    M   9 1      25 190
22  48  35  42  16  23   0 0.04    M    M 10.3 16 320   M    M   9 1      23 320
23  37  32  35   9  30   0    M    M    M 14.7 23 340   M    M  10        29 340
================================================================================
SM  973  646       679   0  0.11    M    171.1          M      147
================================================================================
AV 42.3 28.1                               7.4 FASTST   M    M   6    MAX(MPH)
                                 MISC ---->    29   M                 37    M
================================================================================
NOTES:
# LAST OF SEVERAL OCCURRENCES

COLUMN 17 PEAK WIND IN M.P.H.

PRELIMINARY LOCAL CLIMATOLOGICAL DATA (WS FORM: F-6) , PAGE 2

                                          STATION:  HEBRON
                                          MONTH:    DECEMBER
                                          YEAR:     2014
                                          LATITUDE:   40  9 N
                                          LONGITUDE:  97 35 W

[TEMPERATURE DATA]      [PRECIPITATION DATA]       SYMBOLS USED IN COLUMN 16

AVERAGE MONTHLY: 35.2   TOTAL FOR MONTH:   0.11    1 = FOG OR MIST
DPTR FM NORMAL:   6.7   DPTR FM NORMAL:   -0.63    2 = FOG REDUCING VISIBILITY
HIGHEST:    58 ON 14    GRTST 24HR  0.04 ON 22-22      TO 1/4 MILE OR LESS
LOWEST:     13 ON  1                               3 = THUNDER
                        SNOW, ICE PELLETS, HAIL    4 = ICE PELLETS
                        TOTAL MONTH:    M          5 = HAIL
                        GRTST 24HR    M  ON   M    6 = FREEZING RAIN OR DRIZZLE
                        GRTST DEPTH:  M  ON   M    7 = DUSTSTORM OR SANDSTORM:
                                                       VSBY 1/2 MILE OR LESS
                                                   8 = SMOKE OR HAZE
[NO. OF DAYS WITH]      [WEATHER - DAYS WITH]      9 = BLOWING SNOW
                                                   X = TORNADO
MAX 32 OR BELOW:   4    0.01 INCH OR MORE:   3
MAX 90 OR ABOVE:   0    0.10 INCH OR MORE:   0
MIN 32 OR BELOW:  17    0.50 INCH OR MORE:   0
MIN  0 OR BELOW:   0    1.00 INCH OR MORE:   0

[HDD (BASE 65) ]
TOTAL THIS MO.   679    CLEAR  (SCALE 0-3)   7
DPTR FM NORMAL  -160    PTCLDY (SCALE 4-7)   3
TOTAL FM JUL 1  1965    CLOUDY (SCALE 8-10) 13
DPTR FM NORMAL  -121

[CDD (BASE 65) ]
TOTAL THIS MO.     0
DPTR FM NORMAL     0    [PRESSURE DATA]
TOTAL FM JAN 1  1194    HIGHEST SLP M ON M
DPTR FM NORMAL    56    LOWEST  SLP M ON M

[REMARKS]
