000
CXUS53 KGID 300730
CF6HJH
PRELIMINARY LOCAL CLIMATOLOGICAL DATA (WS FORM: F-6)

                                          STATION:   HEBRON
                                          MONTH:     JUNE
                                          YEAR:      2015
                                          LATITUDE:   40  9 N
                                          LONGITUDE:  97 35 W

  TEMPERATURE IN F:       :PCPN:    SNOW:  WIND      :SUNSHINE: SKY     :PK WND
================================================================================
1   2   3   4   5  6A  6B    7    8   9   10  11  12  13   14  15   16   17  18
                                     12Z  AVG MX 2MIN
DY MAX MIN AVG DEP HDD CDD  WTR  SNW DPTH SPD SPD DIR MIN PSBL S-S WX    SPD DR
================================================================================

 1  78  55  67   0   0   2 0.00    M    M  9.1 16 150   M    M   5        20 150
 2  85  58  72   4   0   7    T    M    M 12.4 18 170   M    M   4 3      27 170
 3  81  61  71   3   0   6 0.61    M    M 10.9 25 150   M    M   6 3      40  10
 4  82  61  72   4   0   7 2.98    M    M 12.3 28  50   M    M   7 3      39  50
 5  80  62  71   2   0   6 0.33    M    M  6.2 16 160   M    M   3 3      18 200
 6  87  65  76   7   0  11 0.48    M    M 13.0 21 170   M    M   3 3      28 150
 7  83  65  74   5   0   9    T    M    M  7.0 14 340   M    M   2        20 350
 8  87  61  74   4   0   9 0.00    M    M  5.6 13 340   M    M   0        17 330
 9  94  63  79   9   0  14 0.00    M    M  4.9 10 180   M    M   0         M  M
10  97  68  83  13   0  18 1.36    M    M  8.5 25 330   M    M   1 3      39 330
11  84  63  74   3   0   9 0.08    M    M 11.1 17 360   M    M   8        23 350
12  65  59  62  -9   3   0 0.01    M    M  4.3 13  10   M    M  10 1      18  10
13  80  57  69  -2   0   4 0.00    M    M  2.0  7 100   M    M   4 1       M  M
14  84  65  75   3   0  10 1.21    M    M  5.3 31 350   M    M   6 1      38 350
15  78  64  71  -1   0   6 0.11    M    M  9.7 18  10   M    M   6        27  10
16  81  56  69  -3   0   4 0.00    M    M  5.9 14 110   M    M   1        17 110
17  85  67  76   3   0  11    T    M    M  3.5  9 340   M    M   3         M  M
18  75  64  70  -3   0   5 0.23    M    M  4.9 12  40   M    M   5 3       M  M
19  85  59  72  -1   0   7 0.00    M    M  5.9 14 160   M    M   0 1       M  M
20  92  72  82   8   0  17 0.01    M    M 11.5 17  30   M    M   0        24  30
21  88  69  79   5   0  14 0.11    M    M  7.7 13  60   M    M   2 3      16 180
22  91  67  79   5   0  14 0.00    M    M 13.1 18 240   M    M   2        27 210
23  71  57  64 -10   1   0 0.94    M    M  5.8 15 100   M    M   3 3      23 100
24  97  63  80   5   0  15 0.00    M    M  8.9 20 200   M    M   0        25 210
25  76  70  73  -2   0   8    T    M    M  6.5 12  50   M    M   5 13     18  60
26  82  63  73  -2   0   8 0.00    M    M  6.9 13  20   M    M   3        18  20
27  85  58  72  -3   0   7 0.00    M    M  2.3  7 200   M    M   0         M  M
28  89  65  77   1   0  12 0.00    M    M  9.7 17 340   M    M   0        25 340
29  86  60  73  -3   0   8 0.00    M    M  2.6  8 340   M    M   0         M  M
================================================================================
SM 2428 1817         4 248  8.46    M    217.5          M       89
================================================================================
AV 83.7 62.7                               7.5 FASTST   M    M   3    MAX(MPH)
                                 MISC ---->    31   M                 40    M
================================================================================
NOTES:
# LAST OF SEVERAL OCCURRENCES

COLUMN 17 PEAK WIND IN M.P.H.

PRELIMINARY LOCAL CLIMATOLOGICAL DATA (WS FORM: F-6) , PAGE 2

                                          STATION:  HEBRON
                                          MONTH:    JUNE
                                          YEAR:     2015
                                          LATITUDE:   40  9 N
                                          LONGITUDE:  97 35 W

[TEMPERATURE DATA]      [PRECIPITATION DATA]       SYMBOLS USED IN COLUMN 16

AVERAGE MONTHLY: 73.2   TOTAL FOR MONTH:   8.46    1 = FOG OR MIST
DPTR FM NORMAL:   1.3   DPTR FM NORMAL:    3.81    2 = FOG REDUCING VISIBILITY
HIGHEST:    97 ON 24,10 GRTST 24HR  2.98 ON  4- 4      TO 1/4 MILE OR LESS
LOWEST:     55 ON  1                               3 = THUNDER
                        SNOW, ICE PELLETS, HAIL    4 = ICE PELLETS
                        TOTAL MONTH:    M          5 = HAIL
                        GRTST 24HR    M  ON   M    6 = FREEZING RAIN OR DRIZZLE
                        GRTST DEPTH:  M  ON   M    7 = DUSTSTORM OR SANDSTORM:
                                                       VSBY 1/2 MILE OR LESS
                                                   8 = SMOKE OR HAZE
[NO. OF DAYS WITH]      [WEATHER - DAYS WITH]      9 = BLOWING SNOW
                                                   X = TORNADO
MAX 32 OR BELOW:   0    0.01 INCH OR MORE:  13
MAX 90 OR ABOVE:   5    0.10 INCH OR MORE:  10
MIN 32 OR BELOW:   0    0.50 INCH OR MORE:   5
MIN  0 OR BELOW:   0    1.00 INCH OR MORE:   3

[HDD (BASE 65) ]
TOTAL THIS MO.     4    CLEAR  (SCALE 0-3)  16
DPTR FM NORMAL   -14    PTCLDY (SCALE 4-7)  12
TOTAL FM JUL 1  5649    CLOUDY (SCALE 8-10)  1
DPTR FM NORMAL  -345

[CDD (BASE 65) ]
TOTAL THIS MO.   248
DPTR FM NORMAL    29    [PRESSURE DATA]
TOTAL FM JAN 1   295    HIGHEST SLP M ON M
DPTR FM NORMAL     4    LOWEST  SLP M ON M

[REMARKS]
