000
CXUS53 KGID 200730
CF6HJH
PRELIMINARY LOCAL CLIMATOLOGICAL DATA (WS FORM: F-6)

                                          STATION:   HEBRON
                                          MONTH:     AUGUST
                                          YEAR:      2017
                                          LATITUDE:   40  9 N
                                          LONGITUDE:  97 35 W

  TEMPERATURE IN F:       :PCPN:    SNOW:  WIND      :SUNSHINE: SKY     :PK WND
================================================================================
1   2   3   4   5  6A  6B    7    8   9   10  11  12  13   14  15   16   17  18
                                     12Z  AVG MX 2MIN
DY MAX MIN AVG DEP HDD CDD  WTR  SNW DPTH SPD SPD DIR MIN PSBL S-S WX    SPD DR
================================================================================

 1  86  60  73  -4   0   8 0.00    M    M  1.6  9 320   M    M   4 1       M  M
 2  88  64  76  -1   0  11 0.00    M    M  1.7  6 340   M    M   1         M  M
 3  77  59  68  -9   0   3 0.54    M    M  8.5 20 330   M    M   4 3      37 330
 4  77  50  64 -13   1   0 0.00    M    M  3.3  9 180   M    M   2         M  M
 5  78  60  69  -8   0   4 0.14    M    M  9.1 18 150   M    M   9 3      23 150
 6  72  61  67  -9   0   2    T    M    M  4.1  7  40   M    M   9 1       M  M
 7  80  60  70  -6   0   5 0.00    M    M  3.5  9  70   M    M   5 1       M  M
 8  82  56  69  -7   0   4 0.01    M    M  2.2  7 170   M    M   2 1       M  M
 9  78  62  70  -6   0   5 0.01    M    M  5.8 14 180   M    M   6 1      18 180
10  83  58  71  -5   0   6 0.01    M    M  2.2 10 330   M    M   6 12      M  M
11  82  57  70  -6   0   5 0.00    M    M  3.3  8 360   M    M   4 1       M  M
12  83  55  69  -7   0   4 0.00    M    M  4.1 10 150   M    M   2         M  M
13  83  64  74  -2   0   9 0.01    M    M  7.1 13 180   M    M   5        17 150
14  90  70  80   4   0  15 0.00    M    M  4.1  8 180   M    M   3         M  M
15  92  69  81   5   0  16 0.00    M    M  6.4 13 140   M    M   2        22 170
16  82  65  74  -2   0   9 1.27    M    M  8.4 36 280   M    M   5 3      44 280
17  86  59  73  -2   0   8 0.00    M    M  4.9  9 180   M    M   0         M  M
18  87  64  76   1   0  11    T    M    M  3.0  9 260   M    M   1         M  M
19  92  60  76   1   0  11 0.00    M    M  4.5 12 170   M    M   0 3      16 170
================================================================================
SM 1578 1153         1 136  1.99    M     87.8          M       70
================================================================================
AV 83.1 60.7                               4.6 FASTST   M    M   4    MAX(MPH)
                                 MISC ---->  # 36 280               # 44  280
================================================================================
NOTES:
# LAST OF SEVERAL OCCURRENCES

COLUMN 17 PEAK WIND IN M.P.H.

PRELIMINARY LOCAL CLIMATOLOGICAL DATA (WS FORM: F-6) , PAGE 2

                                          STATION:  HEBRON
                                          MONTH:    AUGUST
                                          YEAR:     2017
                                          LATITUDE:   40  9 N
                                          LONGITUDE:  97 35 W

[TEMPERATURE DATA]      [PRECIPITATION DATA]       SYMBOLS USED IN COLUMN 16

AVERAGE MONTHLY: 71.9   TOTAL FOR MONTH:   1.99    1 = FOG OR MIST
DPTR FM NORMAL:  -4.2   DPTR FM NORMAL:   -0.47    2 = FOG REDUCING VISIBILITY
HIGHEST:    92 ON 19,15 GRTST 24HR  1.27 ON 16-16      TO 1/4 MILE OR LESS
LOWEST:     50 ON  4                               3 = THUNDER
                        SNOW, ICE PELLETS, HAIL    4 = ICE PELLETS
                        TOTAL MONTH:    M          5 = HAIL
                        GRTST 24HR    M  ON   M    6 = FREEZING RAIN OR DRIZZLE
                        GRTST DEPTH:  M  ON   M    7 = DUSTSTORM OR SANDSTORM:
                                                       VSBY 1/2 MILE OR LESS
                                                   8 = SMOKE OR HAZE
[NO. OF DAYS WITH]      [WEATHER - DAYS WITH]      9 = BLOWING SNOW
                                                   X = TORNADO
MAX 32 OR BELOW:   0    0.01 INCH OR MORE:   7
MAX 90 OR ABOVE:   3    0.10 INCH OR MORE:   3
MIN 32 OR BELOW:   0    0.50 INCH OR MORE:   2
MIN  0 OR BELOW:   0    1.00 INCH OR MORE:   1

[HDD (BASE 65) ]
TOTAL THIS MO.     1    CLEAR  (SCALE 0-3)   9
DPTR FM NORMAL     1    PTCLDY (SCALE 4-7)   8
TOTAL FM JUL 1     1    CLOUDY (SCALE 8-10)  2
DPTR FM NORMAL    -1

[CDD (BASE 65) ]
TOTAL THIS MO.   136
DPTR FM NORMAL   -78    [PRESSURE DATA]
TOTAL FM JAN 1  1011    HIGHEST SLP M ON M
DPTR FM NORMAL   118    LOWEST  SLP M ON M

[REMARKS]
