000
CXHW50 PHFO 271250
CF6HNL
PRELIMINARY LOCAL CLIMATOLOGICAL DATA (WS FORM: F-6)

                                          STATION:   HONOLULU HI
                                          MONTH:     DECEMBER
                                          YEAR:      2014
                                          LATITUDE:   21 21 N
                                          LONGITUDE: 157 56 W

  TEMPERATURE IN F:       :PCPN:    SNOW:  WIND      :SUNSHINE: SKY     :PK WND
================================================================================
1   2   3   4   5  6A  6B    7    8   9   10  11  12  13   14  15   16   17  18
                                     12Z  AVG MX 2MIN
DY MAX MIN AVG DEP HDD CDD  WTR  SNW DPTH SPD SPD DIR MIN PSBL S-S WX    SPD DR
================================================================================

 1  79  71  75  -1   0  10    T  0.0    0 11.3 23  50   M    M   7        30  50
 2  80  66  73  -3   0   8 0.00  0.0    0  8.2 20  40   M    M   7        26  60
 3  75  69  72  -4   0   7 0.31  0.0    0  4.1 16  70   M    M   9 1      21  70
 4  80  70  75  -1   0  10 0.00  0.0    0  8.4 20  40   M    M   7        25  30
 5  83  69  76   0   0  11 0.00  0.0    0  6.0 16  30   M    M   7        21  70
 6  82  66  74  -2   0   9 0.00  0.0    0  5.7 17  40   M    M   4        23  30
 7  83  63  73  -3   0   8 0.00  0.0    0  4.4 14  40   M    M   3        18  30
 8  80  66  73  -2   0   8 0.00  0.0    0  3.4  8 160   M    M   4        14 340
 9  82  67  75   0   0  10 0.00  0.0    0  3.4 12 200   M    M   4        14 170
10  86  66  76   1   0  11    T  0.0    0  4.5 15  40   M    M   4 1      17  40
11  81  72  77   2   0  12 0.00  0.0    0  8.9 18  40   M    M   5        23  40
12  83  69  76   1   0  11 0.00  0.0    0  6.2 15  50   M    M   5 8      18  40
13  82  70  76   1   0  11    T  0.0    0  9.2 24  60   M    M   7 8      32  50
14  77  69  73  -2   0   8 0.01  0.0    0 12.9 24  60   M    M   7 1      36  30
15  81  71  76   1   0  11    T  0.0    0 15.9 25  70   M    M   7        36  50
16  83  71  77   2   0  12 0.01  0.0    0 12.4 22  60   M    M   7 1      29  80
17  83  69  76   1   0  11 0.00  0.0    0 10.3 22  50   M    M   5 8      28  60
18  82  73  78   3   0  13    T  0.0    0 13.4 23  50   M    M   7        29  40
19  84  73  79   5   0  14    T  0.0    0 11.0 20  60   M    M   5        26  40
20  84  68  76   2   0  11 0.00  0.0    0  4.5 10  30   M    M   5        15  80
21  83  68  76   2   0  11 0.00  0.0    0  4.5 14 140   M    M   4        17 130
22  76  68  72  -2   0   7 0.05  0.0    0  9.2 17 360   M    M   6 1      25  10
23  78  69  74   0   0   9 0.00  0.0    0 12.0 21 360   M    M   6        28 360
24  79  68  74   0   0   9 0.17  0.0    0  5.6 10 190   M    M   6 1      15 350
25  83  64  74   0   0   9 0.00  0.0    0  5.9 18 280   M    M   3        26 260
26  81  63  72  -2   0   7 0.00  0.0    0  7.0 21 330   M    M   5        24 330
================================================================================
SM 2110 1778         0 258  0.55     0.0 208.3          M      146
================================================================================
AV 81.2 68.4                               8.0 FASTST   M    M   6    MAX(MPH)
                                 MISC ---->  # 25  70               # 36   30
================================================================================
NOTES:
# LAST OF SEVERAL OCCURRENCES

COLUMN 17 PEAK WIND IN M.P.H.

PRELIMINARY LOCAL CLIMATOLOGICAL DATA (WS FORM: F-6) , PAGE 2

                                          STATION:  HONOLULU HI
                                          MONTH:    DECEMBER
                                          YEAR:     2014
                                          LATITUDE:   21 21 N
                                          LONGITUDE: 157 56 W

[TEMPERATURE DATA]      [PRECIPITATION DATA]       SYMBOLS USED IN COLUMN 16

AVERAGE MONTHLY: 74.8   TOTAL FOR MONTH:   0.55    1 = FOG OR MIST
DPTR FM NORMAL:  -0.2   DPTR FM NORMAL:   -2.15    2 = FOG REDUCING VISIBILITY
HIGHEST:    86 ON 10    GRTST 24HR  0.31 ON  3- 3      TO 1/4 MILE OR LESS
LOWEST:     63 ON 26, 7                            3 = THUNDER
                        SNOW, ICE PELLETS, HAIL    4 = ICE PELLETS
                        TOTAL MONTH:   0.0 INCH    5 = HAIL
                        GRTST 24HR     0.0         6 = FREEZING RAIN OR DRIZZLE
                        GRTST DEPTH:   0           7 = DUSTSTORM OR SANDSTORM:
                                                       VSBY 1/2 MILE OR LESS
                                                   8 = SMOKE OR HAZE
[NO. OF DAYS WITH]      [WEATHER - DAYS WITH]      9 = BLOWING SNOW
                                                   X = TORNADO
MAX 32 OR BELOW:   0    0.01 INCH OR MORE:   5
MAX 90 OR ABOVE:   0    0.10 INCH OR MORE:   2
MIN 32 OR BELOW:   0    0.50 INCH OR MORE:   0
MIN  0 OR BELOW:   0    1.00 INCH OR MORE:   0

[HDD (BASE 65) ]
TOTAL THIS MO.     0    CLEAR  (SCALE 0-3)   1
DPTR FM NORMAL     0    PTCLDY (SCALE 4-7)  24
TOTAL FM JUL 1     0    CLOUDY (SCALE 8-10)  1
DPTR FM NORMAL     0

[CDD (BASE 65) ]
TOTAL THIS MO.   258
DPTR FM NORMAL     0    [PRESSURE DATA]
TOTAL FM JAN 1  4883    HIGHEST SLP M ON M
DPTR FM NORMAL   299    LOWEST  SLP 29.75 ON 25

[REMARKS]
