000
CXHW50 PHFO 301250
CF6HNL
PRELIMINARY LOCAL CLIMATOLOGICAL DATA (WS FORM: F-6)

                                          STATION:   HONOLULU HI
                                          MONTH:     APRIL
                                          YEAR:      2017
                                          LATITUDE:   21 21 N
                                          LONGITUDE: 157 56 W

  TEMPERATURE IN F:       :PCPN:    SNOW:  WIND      :SUNSHINE: SKY     :PK WND
================================================================================
1   2   3   4   5  6A  6B    7    8   9   10  11  12  13   14  15   16   17  18
                                     12Z  AVG MX 2MIN
DY MAX MIN AVG DEP HDD CDD  WTR  SNW DPTH SPD SPD DIR MIN PSBL S-S WX    SPD DR
================================================================================

 1  86  74  80   4   0  15    T  0.0    M 14.5 24  60   M    M   M        30  50
 2  86  74  80   4   0  15    T  0.0    M 15.1 26  50   M    M   M        33  50
 3  86  74  80   4   0  15 0.00  0.0    M 12.6 23  60   M    M   M        26  80
 4  86  73  80   4   0  15    T  0.0    M 11.0 20  60   M    M   M        30  60
 5  85  73  79   3   0  14    T  0.0    M  9.5 17  40   M    M   M        27  20
 6  85  69  77   1   0  12    T  0.0    M  8.0 17  60   M    M   M        22  50
 7  85  73  79   3   0  14 0.00  0.0    M  9.6 23  70   M    M   M 8      28  70
 8  86  73  80   4   0  15 0.00  0.0    M  6.9 17 140   M    M   M 8      21 150
 9  85  69  77   1   0  12 0.00  0.0    M  6.8 20 230   M    M   M        23 220
10  85  70  78   2   0  13    T  0.0    M  8.0 20  80   M    M   M 8      23  80
11  85  73  79   3   0  14    T  0.0    M  9.2 22  70   M    M   M        26  80
12  87  72  80   4   0  15 0.00  0.0    M  9.0 18  70   M    M   M 8      28 100
13  86  73  80   4   0  15    T  0.0    M  7.9 16  20   M    M   M        22  30
14  85  71  78   2   0  13 0.05  0.0    M  5.7 16  40   M    M   M        21  30
15  86  69  78   2   0  13 0.00  0.0    M  6.7 17 150   M    M   M        23 160
16  82  71  77   1   0  12    T  0.0    M  8.9 21  30   M    M   M        25  30
17  79  71  75  -1   0  10 0.00  0.0    M 11.9 24  50   M    M   M        32  50
18  85  70  78   2   0  13 0.00  0.0    M  7.9 20  80   M    M   M        28  80
19  84  73  79   3   0  14 0.09  0.0    M  8.3 16 200   M    M   M 8      20 200
20  81  72  77   1   0  12 0.21  0.0    M  6.2 16 290   M    M   M 1      25 350
21  84  72  78   2   0  13 0.15  0.0    M  7.4 18  70   M    M   M 1      23  10
22  84  73  79   3   0  14    T  0.0    M 10.0 18  60   M    M   M 8      25  40
23  86  73  80   4   0  15 0.03  0.0    M  9.9 17  50   M    M   M        25  20
24  87  72  80   4   0  15    T  0.0    M  9.5 20  90   M    M   M        31 110
25  85  72  79   3   0  14 0.00  0.0    M 10.0 22  60   M    M   M        28  60
26  87  73  80   4   0  15 0.01  0.0    M 10.1 23  70   M    M   M        30  80
27  84  73  79   3   0  14    T  0.0    M  6.7 16 150   M    M   M 8      20 140
28  84  71  78   1   0  13 1.35  0.0    M  5.4 20 250   M    M   M 1      27 260
29  77  67  72  -5   0   7 0.02  0.0    M 10.5 22 330   M    M   M        29 350
================================================================================
SM 2453 2083         0 391  1.91     0.0 263.2          M        M
================================================================================
AV 84.6 71.8                               9.1 FASTST   M    M -nan   MAX(MPH)
                                 MISC ---->  # 26  50               # 33   50
================================================================================
NOTES:
# LAST OF SEVERAL OCCURRENCES

COLUMN 17 PEAK WIND IN M.P.H.

PRELIMINARY LOCAL CLIMATOLOGICAL DATA (WS FORM: F-6) , PAGE 2

                                          STATION:  HONOLULU HI
                                          MONTH:    APRIL
                                          YEAR:     2017
                                          LATITUDE:   21 21 N
                                          LONGITUDE: 157 56 W

[TEMPERATURE DATA]      [PRECIPITATION DATA]       SYMBOLS USED IN COLUMN 16

AVERAGE MONTHLY: 78.2   TOTAL FOR MONTH:   1.91    1 = FOG OR MIST
DPTR FM NORMAL:   2.1   DPTR FM NORMAL:    1.30    2 = FOG REDUCING VISIBILITY
HIGHEST:    87 ON 26,24 GRTST 24HR  1.35 ON 28-28      TO 1/4 MILE OR LESS
LOWEST:     67 ON 29                               3 = THUNDER
                        SNOW, ICE PELLETS, HAIL    4 = ICE PELLETS
                        TOTAL MONTH:   0.0 INCH    5 = HAIL
                        GRTST 24HR     0.0         6 = FREEZING RAIN OR DRIZZLE
                        GRTST DEPTH:  M  ON   M    7 = DUSTSTORM OR SANDSTORM:
                                                       VSBY 1/2 MILE OR LESS
                                                   8 = SMOKE OR HAZE
[NO. OF DAYS WITH]      [WEATHER - DAYS WITH]      9 = BLOWING SNOW
                                                   X = TORNADO
MAX 32 OR BELOW:   0    0.01 INCH OR MORE:   8
MAX 90 OR ABOVE:   0    0.10 INCH OR MORE:   3
MIN 32 OR BELOW:   0    0.50 INCH OR MORE:   1
MIN  0 OR BELOW:   0    1.00 INCH OR MORE:   1

[HDD (BASE 65) ]
TOTAL THIS MO.     0    CLEAR  (SCALE 0-3)   0
DPTR FM NORMAL     0    PTCLDY (SCALE 4-7)   0
TOTAL FM JUL 1     0    CLOUDY (SCALE 8-10)  0
DPTR FM NORMAL     0

[CDD (BASE 65) ]
TOTAL THIS MO.   391
DPTR FM NORMAL    71    [PRESSURE DATA]
TOTAL FM JAN 1  1275    HIGHEST SLP M ON M
DPTR FM NORMAL   180    LOWEST  SLP 29.85 ON 29

[REMARKS]
