000
CXUS54 KLZK 191330
CF6HOT
PRELIMINARY LOCAL CLIMATOLOGICAL DATA (WS FORM: F-6)

                                          STATION:   Hot Springs Memorial Field
                                          MONTH:     OCTOBER
                                          YEAR:      2014
                                          LATITUDE:   34 28 N
                                          LONGITUDE:  93  6 W

  TEMPERATURE IN F:       :PCPN:    SNOW:  WIND      :SUNSHINE: SKY     :PK WND
================================================================================
1   2   3   4   5  6A  6B    7    8   9   10  11  12  13   14  15   16   17  18
                                     12Z  AVG MX 2MIN
DY MAX MIN AVG DEP HDD CDD  WTR  SNW DPTH SPD SPD DIR MIN PSBL S-S WX    SPD DR
================================================================================

 1  88  69  79  10   0  14 0.01  0.0    0  4.8 13 200   M    M   6 3      20 190
 2  91  65  78  10   0  13 0.78  0.0    0  7.3 18 280   M    M   6 13     27 280
 3  76  52  64  -4   1   0 0.00  0.0    0  7.6 16 340   M    M   1        26 320
 4  72  43  58 -10   7   0 0.00  0.0    0  3.5 14 300   M    M   0        20 300
 5  77  48  63  -4   2   0 0.00  0.0    0  5.5 18 240   M    M   1        26 240
 6  79  58  69   2   0   4 0.16  0.0    0  4.0 22 210   M    M   4 13     28 200
 7  85  64  75   9   0  10 0.00  0.0    0  5.1 15 250   M    M   1        20 240
 8  84  67  76  10   0  11    T  0.0    0  3.5 12 190   M    M   2 1      17 230
 9  84  63  74   8   0   9 0.00  0.0    0  3.6 13 240   M    M   2 1      17 240
10  85  67  76  11   0  11 0.01  0.0    0  5.4 18 240   M    M   6 13     25  20
11  67  58  63  -2   2   0 1.53  0.0    0  6.7 17 110   M    M   9 13     25 100
12  67  58  63  -2   2   0 0.05  0.0    0  4.7 10 130   M    M  10 1      17 120
13  73  58  66   2   0   1 0.81  0.0    0 10.3 26 240   M    M  10 13     41 260
14  69  50  60  -4   5   0 0.00  0.0    0  7.8 18 300   M    M   3        32 320
15  74  46  60  -4   5   0 0.00  0.0    0  4.2 16 310   M    M   0        26 340
16  77  43  60  -3   5   0    T    M    0  3.0 12 180   M    M   1 12     14 170
17  82  57  70   7   0   5 0.00  0.0    0  1.6  7 300   M    M   0        10 280
18  72  51  62  -1   3   0 0.00  0.0    0  3.4 13  60   M    M   0 1      15  40
================================================================================
SM 1402 1017        32  78  3.35     0.0  92.0          M       62
================================================================================
AV 77.9 56.5                               5.1 FASTST   M    M   3    MAX(MPH)
                                 MISC ---->  # 26 240               # 41  260
================================================================================
NOTES:
# LAST OF SEVERAL OCCURRENCES

COLUMN 17 PEAK WIND IN M.P.H.

PRELIMINARY LOCAL CLIMATOLOGICAL DATA (WS FORM: F-6) , PAGE 2

                                          STATION:  Hot Springs Memorial Field
                                          MONTH:    OCTOBER
                                          YEAR:     2014
                                          LATITUDE:   34 28 N
                                          LONGITUDE:  93  6 W

[TEMPERATURE DATA]      [PRECIPITATION DATA]       SYMBOLS USED IN COLUMN 16

AVERAGE MONTHLY: 67.2   TOTAL FOR MONTH:   3.35    1 = FOG OR MIST
DPTR FM NORMAL:   1.6   DPTR FM NORMAL:    0.34    2 = FOG REDUCING VISIBILITY
HIGHEST:    91 ON  2    GRTST 24HR  1.53 ON 11-11      TO 1/4 MILE OR LESS
LOWEST:     43 ON 16, 4                            3 = THUNDER
                        SNOW, ICE PELLETS, HAIL    4 = ICE PELLETS
                        TOTAL MONTH:   0.0 INCH    5 = HAIL
                        GRTST 24HR     0.0         6 = FREEZING RAIN OR DRIZZLE
                        GRTST DEPTH:   0           7 = DUSTSTORM OR SANDSTORM:
                                                       VSBY 1/2 MILE OR LESS
                                                   8 = SMOKE OR HAZE
[NO. OF DAYS WITH]      [WEATHER - DAYS WITH]      9 = BLOWING SNOW
                                                   X = TORNADO
MAX 32 OR BELOW:   0    0.01 INCH OR MORE:   7
MAX 90 OR ABOVE:   1    0.10 INCH OR MORE:   4
MIN 32 OR BELOW:   0    0.50 INCH OR MORE:   3
MIN  0 OR BELOW:   0    1.00 INCH OR MORE:   1

[HDD (BASE 65) ]
TOTAL THIS MO.    32    CLEAR  (SCALE 0-3)  11
DPTR FM NORMAL   -15    PTCLDY (SCALE 4-7)   4
TOTAL FM JUL 1    37    CLOUDY (SCALE 8-10)  3
DPTR FM NORMAL   -21

[CDD (BASE 65) ]
TOTAL THIS MO.    78
DPTR FM NORMAL    21    [PRESSURE DATA]
TOTAL FM JAN 1  1903    HIGHEST SLP M ON M
DPTR FM NORMAL  -208    LOWEST  SLP 29.53 ON 13

[REMARKS]
