000
CXUS54 KBRO 290900
CF6HRL
PRELIMINARY LOCAL CLIMATOLOGICAL DATA (WS FORM: F-6)

                                          STATION:   HARLINGEN
                                          MONTH:     MARCH
                                          YEAR:      2017
                                          LATITUDE:   26 13 N
                                          LONGITUDE:  97 40 W

  TEMPERATURE IN F:       :PCPN:    SNOW:  WIND      :SUNSHINE: SKY     :PK WND
================================================================================
1   2   3   4   5  6A  6B    7    8   9   10  11  12  13   14  15   16   17  18
                                     12Z  AVG MX 2MIN
DY MAX MIN AVG DEP HDD CDD  WTR  SNW DPTH SPD SPD DIR MIN PSBL S-S WX    SPD DR
================================================================================

 1  89  70  80  14   0  15 0.00  0.0    0 14.3 25  40   M    M   7 1      32 160
 2  73  64  69   3   0   4    T  0.0    0 16.2 25  30   M    M   9        31  20
 3  73  62  68   2   0   3 0.00  0.0    0 10.9 18  70   M    M  10        23  80
 4  78  64  71   5   0   6 0.53  0.0    0 11.7 25 130   M    M   9 13     32 130
 5  84  65  75   8   0  10 0.03  0.0    0  9.9 23 160   M    M   5 1      28 180
 6  87  67  77  10   0  12 0.00  0.0    0 17.4 32 170   M    M   6 1      41 150
 7  88  71  80  13   0  15 0.00  0.0    0 13.1 23 160   M    M   8 1      29 150
 8  82  70  76   9   0  11 0.10  0.0    0  9.9 23 130   M    M   6 13     27 140
 9  83  68  76   8   0  11 1.01  0.0    0  7.3 28 150   M    M   7 13     42 150
10  81  67  74   6   0   9 0.53  0.0    0  9.6 21 110   M    M   6 13     25 120
11  86  66  76   8   0  11 0.00  0.0    0  6.2 16 100   M    M   6 1      20 110
12  71  58  65  -3   0   0 0.02  0.0    0 13.3 25  30   M    M   8 1      34  30
13  67  57  62  -6   3   0    T  0.0    0  7.4 17 350   M    M   9 1      21 340
14  77  50  64  -4   1   0 0.00  0.0    0  7.9 16  90   M    M   0 1      20  80
15  81  57  69   0   0   4 0.00  0.0    0 13.2 23 130   M    M   6        28 130
16  85  62  74   5   0   9 0.00  0.0    0 15.9 26 150   M    M   3        38 150
17  85  66  76   7   0  11 0.00  0.0    0 16.8 29 160   M    M   2        36 160
18  86  65  76   7   0  11 0.00  0.0    0 12.0 24 140   M    M   5 1      29 130
19  88  63  76   6   0  11 0.00  0.0    0 12.3 22 150   M    M   4 1      28 140
20  87  61  74   4   0   9 0.00  0.0    0 14.1 26 160   M    M   0        32 160
21  87  60  74   4   0   9 0.00  0.0    0 13.5 25 150   M    M   1        40 170
22  87  62  75   5   0  10 0.00  0.0    0 13.5 24 160   M    M   2 1      34 180
23  86  61  74   4   0   9 0.00  0.0    0 17.0 31 150   M    M   1 1      39 150
24  86  73  80   9   0  15 0.00  0.0    0 22.4 37 180   M    M   5        47 180
25  94  67  81  10   0  16 0.00  0.0    0  8.7 22 130   M    M   3 1      27 110
26  88  64  76   5   0  11 0.00  0.0    0 17.0 31 160   M    M   2 1      40 170
27  89  67  78   7   0  13 0.00  0.0    0 11.8 22 160   M    M   6 1      28 140
28  89  72  81   9   0  16 0.00  0.0    0 19.9 32 150   M    M   5 1      40 160
================================================================================
SM 2337 1799         4 261  2.22     0.0 363.2          M      141
================================================================================
AV 83.5 64.3                              13.0 FASTST   M    M   5    MAX(MPH)
                                 MISC ---->    37   M                 47    M
================================================================================
NOTES:
# LAST OF SEVERAL OCCURRENCES

COLUMN 17 PEAK WIND IN M.P.H.

PRELIMINARY LOCAL CLIMATOLOGICAL DATA (WS FORM: F-6) , PAGE 2

                                          STATION:  HARLINGEN
                                          MONTH:    MARCH
                                          YEAR:     2017
                                          LATITUDE:   26 13 N
                                          LONGITUDE:  97 40 W

[TEMPERATURE DATA]      [PRECIPITATION DATA]       SYMBOLS USED IN COLUMN 16

AVERAGE MONTHLY: 73.9   TOTAL FOR MONTH:   2.22    1 = FOG OR MIST
DPTR FM NORMAL:   5.2   DPTR FM NORMAL:    1.06    2 = FOG REDUCING VISIBILITY
HIGHEST:    94 ON 25    GRTST 24HR  1.01 ON  9- 9      TO 1/4 MILE OR LESS
LOWEST:     50 ON 14                               3 = THUNDER
                        SNOW, ICE PELLETS, HAIL    4 = ICE PELLETS
                        TOTAL MONTH:   0.0 INCH    5 = HAIL
                        GRTST 24HR     0.0         6 = FREEZING RAIN OR DRIZZLE
                        GRTST DEPTH:   0           7 = DUSTSTORM OR SANDSTORM:
                                                       VSBY 1/2 MILE OR LESS
                                                   8 = SMOKE OR HAZE
[NO. OF DAYS WITH]      [WEATHER - DAYS WITH]      9 = BLOWING SNOW
                                                   X = TORNADO
MAX 32 OR BELOW:   0    0.01 INCH OR MORE:   6
MAX 90 OR ABOVE:   1    0.10 INCH OR MORE:   4
MIN 32 OR BELOW:   0    0.50 INCH OR MORE:   3
MIN  0 OR BELOW:   0    1.00 INCH OR MORE:   1

[HDD (BASE 65) ]
TOTAL THIS MO.     4    CLEAR  (SCALE 0-3)   8
DPTR FM NORMAL   -42    PTCLDY (SCALE 4-7)  16
TOTAL FM JUL 1   234    CLOUDY (SCALE 8-10)  4
DPTR FM NORMAL  -380

[CDD (BASE 65) ]
TOTAL THIS MO.   261
DPTR FM NORMAL   113    [PRESSURE DATA]
TOTAL FM JAN 1   628    HIGHEST SLP 30.28 ON 14
DPTR FM NORMAL   355    LOWEST  SLP 29.63 ON 28

[REMARKS]
