000
CXUS52 KMHX 250700
CF6HSE
PRELIMINARY LOCAL CLIMATOLOGICAL DATA (WS FORM: F-6)

                                          STATION:   CAPE HATTERAS NC
                                          MONTH:     JULY
                                          YEAR:      2016
                                          LATITUDE:   35 13 N
                                          LONGITUDE:  75 37 W

  TEMPERATURE IN F:       :PCPN:    SNOW:  WIND      :SUNSHINE: SKY     :PK WND
================================================================================
1   2   3   4   5  6A  6B    7    8   9   10  11  12  13   14  15   16   17  18
                                     12Z  AVG MX 2MIN
DY MAX MIN AVG DEP HDD CDD  WTR  SNW DPTH SPD SPD DIR MIN PSBL S-S WX    SPD DR
================================================================================

 1  81  76  79   1   0  14 0.02  0.0    0 11.8 21 230   M    M   3        29 240
 2  86  77  82   4   0  17 0.00  0.0    0  6.9 15 250   M    M   2        22 240
 3  87  75  81   3   0  16 0.01  0.0    0  4.7 14 240   M    M   4        19 240
 4  87  74  81   2   0  16 0.09  0.0    0  6.4 14 220   M    M   5 1      22 210
 5  85  74  80   1   0  15 0.16  0.0    0 12.8 18 240   M    M   1 1      27 270
 6  85  76  81   2   0  16 0.02  0.0    0  9.7 16 240   M    M   0 1      23 240
 7  84  76  80   1   0  15    T  0.0    0 12.8 25 280   M    M   0        39 290
 8  89  74  82   3   0  17 0.08  0.0    0 11.0 20 280   M    M   3 1      29 270
 9  90  75  83   4   0  18 0.30  0.0    0 10.2 23 220   M    M   0 1      34 210
10  88  74  81   2   0  16 0.03  0.0    0  5.4 10 320   M    M   3        17 310
11  88  74  81   2   0  16    T  0.0    0  3.3  7 230   M    M   2         9  50
12  91  74  83   4   0  18 0.00  0.0    0  4.0 10 130   M    M   2        13 130
13  86  75  81   2   0  16 0.30  0.0    0  5.8 14 320   M    M   2 1      24 330
14  89  80  85   6   0  20 0.00  0.0    0  9.4 16 240   M    M   0        23 230
15  87  77  82   3   0  17 0.00  0.0    0 10.4 17 230   M    M   0        25 230
16  89  77  83   4   0  18 0.02  0.0    0  6.8 15 310   M    M   1        25 310
17  87  74  81   2   0  16 0.04  0.0    0  8.1 20 290   M    M   1        35 290
18  87  78  83   4   0  18 0.00  0.0    0  8.9 17 220   M    M   0        22 220
19  83  72  78  -1   0  13 0.79  0.0    0  7.3 15 310   M    M   4 18     23 320
20  86  72  79   0   0  14 0.00  0.0    0  3.0 10 120   M    M   2        12 100
21  87  75  81   2   0  16 0.00  0.0    0  4.2 12 120   M    M   2        22 110
22  88  71  80   1   0  15 0.00  0.0    0  6.3 14 210   M    M   0        18 210
23  89  80  85   6   0  20 0.00  0.0    0  8.4 15 220   M    M   1        18 220
24  90  79  85   6   0  20 0.00  0.0    0  7.8 14 220   M    M   1        17 220
================================================================================
SM 2089 1809         0 397  1.86     0.0 185.4          M       39
================================================================================
AV 87.0 75.4                               7.7 FASTST   M    M   2    MAX(MPH)
                                 MISC ---->  # 25 280               # 39  290
================================================================================
NOTES:
# LAST OF SEVERAL OCCURRENCES

COLUMN 17 PEAK WIND IN M.P.H.

PRELIMINARY LOCAL CLIMATOLOGICAL DATA (WS FORM: F-6) , PAGE 2

                                          STATION:  CAPE HATTERAS NC
                                          MONTH:    JULY
                                          YEAR:     2016
                                          LATITUDE:   35 13 N
                                          LONGITUDE:  75 37 W

[TEMPERATURE DATA]      [PRECIPITATION DATA]       SYMBOLS USED IN COLUMN 16

AVERAGE MONTHLY: 81.2   TOTAL FOR MONTH:   1.86    1 = FOG OR MIST
DPTR FM NORMAL:   2.3   DPTR FM NORMAL:   -1.87    2 = FOG REDUCING VISIBILITY
HIGHEST:    91 ON 12    GRTST 24HR  0.79 ON 19-19      TO 1/4 MILE OR LESS
LOWEST:     71 ON 22                               3 = THUNDER
                        SNOW, ICE PELLETS, HAIL    4 = ICE PELLETS
                        TOTAL MONTH:   0.0 INCH    5 = HAIL
                        GRTST 24HR     0.0         6 = FREEZING RAIN OR DRIZZLE
                        GRTST DEPTH:   0           7 = DUSTSTORM OR SANDSTORM:
                                                       VSBY 1/2 MILE OR LESS
                                                   8 = SMOKE OR HAZE
[NO. OF DAYS WITH]      [WEATHER - DAYS WITH]      9 = BLOWING SNOW
                                                   X = TORNADO
MAX 32 OR BELOW:   0    0.01 INCH OR MORE:  12
MAX 90 OR ABOVE:   3    0.10 INCH OR MORE:   4
MIN 32 OR BELOW:   0    0.50 INCH OR MORE:   1
MIN  0 OR BELOW:   0    1.00 INCH OR MORE:   0

[HDD (BASE 65) ]
TOTAL THIS MO.     0    CLEAR  (SCALE 0-3)  21
DPTR FM NORMAL     0    PTCLDY (SCALE 4-7)   3
TOTAL FM JUL 1     0    CLOUDY (SCALE 8-10)  0
DPTR FM NORMAL     0

[CDD (BASE 65) ]
TOTAL THIS MO.   397
DPTR FM NORMAL    64    [PRESSURE DATA]
TOTAL FM JAN 1   967    HIGHEST SLP M ON M
DPTR FM NORMAL   183    LOWEST  SLP 29.81 ON M

[REMARKS]
