000
CXUS53 KAPX 010631
CF6HTL
PRELIMINARY LOCAL CLIMATOLOGICAL DATA (WS FORM: F-6)

                                          STATION:   HOUGHTON LAKE MI
                                          MONTH:     JUNE
                                          YEAR:      2015
                                          LATITUDE:   44 22 N
                                          LONGITUDE:  84 41 W

  TEMPERATURE IN F:       :PCPN:    SNOW:  WIND      :SUNSHINE: SKY     :PK WND
================================================================================
1   2   3   4   5  6A  6B    7    8   9   10  11  12  13   14  15   16   17  18
                                     12Z  AVG MX 2MIN
DY MAX MIN AVG DEP HDD CDD  WTR  SNW DPTH SPD SPD DIR MIN PSBL S-S WX    SPD DR
================================================================================

 1  69  35  52  -7  13   0 0.00  0.0    0  6.3 14 100   M    M   0        19  70
 2  71  32  52  -7  13   0 0.00  0.0    0  4.9 13 170   M    M   0 12     17 190
 3  75  44  60   1   5   0 0.00  0.0    0  7.7 15 160   M    M   0        20 170
 4  77  50  64   4   1   0 0.00  0.0    0  5.8 16 180   M    M   5        23 150
 5  67  47  57  -3   8   0 0.00  0.0    0  6.7 14  10   M    M   8 1      19  30
 6  70  40  55  -5  10   0 0.00  0.0    0  7.6 15  70   M    M   0 1      20  70
 7  71  45  58  -3   7   0 0.14  0.0    0 10.0 16 220   M    M   6 1      24 210
 8  76  57  67   6   0   2 0.16  0.0    0  5.8 22 330   M    M   6 1238   27 330
 9  77  54  66   5   0   1 0.00  0.0    0  6.3 14 270   M    M   4 8      19 250
10  78  51  65   3   0   0 0.00  0.0    0  9.4 22 300   M    M   3 8      29 310
11  71  47  59  -3   6   0 0.16  0.0    0  4.5 10  50   M    M   4 1      14 350
12  65  49  57  -5   8   0 1.24  0.0    0  7.8 16  70   M    M   9 12     23  70
13  65  48  57  -5   8   0    T  0.0    0  7.3 15  90   M    M  10 12     18  90
14  75  62  69   6   0   4 0.46  0.0    0  3.9 10 200   M    M  10 123    14 180
15  81  61  71   8   0   6 0.11  0.0    0  4.4 13 330   M    M   7 12     19 310
16  72  51  62  -1   3   0 0.00  0.0    0  8.3 15 310   M    M   1        23 300
17  79  47  63   0   2   0 0.00  0.0    0  6.4 13 180   M    M   3        20 180
18  80  54  67   3   0   2 0.36  0.0    0  8.5 24 320   M    M   6 138    33 320
19  70  45  58  -6   7   0 0.00  0.0    0  6.9 17  80   M    M   0        22 100
20  75  42  59  -5   6   0 0.00  0.0    0  4.3 13 280   M    M   3        16 140
21  80  57  69   5   0   4 0.00  0.0    0  7.3 18 310   M    M   4 1      26 300
22  77  51  64  -1   1   0 0.46  0.0    0  7.9 24 170   M    M   3 123    33 190
23  71  49  60  -5   5   0 0.00  0.0    0 11.7 23 310   M    M   6        32 310
24   M   M   M   M   M   M 0.00  0.0    0  1.5  6 230   M    M   0 1       M  M
25  78  53  66   1   0   1 0.00  0.0    0  5.3 16  90   M    M   6 1      20  90
26  76  51  64  -2   1   0 0.00  0.0    0  6.7 16 110   M    M   1 12     21 100
27  75  52  64  -2   1   0 0.00  0.0    0  9.7 22  60   M    M   1        28  50
28  78  44  61  -5   4   0 0.00  0.0    0  4.5 13 290   M    M   2        18 300
29  80  50  65  -1   0   0 0.00  0.0    0  4.9 16 230   M    M   1 1      21 240
30  69  51  60  -6   5   0 0.07  0.0    0  4.9 15  90   M    M   6 1      18 100
================================================================================
SM 2148 1419       114  20  3.16     0.0 197.2          M      115
================================================================================
AV 74.1 48.9                               6.6 FASTST   M    M   4    MAX(MPH)
                                 MISC ---->  # 24 320               # 33  320
================================================================================
NOTES:
# LAST OF SEVERAL OCCURRENCES

COLUMN 17 PEAK WIND IN M.P.H.

PRELIMINARY LOCAL CLIMATOLOGICAL DATA (WS FORM: F-6) , PAGE 2

                                          STATION:  HOUGHTON LAKE MI
                                          MONTH:    JUNE
                                          YEAR:     2015
                                          LATITUDE:   44 22 N
                                          LONGITUDE:  84 41 W

[TEMPERATURE DATA]      [PRECIPITATION DATA]       SYMBOLS USED IN COLUMN 16

AVERAGE MONTHLY: 61.5   TOTAL FOR MONTH:   3.16    1 = FOG OR MIST
DPTR FM NORMAL:  -1.4   DPTR FM NORMAL:    0.06    2 = FOG REDUCING VISIBILITY
HIGHEST:    81 ON 15    GRTST 24HR  1.40 ON 11-12      TO 1/4 MILE OR LESS
LOWEST:     32 ON  2                               3 = THUNDER
                        SNOW, ICE PELLETS, HAIL    4 = ICE PELLETS
                        TOTAL MONTH:   0.0 INCH    5 = HAIL
                        GRTST 24HR     0.0         6 = FREEZING RAIN OR DRIZZLE
                        GRTST DEPTH:   0           7 = DUSTSTORM OR SANDSTORM:
                                                       VSBY 1/2 MILE OR LESS
                                                   8 = SMOKE OR HAZE
[NO. OF DAYS WITH]      [WEATHER - DAYS WITH]      9 = BLOWING SNOW
                                                   X = TORNADO
MAX 32 OR BELOW:   0    0.01 INCH OR MORE:   9
MAX 90 OR ABOVE:   0    0.10 INCH OR MORE:   8
MIN 32 OR BELOW:   1    0.50 INCH OR MORE:   1
MIN  0 OR BELOW:   0    1.00 INCH OR MORE:   1

[HDD (BASE 65) ]
TOTAL THIS MO.   114    CLEAR  (SCALE 0-3)  15
DPTR FM NORMAL   -10    PTCLDY (SCALE 4-7)  11
TOTAL FM JUL 1  8596    CLOUDY (SCALE 8-10)  4
DPTR FM NORMAL   453

[CDD (BASE 65) ]
TOTAL THIS MO.    20
DPTR FM NORMAL   -39    [PRESSURE DATA]
TOTAL FM JAN 1    45    HIGHEST SLP M ON M
DPTR FM NORMAL   -30    LOWEST  SLP 29.49 ON 10

[REMARKS]
#FINAL-06-15#
