000
CXUS55 KPIH 171200
CF6IDA

PRELIMINARY LOCAL CLIMATOLOGICAL DATA (WS FORM: F-6)

                                          STATION:   IDAHO FALLS ID
                                          MONTH:     JANUARY
                                          YEAR:      2017
                                          LATITUDE:   43 31 N
                                          LONGITUDE: 112  4 W

  TEMPERATURE IN F:       :PCPN:    SNOW:  WIND      :SUNSHINE: SKY     :PK WND
================================================================================
1   2   3   4   5  6A  6B    7    8   9   10  11  12  13   14  15   16   17  18
                                     12Z  AVG MX 2MIN
DY MAX MIN AVG DEP HDD CDD  WTR  SNW DPTH SPD SPD DIR MIN PSBL S-S WX    SPD DR
================================================================================

 1  16   4  10 -10  55   0    T    M    M  5.2 13 310   M    M  10 1      16 330
 2  14  -4   5 -15  60   0    T    M    M  6.1 14 340   M    M  10 1      18 330
 3  15  -3   6 -14  59   0 0.01    M    M  6.6 12 360   M    M  10 1      17 350
 4  18   2  10 -10  55   0    T    M    M 18.3 28  20   M    M  10 18     37  10
 5   7 -21  -7 -27  72   0 0.00    M    M  8.3 20 360   M    M   0        25 360
 6   0 -23 -11 -31  76   0 0.00    M    M  5.8 13 350   M    M   2 12     17 350
 7  11 -18  -3 -23  68   0 0.04    M    M  7.2 14 360   M    M   5 1      19 350
 8  28  11  20   0  45   0 0.17    M    M  6.7 13 330   M    M   8 16     15 340
 9  38  28  33  13  32   0 0.18    M    M 19.0 33 210   M    M   8 16     43 220
10  34  26  30  10  35   0 0.02    M    M 19.8 30 200   M    M   9 1      41 240
11  37  25  31  11  34   0 0.11    M    M 20.5 32 210   M    M   8 1      44 230
12  27   3  15  -5  50   0 0.00    M    M  8.7 28 220   M    M   3 1      33 210
13  17  -5   6 -14  59   0 0.00    M    M  9.2 16 350   M    M   0        22 360
14  12  -8   2 -18  63   0 0.00    M    M  7.8 14 360   M    M   0        19 350
15  12  -9   2 -18  63   0 0.00    M    M  4.6 13 360   M    M   0 1      15 350
16   5  -9  -2 -22  67   0    T    M    M  5.1 12 340   M    M   4 128    17 340
================================================================================
SM  291   -1       893   0  0.53    M    158.9          M       87
================================================================================
AV 18.2 -0.1                               9.9 FASTST   M    M   5    MAX(MPH)
                                 MISC ---->  # 33 210               # 44  230
================================================================================
NOTES:
# LAST OF SEVERAL OCCURRENCES
PRECIPITATION SUSPECT DURING FREEZING/FROZEN EVENTS

COLUMN 17 PEAK WIND IN M.P.H.

PRELIMINARY LOCAL CLIMATOLOGICAL DATA (WS FORM: F-6) , PAGE 2

                                          STATION:  IDAHO FALLS ID
                                          MONTH:    JANUARY
                                          YEAR:     2017
                                          LATITUDE:   43 31 N
                                          LONGITUDE: 112  4 W

[TEMPERATURE DATA]      [PRECIPITATION DATA]       SYMBOLS USED IN COLUMN 16

AVERAGE MONTHLY:  9.1   TOTAL FOR MONTH:   0.53    1 = FOG OR MIST
DPTR FM NORMAL: -10.9   DPTR FM NORMAL:    0.13    2 = FOG REDUCING VISIBILITY
HIGHEST:    38 ON  9    GRTST 24HR  0.34 ON  8- 9      TO 1/4 MILE OR LESS
LOWEST:    -23 ON  6                               3 = THUNDER
                        SNOW, ICE PELLETS, HAIL    4 = ICE PELLETS
                        TOTAL MONTH:    M          5 = HAIL
                        GRTST 24HR    M  ON   M    6 = FREEZING RAIN OR DRIZZLE
                        GRTST DEPTH:  M  ON   M    7 = DUSTSTORM OR SANDSTORM:
                                                       VSBY 1/2 MILE OR LESS
                                                   8 = SMOKE OR HAZE
[NO. OF DAYS WITH]      [WEATHER - DAYS WITH]      9 = BLOWING SNOW
                                                   X = TORNADO
MAX 32 OR BELOW:  13    0.01 INCH OR MORE:   6
MAX 90 OR ABOVE:   0    0.10 INCH OR MORE:   3
MIN 32 OR BELOW:  16    0.50 INCH OR MORE:   0
MIN  0 OR BELOW:   9    1.00 INCH OR MORE:   0

[HDD (BASE 65) ]
TOTAL THIS MO.   893    CLEAR  (SCALE 0-3)   5
DPTR FM NORMAL   173    PTCLDY (SCALE 4-7)   5
TOTAL FM JUL 1  4040    CLOUDY (SCALE 8-10)  6
DPTR FM NORMAL    47

[CDD (BASE 65) ]
TOTAL THIS MO.     0
DPTR FM NORMAL     0    [PRESSURE DATA]
TOTAL FM JAN 1     0    HIGHEST SLP M ON M
DPTR FM NORMAL     0    LOWEST  SLP 29.39 ON 11

[REMARKS]
