000
CXUS55 KPIH 251200
CF6IDA

PRELIMINARY LOCAL CLIMATOLOGICAL DATA (WS FORM: F-6)

                                          STATION:   IDAHO FALLS ID
                                          MONTH:     AUGUST
                                          YEAR:      2016
                                          LATITUDE:   43 31 N
                                          LONGITUDE: 112  4 W

  TEMPERATURE IN F:       :PCPN:    SNOW:  WIND      :SUNSHINE: SKY     :PK WND
================================================================================
1   2   3   4   5  6A  6B    7    8   9   10  11  12  13   14  15   16   17  18
                                     12Z  AVG MX 2MIN
DY MAX MIN AVG DEP HDD CDD  WTR  SNW DPTH SPD SPD DIR MIN PSBL S-S WX    SPD DR
================================================================================

 1  91  47  69   0   0   4 0.00    M    M  9.2 20 190   M    M   4        25 180
 2  96  45  71   2   0   6 0.00    M    M  9.2 25 190   M    M   1        32 210
 3  81  61  71   2   0   6 0.00    M    M 18.5 30 200   M    M   0        36 200
 4  86  38  62  -7   3   0 0.00    M    M  5.4 15 190   M    M   0 8      19 200
 5  86  38  62  -7   3   0    T    M    M  7.1 29 130   M    M   4 8      35 100
 6  89  49  69   0   0   4 0.00    M    M  7.3 26 190   M    M   2 3      36 180
 7  89  50  70   1   0   5 0.09    M    M 10.1 25 240   M    M   3 3      37 270
 8  87  42  65  -3   0   0 0.00    M    M  6.8 22 200   M    M   1        28 200
 9  82  49  66  -2   0   1 0.00    M    M 14.8 24 210   M    M   0        30 200
10  79  45  62  -6   3   0 0.00    M    M 11.6 20 200   M    M   0        28 210
11  81  45  63  -5   2   0    T    M    M  9.8 22 220   M    M   2        30 220
12  84  41  63  -5   2   0 0.00    M    M  6.0 16 200   M    M   0        25 210
13  88  40  64  -4   1   0 0.00    M    M  5.5 15 200   M    M   0        19 200
14  90  44  67  -1   0   2 0.00    M    M  5.8 17  20   M    M   2        24  10
15  93  48  71   4   0   6 0.00    M    M  5.6 13  10   M    M   1        20 130
16  94  48  71   4   0   6 0.00    M    M  5.8 17 210   M    M   2        23 220
17  94  47  71   4   0   6 0.00    M    M  6.0 25 160   M    M   3        32 150
18  88  51  70   3   0   5 0.00    M    M  5.8 22 230   M    M   4 3      29 220
19  81  47  64  -3   1   0 0.00    M    M 12.6 26  20   M    M   0        33  10
20  84  39  62  -4   3   0 0.00    M    M  4.3 13 180   M    M   0        17 170
21  91  44  68   2   0   3 0.00    M    M  9.9 24 210   M    M   0        32 200
22  86  48  67   1   0   2 0.00    M    M 19.0 33 220   M    M   2 7      45 220
23  81  42  62  -4   3   0 0.00    M    M 13.0 26 210   M    M   1        34 220
24  76  35  56  -9   9   0 0.00    M    M  8.1 28 360   M    M   2 78     36 340
================================================================================
SM 2077 1083        30  56  0.09    M    217.2          M       34
================================================================================
AV 86.5 45.1                               9.1 FASTST   M    M   1    MAX(MPH)
                                 MISC ---->  # 33 220               # 45  220
================================================================================
NOTES:
# LAST OF SEVERAL OCCURRENCES
PRECIPITATION SUSPECT DURING FREEZING/FROZEN EVENTS

COLUMN 17 PEAK WIND IN M.P.H.

PRELIMINARY LOCAL CLIMATOLOGICAL DATA (WS FORM: F-6) , PAGE 2

                                          STATION:  IDAHO FALLS ID
                                          MONTH:    AUGUST
                                          YEAR:     2016
                                          LATITUDE:   43 31 N
                                          LONGITUDE: 112  4 W

[TEMPERATURE DATA]      [PRECIPITATION DATA]       SYMBOLS USED IN COLUMN 16

AVERAGE MONTHLY: 65.8   TOTAL FOR MONTH:   0.09    1 = FOG OR MIST
DPTR FM NORMAL:  -1.8   DPTR FM NORMAL:   -0.30    2 = FOG REDUCING VISIBILITY
HIGHEST:    96 ON  2    GRTST 24HR  0.09 ON  7- 7      TO 1/4 MILE OR LESS
LOWEST:     35 ON 24                               3 = THUNDER
                        SNOW, ICE PELLETS, HAIL    4 = ICE PELLETS
                        TOTAL MONTH:    M          5 = HAIL
                        GRTST 24HR    M  ON   M    6 = FREEZING RAIN OR DRIZZLE
                        GRTST DEPTH:  M  ON   M    7 = DUSTSTORM OR SANDSTORM:
                                                       VSBY 1/2 MILE OR LESS
                                                   8 = SMOKE OR HAZE
[NO. OF DAYS WITH]      [WEATHER - DAYS WITH]      9 = BLOWING SNOW
                                                   X = TORNADO
MAX 32 OR BELOW:   0    0.01 INCH OR MORE:   1
MAX 90 OR ABOVE:   7    0.10 INCH OR MORE:   0
MIN 32 OR BELOW:   0    0.50 INCH OR MORE:   0
MIN  0 OR BELOW:   0    1.00 INCH OR MORE:   0

[HDD (BASE 65) ]
TOTAL THIS MO.    30    CLEAR  (SCALE 0-3)  20
DPTR FM NORMAL    11    PTCLDY (SCALE 4-7)   4
TOTAL FM JUL 1    63    CLOUDY (SCALE 8-10)  0
DPTR FM NORMAL    17

[CDD (BASE 65) ]
TOTAL THIS MO.    56
DPTR FM NORMAL   -26    [PRESSURE DATA]
TOTAL FM JAN 1   232    HIGHEST SLP M ON M
DPTR FM NORMAL    -5    LOWEST  SLP 29.67 ON  8

[REMARKS]
