000
CXUS55 KPIH 261200
CF6IDA

PRELIMINARY LOCAL CLIMATOLOGICAL DATA (WS FORM: F-6)

                                          STATION:   IDAHO FALLS ID
                                          MONTH:     JULY
                                          YEAR:      2017
                                          LATITUDE:   43 31 N
                                          LONGITUDE: 112  4 W

  TEMPERATURE IN F:       :PCPN:    SNOW:  WIND      :SUNSHINE: SKY     :PK WND
================================================================================
1   2   3   4   5  6A  6B    7    8   9   10  11  12  13   14  15   16   17  18
                                     12Z  AVG MX 2MIN
DY MAX MIN AVG DEP HDD CDD  WTR  SNW DPTH SPD SPD DIR MIN PSBL S-S WX    SPD DR
================================================================================

 1  85  44  65   0   0   0 0.00    M    M  4.0 12 260   M    M   0        14 250
 2  89  50  70   4   0   5    T    M    M  5.6 33 300   M    M   1        46 290
 3  90  48  69   3   0   4    T    M    M  5.7 18 340   M    M   1        28 350
 4  93  48  71   5   0   6 0.00    M    M  5.9 16 170   M    M   0        21 190
 5  99  52  76  10   0  11 0.00    M    M  7.5 17 150   M    M   1        21  30
 6  93  56  75   8   0  10    T    M    M  6.4 26 240   M    M   1        39 250
 7  94  55  75   8   0  10    T    M    M  5.1 20  80   M    M   3        23  60
 8  97  52  75   8   0  10    T    M    M  6.5 23 220   M    M   2 3      29 220
 9  92  55  74   7   0   9 0.17    M    M  7.2 29 290   M    M   2 3      37 290
10  91  55  73   5   0   8 0.00    M    M  9.4 22 200   M    M   1        27 200
11  89  51  70   2   0   5 0.00    M    M 12.2 25 200   M    M   1        31 180
12  90  53  72   4   0   7 0.00    M    M  9.8 21 200   M    M   1        26 190
13  95  48  72   4   0   7 0.00    M    M  6.4 17 210   M    M   1        22 210
14  94  53  74   6   0   9 0.00    M    M  4.3  9  50   M    M   2        12  60
15  96  55  76   8   0  11 0.00    M    M  6.4 26 220   M    M   1        32 220
16  85  53  69   0   0   4 0.00    M    M 12.4 35 210   M    M   0        40 200
17  92  51  72   3   0   7 0.00    M    M 10.4 24 170   M    M   1        28 170
18  93  48  71   2   0   6 0.00    M    M  6.1 18 220   M    M   2        27 210
19  94  53  74   5   0   9 0.00    M    M  5.8 18 210   M    M   1 8      23 200
20  89  54  72   3   0   7 0.01    M    M  8.8 20 170   M    M   3        24 170
21  88  46  67  -2   0   2 0.00    M    M  7.0 16 180   M    M   0 8      21 170
22  89  47  68  -1   0   3 0.00    M    M  3.1 14 200   M    M   0 8      16 200
23  94  46  70   1   0   5 0.00    M    M  6.0 20 130   M    M   2        22 140
24  94  52  73   4   0   8 0.00    M    M  6.0 21 360   M    M   2        27  10
25  82  53  68  -1   0   3 0.00    M    M  6.4 22 210   M    M   5        26 230
================================================================================
SM 2287 1278         0 166  0.18    M    174.4          M       34
================================================================================
AV 91.5 51.1                               7.0 FASTST   M    M   1    MAX(MPH)
                                 MISC ---->  # 35 210               # 46  290
================================================================================
NOTES:
# LAST OF SEVERAL OCCURRENCES
PRECIPITATION SUSPECT DURING FREEZING/FROZEN EVENTS

COLUMN 17 PEAK WIND IN M.P.H.

PRELIMINARY LOCAL CLIMATOLOGICAL DATA (WS FORM: F-6) , PAGE 2

                                          STATION:  IDAHO FALLS ID
                                          MONTH:    JULY
                                          YEAR:     2017
                                          LATITUDE:   43 31 N
                                          LONGITUDE: 112  4 W

[TEMPERATURE DATA]      [PRECIPITATION DATA]       SYMBOLS USED IN COLUMN 16

AVERAGE MONTHLY: 71.3   TOTAL FOR MONTH:   0.18    1 = FOG OR MIST
DPTR FM NORMAL:   3.5   DPTR FM NORMAL:   -0.23    2 = FOG REDUCING VISIBILITY
HIGHEST:    99 ON  5    GRTST 24HR  0.17 ON  9- 9      TO 1/4 MILE OR LESS
LOWEST:     44 ON  1                               3 = THUNDER
                        SNOW, ICE PELLETS, HAIL    4 = ICE PELLETS
                        TOTAL MONTH:    M          5 = HAIL
                        GRTST 24HR    M  ON   M    6 = FREEZING RAIN OR DRIZZLE
                        GRTST DEPTH:  M  ON   M    7 = DUSTSTORM OR SANDSTORM:
                                                       VSBY 1/2 MILE OR LESS
                                                   8 = SMOKE OR HAZE
[NO. OF DAYS WITH]      [WEATHER - DAYS WITH]      9 = BLOWING SNOW
                                                   X = TORNADO
MAX 32 OR BELOW:   0    0.01 INCH OR MORE:   2
MAX 90 OR ABOVE:  17    0.10 INCH OR MORE:   1
MIN 32 OR BELOW:   0    0.50 INCH OR MORE:   0
MIN  0 OR BELOW:   0    1.00 INCH OR MORE:   0

[HDD (BASE 65) ]
TOTAL THIS MO.     0    CLEAR  (SCALE 0-3)  24
DPTR FM NORMAL   -25    PTCLDY (SCALE 4-7)   1
TOTAL FM JUL 1     0    CLOUDY (SCALE 8-10)  0
DPTR FM NORMAL   -25

[CDD (BASE 65) ]
TOTAL THIS MO.   166
DPTR FM NORMAL    68    [PRESSURE DATA]
TOTAL FM JAN 1   206    HIGHEST SLP 29.89 ON 13
DPTR FM NORMAL    76    LOWEST  SLP 29.74 ON 10

[REMARKS]
