000
CXUS51 KPHI 260800
CF6ILG
PRELIMINARY LOCAL CLIMATOLOGICAL DATA (WS FORM: F-6)

                                          STATION:   WILMINGTON DE
                                          MONTH:     FEBRUARY
                                          YEAR:      2015
                                          LATITUDE:   39 40 N
                                          LONGITUDE:  75 36 W

  TEMPERATURE IN F:       :PCPN:    SNOW:  WIND      :SUNSHINE: SKY     :PK WND
================================================================================
1   2   3   4   5  6A  6B    7    8   9   10  11  12  13   14  15   16   17  18
                                     12Z  AVG MX 2MIN
DY MAX MIN AVG DEP HDD CDD  WTR  SNW DPTH SPD SPD DIR MIN PSBL S-S WX    SPD DR
================================================================================

 1  41  19  30  -3  35   0 0.06  0.2    0  6.1 13 240   M    M   7 1      16 140
 2  41  23  32  -1  33   0 0.79    T    0 12.7 37 330   M    M   8 1      47 320
 3  31  19  25  -8  40   0 0.00  0.0    0 10.3 25 320   M    M   0        35 310
 4  48  23  36   3  29   0 0.00  0.0    0  6.4 14 200   M    M   2        18 230
 5  40  16  28  -5  37   0    T    T    0 14.0 31 330   M    M   4        39 310
 6  32  12  22 -12  43   0 0.00  0.0    0  7.8 18 270   M    M   1        23 290
 7  44  17  31  -3  34   0 0.00  0.0    0  5.5 13 140   M    M   2        16 150
 8  53  31  42   8  23   0 0.00  0.0    0  5.8 18  50   M    M   1 1      22  60
 9  38  29  34   0  31   0 0.01  0.0    0 14.0 21  60   M    M  10 16     26  60
10  43  28  36   2  29   0    T  0.0    0 14.7 25  20   M    M   6 6      32  30
11  40  25  33  -1  32   0 0.00  0.0    0  9.1 18  30   M    M   1        22  20
12  41  18  30  -4  35   0 0.00  0.0    0 13.0 36 320   M    M   7 1      48 320
13  25  10  18 -17  47   0 0.00  0.0    0 15.5 32 310   M    M   0        43 330
14  32  16  24 -11  41   0 0.13  1.4    0 10.3 41 290   M    M   9 1289   51 300
15  16   7  12 -23  53   0    T    T    1 25.6 40 300   M    M   1 89     54 290
16  16   2   9 -26  56   0 0.03  0.4    1 10.5 25 330   M    M   3 1      33 310
17  25  13  19 -16  46   0 0.22  2.9    3  7.1 15 300   M    M   4 1      17 300
18  30   5  18 -18  47   0    T    T    2  6.9 28 290   M    M   3 18     34 300
19  21   6  14 -22  51   0 0.00  0.0    2 19.7 31 300   M    M   2        42 300
20  18   2  10 -26  55   0 0.00  0.0    2 13.6 28 300   M    M   0        34 310
21  33   3  18 -18  47   0 0.67  5.0    2  9.0 18 180   M    M   6 126    25 170
22  43  32  38   1  27   0 0.23  0.0    4  4.3 14 320   M    M   5 18     17 320
23  36  13  25 -12  40   0 0.00  0.0    2 14.2 28 310   M    M   5        34 310
24  23   6  15 -22  50   0 0.00  0.0    2  6.4 17 160   M    M   0        19 150
25  38  11  25 -12  40   0 0.00  0.0    2  6.9 18 270   M    M   0 8      22 270
================================================================================
SM  848  386      1001   0  2.14     9.9 269.4          M       87
================================================================================
AV 33.9 15.4                              10.8 FASTST   M    M   3    MAX(MPH)
                                 MISC ---->  # 41 290               # 54  290
================================================================================
NOTES:
# LAST OF SEVERAL OCCURRENCES

COLUMN 17 PEAK WIND IN M.P.H.

PRELIMINARY LOCAL CLIMATOLOGICAL DATA (WS FORM: F-6) , PAGE 2

                                          STATION:  WILMINGTON DE
                                          MONTH:    FEBRUARY
                                          YEAR:     2015
                                          LATITUDE:   39 40 N
                                          LONGITUDE:  75 36 W

[TEMPERATURE DATA]      [PRECIPITATION DATA]       SYMBOLS USED IN COLUMN 16

AVERAGE MONTHLY: 24.7   TOTAL FOR MONTH:   2.14    1 = FOG OR MIST
DPTR FM NORMAL: -10.1   DPTR FM NORMAL:   -0.25    2 = FOG REDUCING VISIBILITY
HIGHEST:    53 ON  8    GRTST 24HR  0.90 ON 21-22      TO 1/4 MILE OR LESS
LOWEST:      2 ON 20,16                            3 = THUNDER
                        SNOW, ICE PELLETS, HAIL    4 = ICE PELLETS
                        TOTAL MONTH:   9.9 INCHES  5 = HAIL
                        GRTST 24HR   5.0 ON 21-21  6 = FREEZING RAIN OR DRIZZLE
                        GRTST DEPTH:   4 ON 22     7 = DUSTSTORM OR SANDSTORM:
                                                       VSBY 1/2 MILE OR LESS
                                                   8 = SMOKE OR HAZE
[NO. OF DAYS WITH]      [WEATHER - DAYS WITH]      9 = BLOWING SNOW
                                                   X = TORNADO
MAX 32 OR BELOW:  11    0.01 INCH OR MORE:   8
MAX 90 OR ABOVE:   0    0.10 INCH OR MORE:   5
MIN 32 OR BELOW:  25    0.50 INCH OR MORE:   2
MIN  0 OR BELOW:   0    1.00 INCH OR MORE:   0

[HDD (BASE 65) ]
TOTAL THIS MO.  1001    CLEAR  (SCALE 0-3)  13
DPTR FM NORMAL   246    PTCLDY (SCALE 4-7)  10
TOTAL FM JUL 1  3721    CLOUDY (SCALE 8-10)  2
DPTR FM NORMAL   179

[CDD (BASE 65) ]
TOTAL THIS MO.     0
DPTR FM NORMAL     0    [PRESSURE DATA]
TOTAL FM JAN 1     0    HIGHEST SLP M ON M
DPTR FM NORMAL     0    LOWEST  SLP 29.36 ON  2

[REMARKS]
