000
CXUS53 KIND 240730
CF6IND
PRELIMINARY LOCAL CLIMATOLOGICAL DATA (WS FORM: F-6)

                                          STATION:   INDIANAPOLIS IN
                                          MONTH:     AUGUST
                                          YEAR:      2016
                                          LATITUDE:   39 43 N
                                          LONGITUDE:  86 17 W

  TEMPERATURE IN F:       :PCPN:    SNOW:  WIND      :SUNSHINE: SKY     :PK WND
================================================================================
1   2   3   4   5  6A  6B    7    8   9   10  11  12  13   14  15   16   17  18
                                     12Z  AVG MX 2MIN
DY MAX MIN AVG DEP HDD CDD  WTR  SNW DPTH SPD SPD DIR MIN PSBL S-S WX    SPD DR
================================================================================

 1  86  70  78   3   0  13 0.00  0.0    0  3.1 10 130   M    M   6        14  70
 2  91  69  80   5   0  15 0.00  0.0    0  3.9 10 140   M    M   5 1      14 350
 3  90  72  81   6   0  16 0.00  0.0    0  5.0 13 360   M    M   6        15  10
 4  92  74  83   8   0  18    T  0.0    0  5.4 21 160   M    M   6 38     27 160
 5  91  72  82   7   0  17 0.00  0.0    0  8.1 18 270   M    M   6 18     21 260
 6  86  73  80   5   0  15 0.00  0.0    0  7.4 14 340   M    M   5        17 330
 7  88  66  77   2   0  12 0.00  0.0    0  6.9 14 340   M    M   3        15 340
 8  88  70  79   4   0  14 0.00  0.0    0  8.5 15 100   M    M   6        19  90
 9  91  69  80   5   0  15 0.00  0.0    0  5.2 14 170   M    M   5        17 180
10  86  75  81   6   0  16 0.66  0.0    0  5.3 18 150   M    M   6 13     21 150
11  93  76  85  10   0  20 0.00  0.0    0  9.6 18 190   M    M   7        24 230
12  90  76  83   8   0  18    T  0.0    0 10.1 18 170   M    M   7        23 220
13  80  73  77   2   0  12 0.76  0.0    0 10.9 18 200   M    M  10 13     22 200
14  76  68  72  -3   0   7 1.23  0.0    0  5.2 16 330   M    M  10 1      18 330
15  78  71  75   1   0  10 0.83  0.0    0 10.0 17 190   M    M  10 1      22 200
16  79  71  75   1   0  10 0.14  0.0    0 11.2 24 220   M    M   9 1      29 220
17  84  70  77   3   0  12 0.00  0.0    0  6.2 13 200   M    M   8 18     17 240
18  86  69  78   4   0  13 0.00  0.0    0  6.9 15 190   M    M   6 128    21 180
19  86  72  79   5   0  14    T  0.0    0  8.3 20  60   M    M   7 13     23  60
20  84  70  77   3   0  12 0.49  0.0    0 10.5 25 200   M    M   7 13     34 280
21  79  62  71  -3   0   6 0.00  0.0    0  9.8 21 260   M    M   3        26 270
22  79  58  69  -5   0   4 0.00  0.0    0  3.3 12 180   M    M   2        15 240
23  81  62  72  -2   0   7 0.00  0.0    0  7.1 16 180   M    M   6        20 190
================================================================================
SM 1964 1608         0 296  4.11     0.0 167.9          M      146
================================================================================
AV 85.4 69.9                               7.3 FASTST   M    M   6    MAX(MPH)
                                 MISC ---->  # 25 200               # 34  280
================================================================================
NOTES:
# LAST OF SEVERAL OCCURRENCES

COLUMN 17 PEAK WIND IN M.P.H.

PRELIMINARY LOCAL CLIMATOLOGICAL DATA (WS FORM: F-6) , PAGE 2

                                          STATION:  INDIANAPOLIS IN
                                          MONTH:    AUGUST
                                          YEAR:     2016
                                          LATITUDE:   39 43 N
                                          LONGITUDE:  86 17 W

[TEMPERATURE DATA]      [PRECIPITATION DATA]       SYMBOLS USED IN COLUMN 16

AVERAGE MONTHLY: 77.7   TOTAL FOR MONTH:   4.11    1 = FOG OR MIST
DPTR FM NORMAL:   3.0   DPTR FM NORMAL:    1.78    2 = FOG REDUCING VISIBILITY
HIGHEST:    93 ON 11    GRTST 24HR  1.80 ON 13-14      TO 1/4 MILE OR LESS
LOWEST:     58 ON 22                               3 = THUNDER
                        SNOW, ICE PELLETS, HAIL    4 = ICE PELLETS
                        TOTAL MONTH:   0.0 INCH    5 = HAIL
                        GRTST 24HR     0.0         6 = FREEZING RAIN OR DRIZZLE
                        GRTST DEPTH:   0           7 = DUSTSTORM OR SANDSTORM:
                                                       VSBY 1/2 MILE OR LESS
                                                   8 = SMOKE OR HAZE
[NO. OF DAYS WITH]      [WEATHER - DAYS WITH]      9 = BLOWING SNOW
                                                   X = TORNADO
MAX 32 OR BELOW:   0    0.01 INCH OR MORE:   6
MAX 90 OR ABOVE:   7    0.10 INCH OR MORE:   6
MIN 32 OR BELOW:   0    0.50 INCH OR MORE:   4
MIN  0 OR BELOW:   0    1.00 INCH OR MORE:   1

[HDD (BASE 65) ]
TOTAL THIS MO.     0    CLEAR  (SCALE 0-3)   3
DPTR FM NORMAL     0    PTCLDY (SCALE 4-7)  16
TOTAL FM JUL 1     2    CLOUDY (SCALE 8-10)  4
DPTR FM NORMAL     1

[CDD (BASE 65) ]
TOTAL THIS MO.   296
DPTR FM NORMAL    73    [PRESSURE DATA]
TOTAL FM JAN 1  1060    HIGHEST SLP M ON M
DPTR FM NORMAL   204    LOWEST  SLP 29.64 ON 20

[REMARKS]
