000
CXUS54 KMAF 171100
CF6INK
PRELIMINARY LOCAL CLIMATOLOGICAL DATA (WS FORM: F-6)

                                          STATION:   Wink
                                          MONTH:     JANUARY
                                          YEAR:      2018
                                          LATITUDE:   31 46 N
                                          LONGITUDE: 103 12 W

  TEMPERATURE IN F:       :PCPN:    SNOW:  WIND      :SUNSHINE: SKY     :PK WND
================================================================================
1   2   3   4   5  6A  6B    7    8   9   10  11  12  13   14  15   16   17  18
                                     12Z  AVG MX 2MIN
DY MAX MIN AVG DEP HDD CDD  WTR  SNW DPTH SPD SPD DIR MIN PSBL S-S WX    SPD DR
================================================================================

 1  29  16  23 -21  42   0 0.00  0.0    0  7.2 14  80   M    M   6        18  80
 2  29  14  22 -22  43   0 0.00  0.0    0  7.7 15  60   M    M   4        18  50
 3  53   9  31 -13  34   0 0.00  0.0    0  5.3 12 270   M    M   0 8      15 250
 4  51  20  36  -8  29   0 0.00  0.0    0  4.7 10  50   M    M   3        12  40
 5  64  20  42  -2  23   0 0.00  0.0    0  5.2 12 330   M    M   0 8      12 330
 6  67  23  45   1  20   0 0.00  0.0    0  6.4 13 140   M    M   0        15 140
 7  75  37  56  12   9   0 0.00  0.0    0  9.5 31 340   M    M   1        38 350
 8  67  27  47   3  18   0 0.00  0.0    0  8.9 16 130   M    M   0        22 120
 9  78  31  55  11  10   0 0.00  0.0    0  6.6 14 220   M    M   0        16 120
10  78  42  60  16   5   0    T  0.0    0 14.1 54 280   M    M   2 8      65 270
11  57  29  43  -1  22   0    T  0.0    0 13.6 30 360   M    M   6        38 350
12  65  21  43  -1  22   0 0.00  0.0    0  5.9 17 150   M    M   0        21 130
13  52  22  37  -7  28   0 0.00  0.0    0  8.3 18  60   M    M   0        23  60
14  61  21  41  -3  24   0 0.00  0.0    0  4.1 10 350   M    M   0        12 130
15  68  22  45   1  20   0 0.00  0.0    0 12.4 36  30   M    M   3 8      44  30
16  31  25  28 -16  37   0 0.00  0.0    0  7.1 20  30   M    M  10        25  40
================================================================================
SM  925  379       386   0    T      0.0 127.0          M       35
================================================================================
AV 57.8 23.7                               7.9 FASTST   M    M   2    MAX(MPH)
                                 MISC ---->  # 54 280               # 65  270
================================================================================
NOTES:
# LAST OF SEVERAL OCCURRENCES

COLUMN 17 PEAK WIND IN M.P.H.

PRELIMINARY LOCAL CLIMATOLOGICAL DATA (WS FORM: F-6) , PAGE 2

                                          STATION:  Wink
                                          MONTH:    JANUARY
                                          YEAR:     2018
                                          LATITUDE:   31 46 N
                                          LONGITUDE: 103 12 W

[TEMPERATURE DATA]      [PRECIPITATION DATA]       SYMBOLS USED IN COLUMN 16

AVERAGE MONTHLY: 40.8   TOTAL FOR MONTH:      T    1 = FOG OR MIST
DPTR FM NORMAL:  -3.2   DPTR FM NORMAL:   -0.21    2 = FOG REDUCING VISIBILITY
HIGHEST:    78 ON 10, 9 GRTST 24HR    T  ON 11-11      TO 1/4 MILE OR LESS
LOWEST:      9 ON  3                               3 = THUNDER
                        SNOW, ICE PELLETS, HAIL    4 = ICE PELLETS
                        TOTAL MONTH:   0.0 INCH    5 = HAIL
                        GRTST 24HR     0.0         6 = FREEZING RAIN OR DRIZZLE
                        GRTST DEPTH:   0           7 = DUSTSTORM OR SANDSTORM:
                                                       VSBY 1/2 MILE OR LESS
                                                   8 = SMOKE OR HAZE
[NO. OF DAYS WITH]      [WEATHER - DAYS WITH]      9 = BLOWING SNOW
                                                   X = TORNADO
MAX 32 OR BELOW:   3    0.01 INCH OR MORE:   0
MAX 90 OR ABOVE:   0    0.10 INCH OR MORE:   0
MIN 32 OR BELOW:  14    0.50 INCH OR MORE:   0
MIN  0 OR BELOW:   0    1.00 INCH OR MORE:   0

[HDD (BASE 65) ]
TOTAL THIS MO.   386    CLEAR  (SCALE 0-3)  11
DPTR FM NORMAL    50    PTCLDY (SCALE 4-7)   4
TOTAL FM JUL 1  1386    CLOUDY (SCALE 8-10)  1
DPTR FM NORMAL   -23

[CDD (BASE 65) ]
TOTAL THIS MO.     0
DPTR FM NORMAL     0    [PRESSURE DATA]
TOTAL FM JAN 1     0    HIGHEST SLP M ON M
DPTR FM NORMAL     0    LOWEST  SLP 29.52 ON 10

[REMARKS]
