000
CXUS53 KDLH 200641
CF6INL
PRELIMINARY LOCAL CLIMATOLOGICAL DATA (WS FORM: F-6)

                                          STATION:   INTERNATIONAL FALLS MN
                                          MONTH:     OCTOBER
                                          YEAR:      2014
                                          LATITUDE:   48 34 N
                                          LONGITUDE:  93 23 W

  TEMPERATURE IN F:       :PCPN:    SNOW:  WIND      :SUNSHINE: SKY     :PK WND
================================================================================
1   2   3   4   5  6A  6B    7    8   9   10  11  12  13   14  15   16   17  18
                                     12Z  AVG MX 2MIN
DY MAX MIN AVG DEP HDD CDD  WTR  SNW DPTH SPD SPD DIR MIN PSBL S-S WX    SPD DR
================================================================================

 1  55  45  50   3  15   0 0.00  0.0    0  8.7 16 140   M    M   9        24 150
 2  59  32  46  -1  19   0 0.00  0.0    0  3.0  9 250   M    M   5 1      15 200
 3  46  32  39  -7  26   0 0.23  0.0    0 12.5 22 290   M    M   9 1      29 300
 4  44  34  39  -7  26   0 0.02    T    0 13.8 24 310   M    M   8 1      34 300
 5  48  31  40  -5  25   0 0.00  0.0    0 11.3 23 290   M    M   8        31 310
 6  46  31  39  -6  26   0    T  0.0    0  9.3 18 290   M    M   9        27 260
 7  46  30  38  -7  27   0    T    T    0  9.3 22 300   M    M   9 1      29 300
 8  47  30  39  -5  26   0    T    T    0 11.0 24 290   M    M   8 1      31 280
 9  53  33  43  -1  22   0 0.00  0.0    0  7.2 15 320   M    M   7        20 280
10  45  23  34 -10  31   0    T  0.0    0  3.0 14 330   M    M   9        17 330
11  60  24  42  -1  23   0 0.00  0.0    0  7.9 18 210   M    M   2        30 220
12  63  41  52   9  13   0 0.09  0.0    0  7.1 17 200   M    M   4 1      27 200
13  57  31  44   2  21   0 0.23  0.0    0  0.6  7 350   M    M   6 12      8 350
14  63  30  47   5  18   0 0.00  0.0    0  3.4 13 360   M    M   1 12     14 360
15  66  26  46   4  19   0 0.00  0.0    0  4.5 10 150   M    M   0 1      17 210
16  65  33  49   8  16   0 0.00  0.0    0  9.1 22 120   M    M   3        28 130
17  52  37  45   4  20   0    T  0.0    0 12.5 21 360   M    M  10        27 360
18  47  28  38  -2  27   0    T    T    0  4.0 12  10   M    M   5        16  30
19  61  31  46   6  19   0 0.00  0.0    0  6.2 21 330   M    M   4        25 330
================================================================================
SM 1023  602       419   0  0.57    T    144.4          M      116
================================================================================
AV 53.8 31.7                               7.6 FASTST   M    M   6    MAX(MPH)
                                 MISC ---->  # 24 310               # 34  300
================================================================================
NOTES:
# LAST OF SEVERAL OCCURRENCES

COLUMN 17 PEAK WIND IN M.P.H.

PRELIMINARY LOCAL CLIMATOLOGICAL DATA (WS FORM: F-6) , PAGE 2

                                          STATION:  INTERNATIONAL FALLS MN
                                          MONTH:    OCTOBER
                                          YEAR:     2014
                                          LATITUDE:   48 34 N
                                          LONGITUDE:  93 23 W

[TEMPERATURE DATA]      [PRECIPITATION DATA]       SYMBOLS USED IN COLUMN 16

AVERAGE MONTHLY: 42.8   TOTAL FOR MONTH:   0.57    1 = FOG OR MIST
DPTR FM NORMAL:  -0.8   DPTR FM NORMAL:   -0.81    2 = FOG REDUCING VISIBILITY
HIGHEST:    66 ON 15    GRTST 24HR  0.32 ON 12-13      TO 1/4 MILE OR LESS
LOWEST:     23 ON 10                               3 = THUNDER
                        SNOW, ICE PELLETS, HAIL    4 = ICE PELLETS
                        TOTAL MONTH:    T          5 = HAIL
                        GRTST 24HR    T  ON 18-18  6 = FREEZING RAIN OR DRIZZLE
                        GRTST DEPTH:   0           7 = DUSTSTORM OR SANDSTORM:
                                                       VSBY 1/2 MILE OR LESS
                                                   8 = SMOKE OR HAZE
[NO. OF DAYS WITH]      [WEATHER - DAYS WITH]      9 = BLOWING SNOW
                                                   X = TORNADO
MAX 32 OR BELOW:   0    0.01 INCH OR MORE:   4
MAX 90 OR ABOVE:   0    0.10 INCH OR MORE:   2
MIN 32 OR BELOW:  13    0.50 INCH OR MORE:   0
MIN  0 OR BELOW:   0    1.00 INCH OR MORE:   0

[HDD (BASE 65) ]
TOTAL THIS MO.   419    CLEAR  (SCALE 0-3)   4
DPTR FM NORMAL    11    PTCLDY (SCALE 4-7)   9
TOTAL FM JUL 1   955    CLOUDY (SCALE 8-10)  6
DPTR FM NORMAL    13

[CDD (BASE 65) ]
TOTAL THIS MO.     0
DPTR FM NORMAL     0    [PRESSURE DATA]
TOTAL FM JAN 1   121    HIGHEST SLP M ON M
DPTR FM NORMAL   -71    LOWEST  SLP 29.33 ON  6

[REMARKS]
