000
CXUS56 KFGZ 290900
CF6INW
PRELIMINARY LOCAL CLIMATOLOGICAL DATA (WS FORM: F-6)

                                          STATION:   WINSLOW AZ AIRPORT
                                          MONTH:     JULY
                                          YEAR:      2015
                                          LATITUDE:   35  1 N
                                          LONGITUDE: 110 44 W

  TEMPERATURE IN F:       :PCPN:    SNOW:  WIND      :SUNSHINE: SKY     :PK WND
================================================================================
1   2   3   4   5  6A  6B    7    8   9   10  11  12  13   14  15   16   17  18
                                     12Z  AVG MX 2MIN
DY MAX MIN AVG DEP HDD CDD  WTR  SNW DPTH SPD SPD DIR MIN PSBL S-S WX    SPD DR
================================================================================

 1 100  65  83   6   0  18 0.04    M    M 12.5 33  90   M    M   1 38     47  80
 2  96  64  80   3   0  15 0.00    M    M  5.3 18 250   M    M   0 3      25 250
 3  99  66  83   6   0  18 0.09    M    M 10.6 28 140   M    M   3 3      36 140
 4  85  66  76  -2   0  11 0.15    M    M  8.0 25 270   M    M   4 13     30 270
 5  88  63  76  -2   0  11    T    M    M  8.6 26 240   M    M   2 3      33 260
 6  92  63  78   0   0  13    T    M    M  8.4 24 250   M    M   2        30 250
 7  91  60  76  -2   0  11    T    M    M  6.2 31 310   M    M   1 3      41 310
 8  93  59  76  -2   0  11 0.00    M    M 10.5 29 240   M    M   2        38 250
 9  81  59  70  -8   0   5 0.07    M    M 10.4 25 120   M    M   3 3      34  90
10  89  56  73  -5   0   8 0.00    M    M 12.1 25 220   M    M   1        32 220
11  91  63  77  -1   0  12 0.00    M    M 11.5 23 210   M    M   1        30 170
12  94  56  75  -3   0  10    T    M    M  9.2 29 120   M    M   1 3      36 120
13  93  64  79   1   0  14 0.01    M    M 10.5 26 180   M    M   3 3      31 170
14  87  61  74  -5   0   9 0.02    M    M  8.2 29 210   M    M   3 3      37 220
15  86  59  73  -6   0   8 0.74    M    M  3.8 25 180   M    M   2 3      32 180
16  90  58  74  -5   0   9 0.00    M    M  7.3 25 260   M    M   1 38     32 230
17  93  59  76  -3   0  11    T    M    M 11.3 36 160   M    M   1 38     42 160
18  90  61  76  -3   0  11 0.14    M    M  9.7 29 250   M    M   3 3      37 230
19  85  61  73  -6   0   8 0.06    M    M  7.0 15 230   M    M   4        20 260
20  88  63  76  -3   0  11    T    M    M  5.7 29 320   M    M   3        35 320
21  92  59  76  -3   0  11 0.00    M    M  7.6 21 260   M    M   2        27 260
22  93  59  76  -2   0  11 0.00    M    M  7.5 22 240   M    M   1        31 210
23  94  59  77  -1   0  12 0.00    M    M  8.3 17 240   M    M   3        22 220
24  87  65  76  -2   0  11    T    M    M  4.3 10  50   M    M   5 8      14  50
25  93  58  76  -2   0  11 0.00    M    M  5.9 13 110   M    M   2        16 110
26  96  65  81   3   0  16 0.00    M    M  8.8 23 260   M    M   2        30 250
27  95  65  80   2   0  15 0.00    M    M 10.0 23 250   M    M   0        34 230
28  94  65  80   2   0  15 0.00    M    M  7.4 25 170   M    M   4        31 160
================================================================================
SM 2555 1721         0 326  1.32    M    236.6          M       60
================================================================================
AV 91.2 61.5                               8.4 FASTST   M    M   2    MAX(MPH)
                                 MISC ---->  # 36 160               # 47   80
================================================================================
NOTES:
# LAST OF SEVERAL OCCURRENCES

COLUMN 17 PEAK WIND IN M.P.H.

PRELIMINARY LOCAL CLIMATOLOGICAL DATA (WS FORM: F-6) , PAGE 2

                                          STATION:  WINSLOW AZ AIRPORT
                                          MONTH:    JULY
                                          YEAR:     2015
                                          LATITUDE:   35  1 N
                                          LONGITUDE: 110 44 W

[TEMPERATURE DATA]      [PRECIPITATION DATA]       SYMBOLS USED IN COLUMN 16

AVERAGE MONTHLY: 76.4   TOTAL FOR MONTH:   1.32    1 = FOG OR MIST
DPTR FM NORMAL:  -1.8   DPTR FM NORMAL:    0.41    2 = FOG REDUCING VISIBILITY
HIGHEST:   100 ON  1    GRTST 24HR  0.74 ON 15-15      TO 1/4 MILE OR LESS
LOWEST:     56 ON 12,10                            3 = THUNDER
                        SNOW, ICE PELLETS, HAIL    4 = ICE PELLETS
                        TOTAL MONTH:    M          5 = HAIL
                        GRTST 24HR    M  ON   M    6 = FREEZING RAIN OR DRIZZLE
                        GRTST DEPTH:  M  ON   M    7 = DUSTSTORM OR SANDSTORM:
                                                       VSBY 1/2 MILE OR LESS
                                                   8 = SMOKE OR HAZE
[NO. OF DAYS WITH]      [WEATHER - DAYS WITH]      9 = BLOWING SNOW
                                                   X = TORNADO
MAX 32 OR BELOW:   0    0.01 INCH OR MORE:   9
MAX 90 OR ABOVE:  19    0.10 INCH OR MORE:   3
MIN 32 OR BELOW:   0    0.50 INCH OR MORE:   1
MIN  0 OR BELOW:   0    1.00 INCH OR MORE:   0

[HDD (BASE 65) ]
TOTAL THIS MO.     0    CLEAR  (SCALE 0-3)  23
DPTR FM NORMAL     0    PTCLDY (SCALE 4-7)   5
TOTAL FM JUL 1     0    CLOUDY (SCALE 8-10)  0
DPTR FM NORMAL     0

[CDD (BASE 65) ]
TOTAL THIS MO.   326
DPTR FM NORMAL   -45    [PRESSURE DATA]
TOTAL FM JAN 1   679    HIGHEST SLP M ON M
DPTR FM NORMAL     0    LOWEST  SLP 29.80 ON M

[REMARKS]
