000
CXUS55 KDVN 281100
CF6IOW
PRELIMINARY LOCAL CLIMATOLOGICAL DATA (WS FORM: F-6)

                                          STATION:   IOWA CITY IA
                                          MONTH:     FEBRUARY
                                          YEAR:      2015
                                          LATITUDE:   41 37 N
                                          LONGITUDE:  91 33 W

  TEMPERATURE IN F:       :PCPN:    SNOW:  WIND      :SUNSHINE: SKY     :PK WND
================================================================================
1   2   3   4   5  6A  6B    7    8   9   10  11  12  13   14  15   16   17  18
                                     12Z  AVG MX 2MIN
DY MAX MIN AVG DEP HDD CDD  WTR  SNW DPTH SPD SPD DIR MIN PSBL S-S WX    SPD DR
================================================================================

 1  33  13  23   0  42   0 0.45    M    M 16.2 29  20   M    M  10 12     37  30
 2  14  -2   6 -17  59   0 0.00    M    M  6.5 14 330   M    M   2 18     19 320
 3  23   0  12 -11  53   0 0.00    M    M  4.1 13 180   M    M   6 1      16 150
 4  20   0  10 -14  55   0    T    M    M 11.4 21 320   M    M   5 18     26 320
 5  14 -13   1 -23  64   0 0.00    M    M  5.9 13 180   M    M   1        15 190
 6  34   4  19  -5  46   0 0.00    M    M  2.7 10 160   M    M   0 12     13 160
 7  43  17  30   6  35   0 0.00    M    M  2.7 14 180   M    M   2 128    16 180
 8  42  29  36  12  29   0 0.00    M    M  7.8 16  40   M    M   5 18     20  30
 9  30  17  24   0  41   0 0.00    M    M  6.4 15  40   M    M   8 1      18  30
10  31  15  23  -2  42   0 0.00    M    M  6.9 18 130   M    M   5 18     22 140
11  36  11  24  -1  41   0    T    M    M 17.4 35 300   M    M   7 1      50 320
12  14   4   9 -16  56   0 0.00    M    M 10.6 28 320   M    M   1        41 320
13  31   8  20  -6  45   0 0.00    M    M  9.0 21 310   M    M   5        28 310
14  26   2  14 -12  51   0 0.00    M    M 16.6 37 340   M    M   2        47 330
15  10   2   6 -20  59   0 0.00    M    M  8.6 15  40   M    M   8        17  30
16  21   7  14 -12  51   0 0.00    M    M  4.6 12 270   M    M   6        13 270
17  22   9  16 -11  49   0    T    M    M 11.8 22 290   M    M   6 18     28 320
18  11  -1   5 -22  60   0 0.00    M    M 15.4 26 300   M    M   2        35 300
19   9  -5   2 -25  63   0 0.00    M    M  6.2 10 140   M    M   0        15 280
20  31   5  18 -10  47   0    T    M    M 11.3 21 170   M    M   9        26 160
21  32  17  25  -3  40   0    T    M    M  8.4 20 340   M    M  10 18     27 330
22  17   1   9 -19  56   0 0.00    M    M 14.9 24 310   M    M   1        32 300
23  13  -7   3 -26  62   0 0.00    M    M  6.1 12 200   M    M   0        15 340
24  38   9  24  -5  41   0 0.00    M    M 14.2 25 280   M    M   3        33 300
25  22  15  19 -11  46   0 0.24    M    M  9.9 20  30   M    M   8 12     24  30
26  15  -4   6 -24  59   0    T    M    M 13.1 22 310   M    M   4 18     28 320
27   8 -14  -3 -33  68   0 0.00    M    M  3.9 12 330   M    M   0        14 330
================================================================================
SM  640  139      1360   0  0.69    M    252.6          M      116
================================================================================
AV 23.7  5.1                               9.4 FASTST   M    M   4    MAX(MPH)
                                 MISC ---->  # 37 340               # 50  320
================================================================================
NOTES:
# LAST OF SEVERAL OCCURRENCES

COLUMN 17 PEAK WIND IN M.P.H.

PRELIMINARY LOCAL CLIMATOLOGICAL DATA (WS FORM: F-6) , PAGE 2

                                          STATION:  IOWA CITY IA
                                          MONTH:    FEBRUARY
                                          YEAR:     2015
                                          LATITUDE:   41 37 N
                                          LONGITUDE:  91 33 W

[TEMPERATURE DATA]      [PRECIPITATION DATA]       SYMBOLS USED IN COLUMN 16

AVERAGE MONTHLY: 14.4   TOTAL FOR MONTH:   0.69    1 = FOG OR MIST
DPTR FM NORMAL: -11.7   DPTR FM NORMAL:   -0.50    2 = FOG REDUCING VISIBILITY
HIGHEST:    43 ON  7    GRTST 24HR  0.83 ON 31- 1      TO 1/4 MILE OR LESS
LOWEST:    -14 ON 27                               3 = THUNDER
                        SNOW, ICE PELLETS, HAIL    4 = ICE PELLETS
                        TOTAL MONTH:    M          5 = HAIL
                        GRTST 24HR    M  ON   M    6 = FREEZING RAIN OR DRIZZLE
                        GRTST DEPTH:  M  ON   M    7 = DUSTSTORM OR SANDSTORM:
                                                       VSBY 1/2 MILE OR LESS
                                                   8 = SMOKE OR HAZE
[NO. OF DAYS WITH]      [WEATHER - DAYS WITH]      9 = BLOWING SNOW
                                                   X = TORNADO
MAX 32 OR BELOW:  21    0.01 INCH OR MORE:   2
MAX 90 OR ABOVE:   0    0.10 INCH OR MORE:   2
MIN 32 OR BELOW:  27    0.50 INCH OR MORE:   0
MIN  0 OR BELOW:   9    1.00 INCH OR MORE:   0

[HDD (BASE 65) ]
TOTAL THIS MO.  1360    CLEAR  (SCALE 0-3)  11
DPTR FM NORMAL   310    PTCLDY (SCALE 4-7)  12
TOTAL FM JUL 1  5303    CLOUDY (SCALE 8-10)  4
DPTR FM NORMAL   386

[CDD (BASE 65) ]
TOTAL THIS MO.     0
DPTR FM NORMAL     0    [PRESSURE DATA]
TOTAL FM JAN 1     0    HIGHEST SLP M ON M
DPTR FM NORMAL     0    LOWEST  SLP 29.59 ON  8

[REMARKS]
