000
CXUS55 KEAX 300736
CF6IRK
PRELIMINARY LOCAL CLIMATOLOGICAL DATA (WS FORM: F-6)

                                          STATION:   KIRKSVILLE MO
                                          MONTH:     SEPTEMBER
                                          YEAR:      2014
                                          LATITUDE:   40  5 N
                                          LONGITUDE:  92 33 W

  TEMPERATURE IN F:       :PCPN:    SNOW:  WIND      :SUNSHINE: SKY     :PK WND
================================================================================
1   2   3   4   5  6A  6B    7    8   9   10  11  12  13   14  15   16   17  18
                                     12Z  AVG MX 2MIN
DY MAX MIN AVG DEP HDD CDD  WTR  SNW DPTH SPD SPD DIR MIN PSBL S-S WX    SPD DR
================================================================================

 1  82  65  74   4   0   9 0.33    M    M  8.3 29 140   M    M   4 13     37 130
 2  84  61  73   3   0   8 0.00    M    M  3.3 10 280   M    M   4 12     15 270
 3  82  61  72   3   0   7 0.00    M    M  8.1 17 170   M    M   2 128    22 150
 4  91  74  83  14   0  18 0.00    M    M 11.5 21 210   M    M   0        30 210
 5  82  59  71   2   0   6 0.01    M    M  9.4 21 360   M    M   5        29 340
 6  74  50  62  -6   3   0 0.00    M    M  6.7 16  30   M    M   1 1      20  30
 7  77  47  62  -6   3   0 0.00    M    M  3.8 13 110   M    M   0 18     17 130
 8  81  50  66  -2   0   1 0.00    M    M  7.4 18 160   M    M   4        22 320
 9  82  65  74   7   0   9 5.72    M    M 11.1 28 150   M    M   7 138    35 150
10  77  55  66  -1   0   1 3.88    M    M 11.5 18 350   M    M  10 13     23 330
11  58  49  54 -12  11   0 0.00    M    M  8.9 16  10   M    M  10 1      20  10
12  53  39  46 -20  19   0 0.03    M    M  7.6 18 350   M    M   5 1      24 360
13  61  37  49 -17  16   0 0.00    M    M  3.1 10 120   M    M   1 1      14 190
14  69  39  54 -11  11   0 0.00    M    M  3.9 10 170   M    M   3 1      14 180
15  67  52  60  -5   5   0 0.10    M    M  6.3 17 340   M    M  10 13     23 340
16  68  40  54 -10  11   0 0.00    M    M  2.9  9  40   M    M   1 12     13  90
17  72  49  61  -3   4   0    T    M    M  5.5 10  80   M    M   7 12     14 130
18  73  53  63   0   2   0 0.00    M    M  6.1 14  90   M    M   6 128    19 130
19  77  50  64   1   1   0 0.00    M    M  8.4 17 160   M    M   0 1      23 150
20  80  64  72   9   0   7 0.00    M    M  7.4 16 200   M    M   3 18     23 220
21  72  50  61  -1   4   0 0.00    M    M  9.3 20 330   M    M   1        27 330
22  73  44  59  -3   6   0 0.00    M    M  2.2  8  50   M    M   0 1      16  80
23  75  46  61   0   4   0 0.00    M    M  7.9 15 150   M    M   0 8      18 180
24  75  55  65   4   0   0 0.00    M    M  5.8 14 150   M    M   3        19 150
25  79  59  69   8   0   4    T    M    M  5.0 13 130   M    M   6        15 180
26  82  55  69   9   0   4 0.00    M    M  4.3 10 170   M    M   1        14 210
27  81  58  70  10   0   5 0.00    M    M  4.2 13 130   M    M   2 18     16 120
28  84  56  70  11   0   5 0.00    M    M  2.3  8  80   M    M   1 18     11 120
29  84  55  70  11   0   5 0.00    M    M  1.9  9 320   M    M   1 18     13 140
================================================================================
SM 2195 1537       100  89 10.07    M    184.1          M       98
================================================================================
AV 75.7 53.0                               6.3 FASTST   M    M   3    MAX(MPH)
                                 MISC ---->  # 29 140               # 37  130
================================================================================
NOTES:
# LAST OF SEVERAL OCCURRENCES

COLUMN 17 PEAK WIND IN M.P.H.

PRELIMINARY LOCAL CLIMATOLOGICAL DATA (WS FORM: F-6) , PAGE 2

                                          STATION:  KIRKSVILLE MO
                                          MONTH:    SEPTEMBER
                                          YEAR:     2014
                                          LATITUDE:   40  5 N
                                          LONGITUDE:  92 33 W

[TEMPERATURE DATA]      [PRECIPITATION DATA]       SYMBOLS USED IN COLUMN 16

AVERAGE MONTHLY: 64.3   TOTAL FOR MONTH:  10.07    1 = FOG OR MIST
DPTR FM NORMAL:  -0.3   DPTR FM NORMAL:    6.06    2 = FOG REDUCING VISIBILITY
HIGHEST:    91 ON  4    GRTST 24HR  9.60 ON  9-10      TO 1/4 MILE OR LESS
LOWEST:     37 ON 13                               3 = THUNDER
                        SNOW, ICE PELLETS, HAIL    4 = ICE PELLETS
                        TOTAL MONTH:    M          5 = HAIL
                        GRTST 24HR    M  ON   M    6 = FREEZING RAIN OR DRIZZLE
                        GRTST DEPTH:  M  ON   M    7 = DUSTSTORM OR SANDSTORM:
                                                       VSBY 1/2 MILE OR LESS
                                                   8 = SMOKE OR HAZE
[NO. OF DAYS WITH]      [WEATHER - DAYS WITH]      9 = BLOWING SNOW
                                                   X = TORNADO
MAX 32 OR BELOW:   0    0.01 INCH OR MORE:   6
MAX 90 OR ABOVE:   1    0.10 INCH OR MORE:   4
MIN 32 OR BELOW:   0    0.50 INCH OR MORE:   2
MIN  0 OR BELOW:   0    1.00 INCH OR MORE:   2

[HDD (BASE 65) ]
TOTAL THIS MO.   100    CLEAR  (SCALE 0-3)  15
DPTR FM NORMAL     8    PTCLDY (SCALE 4-7)  11
TOTAL FM JUL 1   106    CLOUDY (SCALE 8-10)  3
DPTR FM NORMAL     7

[CDD (BASE 65) ]
TOTAL THIS MO.    89
DPTR FM NORMAL     9    [PRESSURE DATA]
TOTAL FM JAN 1   955    HIGHEST SLP  0.00 ON M
DPTR FM NORMAL    31    LOWEST  SLP  0.00 ON M

[REMARKS]
