000
CXUS55 KEAX 230736
CF6IRK
PRELIMINARY LOCAL CLIMATOLOGICAL DATA (WS FORM: F-6)

                                          STATION:   KIRKSVILLE MO
                                          MONTH:     APRIL
                                          YEAR:      2014
                                          LATITUDE:   40  5 N
                                          LONGITUDE:  92 33 W

  TEMPERATURE IN F:       :PCPN:    SNOW:  WIND      :SUNSHINE: SKY     :PK WND
================================================================================
1   2   3   4   5  6A  6B    7    8   9   10  11  12  13   14  15   16   17  18
                                     12Z  AVG MX 2MIN
DY MAX MIN AVG DEP HDD CDD  WTR  SNW DPTH SPD SPD DIR MIN PSBL S-S WX    SPD DR
================================================================================

 1  55  27  41  -6  24   0 0.00    M    M  9.6 26 280   M    M   4        35 290
 2  46  39  43  -4  22   0 0.22    M    M 13.3 23  80   M    M  10 13     31  80
 3  55  44  50   2  15   0 0.46    M    M 10.6 23 250   M    M  10 123    31 240
 4  45  34  40  -8  25   0 0.00    M    M 15.8 28 310   M    M  10 1      42 290
 5  56  25  41  -7  24   0 0.00    M    M  5.0 14 140   M    M   2        17 130
 6  63  38  51   2  14   0 0.00    M    M  6.7 14 130   M    M   3        19 130
 7  66  36  51   2  14   0    T    M    M  7.3 21  20   M    M   4        29  20
 8  61  33  47  -2  18   0    T    M    M 10.5 20 310   M    M   3        26 300
 9  70  27  49  -1  16   0 0.00    M    M 10.7 22 190   M    M   0        29 170
10  66  40  53   3  12   0 0.00    M    M  9.8 22  30   M    M   0        29 200
11  75  32  54   4  11   0 0.00    M    M  5.6 13 160   M    M   0        17 200
12  85  47  66  15   0   1 0.00    M    M 14.9 28 180   M    M   1        35 190
13  72  42  57   6   8   0 0.55    M    M 13.9 25 190   M    M   7 13     37 180
14  42  28  35 -16  30   0 0.02    M    M 14.3 29 350   M    M   7 1      39 350
15  49  21  35 -17  30   0 0.00    M    M  7.8 17 290   M    M   0        22 290
16  64  35  50  -2  15   0 0.00    M    M 17.6 31 150   M    M   0        39 160
17  53  34  44  -8  21   0 0.00    M    M  6.4 15 300   M    M   4        20 220
18  67  29  48  -5  17   0 0.00    M    M  5.7 12 150   M    M   0 128    16  90
19  78  44  61   8   4   0 0.00    M    M 11.2 22 160   M    M   0        28 160
20  81  48  65  12   0   0 0.00    M    M  9.0 20 200   M    M   0        28 200
21  72  53  63   9   2   0 0.08    M    M  6.4 16 360   M    M   4 138    23 330
22  67  43  55   1  10   0 0.00    M    M  9.5 21  10   M    M   0        27  30
================================================================================
SM 1388  799       332   1  1.33    M    221.6          M       69
================================================================================
AV 63.1 36.3                              10.1 FASTST   M    M   3    MAX(MPH)
                                 MISC ---->  # 31 150               # 42  290
================================================================================
NOTES:
# LAST OF SEVERAL OCCURRENCES

COLUMN 17 PEAK WIND IN M.P.H.

PRELIMINARY LOCAL CLIMATOLOGICAL DATA (WS FORM: F-6) , PAGE 2

                                          STATION:  KIRKSVILLE MO
                                          MONTH:    APRIL
                                          YEAR:     2014
                                          LATITUDE:   40  5 N
                                          LONGITUDE:  92 33 W

[TEMPERATURE DATA]      [PRECIPITATION DATA]       SYMBOLS USED IN COLUMN 16

AVERAGE MONTHLY: 49.7   TOTAL FOR MONTH:   1.33    1 = FOG OR MIST
DPTR FM NORMAL:  -0.8   DPTR FM NORMAL:   -1.18    2 = FOG REDUCING VISIBILITY
HIGHEST:    85 ON 12    GRTST 24HR  0.65 ON  2- 3      TO 1/4 MILE OR LESS
LOWEST:     21 ON 15                               3 = THUNDER
                        SNOW, ICE PELLETS, HAIL    4 = ICE PELLETS
                        TOTAL MONTH:    M          5 = HAIL
                        GRTST 24HR    M  ON   M    6 = FREEZING RAIN OR DRIZZLE
                        GRTST DEPTH:  M  ON   M    7 = DUSTSTORM OR SANDSTORM:
                                                       VSBY 1/2 MILE OR LESS
                                                   8 = SMOKE OR HAZE
[NO. OF DAYS WITH]      [WEATHER - DAYS WITH]      9 = BLOWING SNOW
                                                   X = TORNADO
MAX 32 OR BELOW:   0    0.01 INCH OR MORE:   5
MAX 90 OR ABOVE:   0    0.10 INCH OR MORE:   3
MIN 32 OR BELOW:   7    0.50 INCH OR MORE:   1
MIN  0 OR BELOW:   0    1.00 INCH OR MORE:   0

[HDD (BASE 65) ]
TOTAL THIS MO.   332    CLEAR  (SCALE 0-3)  12
DPTR FM NORMAL     9    PTCLDY (SCALE 4-7)   7
TOTAL FM JUL 1  6204    CLOUDY (SCALE 8-10)  3
DPTR FM NORMAL   594

[CDD (BASE 65) ]
TOTAL THIS MO.     1
DPTR FM NORMAL     1    [PRESSURE DATA]
TOTAL FM JAN 1     1    HIGHEST SLP  0.00 ON M
DPTR FM NORMAL     1    LOWEST  SLP  0.00 ON M

[REMARKS]
