230
CXUS55 KEAX 300736
CF6IRK
PRELIMINARY LOCAL CLIMATOLOGICAL DATA (WS FORM: F-6)

                                          STATION:   KIRKSVILLE MO
                                          MONTH:     APRIL
                                          YEAR:      2016
                                          LATITUDE:   40  5 N
                                          LONGITUDE:  92 33 W

  TEMPERATURE IN F:       :PCPN:    SNOW:  WIND      :SUNSHINE: SKY     :PK WND
================================================================================
1   2   3   4   5  6A  6B    7    8   9   10  11  12  13   14  15   16   17  18
                                     12Z  AVG MX 2MIN
DY MAX MIN AVG DEP HDD CDD  WTR  SNW DPTH SPD SPD DIR MIN PSBL S-S WX    SPD DR
================================================================================

 1  50  34  42  -5  23   0 0.05    M    M  9.3 22 290   M    M   6 1      29 290
 2  54  31  43  -4  22   0 0.00    M    M 14.3 33 310   M    M   0        47 330
 3  79  31  55   7  10   0    T    M    M 14.6 29 240   M    M   1        42 230
 4  61  37  49   1  16   0 0.00    M    M 10.4 20 350   M    M   1        25 360
 5  60  33  47  -1  18   0 0.00    M    M 17.4 31 130   M    M   0        37 280
 6  60  40  50   1  15   0 0.39    M    M 14.7 28 280   M    M   7 1      37 290
 7  55  34  45  -4  20   0 0.12    M    M 12.1 25 280   M    M   5 138    35 330
 8  54  30  42  -7  23   0    M    M    M 16.5 32 310   M    M   4        42 330
 9  50  21  36 -14  29   0 0.00    M    M 10.4 21 160   M    M   2        26 150
10  59  42  51   1  14   0 0.35    M    M  9.1 17 190   M    M   8 138    24 210
11  56  34  45  -5  20   0 0.00    M    M 10.7 23 330   M    M   1        29 350
12  58  28  43  -8  22   0 0.00    M    M  6.2 12 150   M    M   0        14 150
13  68  32  50  -1  15   0 0.00    M    M  9.1 14 160   M    M   0        23 160
14  70  36  53   2  12   0 0.00    M    M  8.1 18 130   M    M   0        23 130
15  76  47  62  10   3   0 0.00    M    M 12.3 23 130   M    M   4        29 130
16  78  51  65  13   0   0 0.00    M    M 13.2 28 150   M    M   1        34 140
17  81  52  67  15   0   2 0.00    M    M 10.7 24 150   M    M   3        33 130
18  77  52  65  12   0   0 0.19    M    M  8.6 21 160   M    M   5 1      26 150
19  72  57  65  12   0   0 0.52    M    M  5.0 16 230   M    M   7 123    24 230
20  70  49  60   7   5   0 0.06    M    M  8.4 18 130   M    M   7 1      28 320
21  62  48  55   1  10   0 0.20    M    M  8.0 20 260   M    M   5 1      30 270
22  64  48  56   2   9   0 0.00    M    M  8.2 13 340   M    M   5 18     19 330
23  72  42  57   3   8   0 0.00    M    M  8.6 20 130   M    M   3 128    24 130
24  80  51  66  12   0   1 0.00    M    M 12.7 23 220   M    M   1        33 200
25  79  61  70  15   0   5 0.01    M    M 10.9 20 230   M    M   3        28 240
26  72  55  64   9   1   0 0.63    M    M  9.0 43 100   M    M   4 138    55 100
27  69  48  59   3   6   0 0.20    M    M 12.1 26 100   M    M   7 138    35 100
28  60  45  53  -3  12   0 0.00    M    M  7.9 18 260   M    M   8 1      25 250
29  54  46  50  -6  15   0 0.02    M    M 10.0 21  80   M    M   8 1      28  90
================================================================================
SM 1900 1215       328   8  2.74    M    308.5          M      106
================================================================================
AV 65.5 41.9                              10.6 FASTST   M    M   4    MAX(MPH)
                                 MISC ---->  # 43 100               # 55  100
================================================================================
NOTES:
# LAST OF SEVERAL OCCURRENCES

COLUMN 17 PEAK WIND IN M.P.H.

PRELIMINARY LOCAL CLIMATOLOGICAL DATA (WS FORM: F-6) , PAGE 2

                                          STATION:  KIRKSVILLE MO
                                          MONTH:    APRIL
                                          YEAR:     2016
                                          LATITUDE:   40  5 N
                                          LONGITUDE:  92 33 W

[TEMPERATURE DATA]      [PRECIPITATION DATA]       SYMBOLS USED IN COLUMN 16

AVERAGE MONTHLY: 53.7   TOTAL FOR MONTH:   2.74    1 = FOG OR MIST
DPTR FM NORMAL:   2.1   DPTR FM NORMAL:   -0.92    2 = FOG REDUCING VISIBILITY
HIGHEST:    81 ON 17    GRTST 24HR  0.72 ON 26-27      TO 1/4 MILE OR LESS
LOWEST:     21 ON  9                               3 = THUNDER
                        SNOW, ICE PELLETS, HAIL    4 = ICE PELLETS
                        TOTAL MONTH:    M          5 = HAIL
                        GRTST 24HR    M  ON   M    6 = FREEZING RAIN OR DRIZZLE
                        GRTST DEPTH:  M  ON   M    7 = DUSTSTORM OR SANDSTORM:
                                                       VSBY 1/2 MILE OR LESS
                                                   8 = SMOKE OR HAZE
[NO. OF DAYS WITH]      [WEATHER - DAYS WITH]      9 = BLOWING SNOW
                                                   X = TORNADO
MAX 32 OR BELOW:   0    0.01 INCH OR MORE:  12
MAX 90 OR ABOVE:   0    0.10 INCH OR MORE:   8
MIN 32 OR BELOW:   6    0.50 INCH OR MORE:   2
MIN  0 OR BELOW:   0    1.00 INCH OR MORE:   0

[HDD (BASE 65) ]
TOTAL THIS MO.   328    CLEAR  (SCALE 0-3)  13
DPTR FM NORMAL   -65    PTCLDY (SCALE 4-7)  15
TOTAL FM JUL 1  4561    CLOUDY (SCALE 8-10)  1
DPTR FM NORMAL -1119

[CDD (BASE 65) ]
TOTAL THIS MO.     8
DPTR FM NORMAL     8    [PRESSURE DATA]
TOTAL FM JAN 1     8    HIGHEST SLP  0.00 ON M
DPTR FM NORMAL     8    LOWEST  SLP  0.00 ON M

[REMARKS]
