000
CXHW53 PHFO 011250
CF6ITO
PRELIMINARY LOCAL CLIMATOLOGICAL DATA (WS FORM: F-6)

                                          STATION:   HILO HI
                                          MONTH:     JANUARY
                                          YEAR:      2015
                                          LATITUDE:   19 43 N
                                          LONGITUDE: 155  4 W

  TEMPERATURE IN F:       :PCPN:    SNOW:  WIND      :SUNSHINE: SKY     :PK WND
================================================================================
1   2   3   4   5  6A  6B    7    8   9   10  11  12  13   14  15   16   17  18
                                     12Z  AVG MX 2MIN
DY MAX MIN AVG DEP HDD CDD  WTR  SNW DPTH SPD SPD DIR MIN PSBL S-S WX    SPD DR
================================================================================

 1  77  62  70  -2   0   5 0.00  0.0    0  4.6 13 360   M    M   8        17  10
 2  78  67  73   1   0   8    T  0.0    0  5.4 24 160   M    M   8 8      33 160
 3  84  63  74   2   0   9    T  0.0    0  9.8 25 350   M    M   4        33 140
 4  79  59  69  -3   0   4 0.00  0.0    0  8.1 20 360   M    M   4        25 360
 5  80  60  70  -2   0   5 0.00  0.0    0  6.6 13 350   M    M   4        17 360
 6  79  61  70  -2   0   5 0.00  0.0    0 11.6 24  10   M    M   4        33  20
 7  79  64  72   0   0   7 0.00  0.0    0 12.0 18  10   M    M   9        25 350
 8  79  66  73   1   0   8 0.00  0.0    0  6.5 10 100   M    M   9        12  70
 9  82  65  74   2   0   9 0.00  0.0    0  6.7 15  90   M    M   9        19  80
10  81  67  74   2   0   9 0.02  0.0    0  6.4 14  60   M    M   7        17  30
11  82  65  74   2   0   9 0.00  0.0    0  4.7 13  90   M    M   8        17 110
12  81  64  73   1   0   8 0.00  0.0    0  6.1 15 100   M    M   7        19 120
13  82  65  74   2   0   9 0.00  0.0    0  6.5 13  70   M    M   6 8      17  70
14  83  64  74   3   0   9 0.00  0.0    0  7.2 15 100   M    M   7        20 130
15  84  66  75   4   0  10 0.00  0.0    0  7.0 16 110   M    M   6         M  M
16  83  63  73   2   0   8 0.00  0.0    0  6.3 15 100   M    M   4        19  90
17  82  64  73   2   0   8    T  0.0    0  6.6 14  80   M    M   4        18  90
18  82  65  74   3   0   9 0.02  0.0    0  5.8 16 130   M    M   8        18 120
19  84  62  73   2   0   8    T  0.0    0  6.9 17 120   M    M   6        21 120
20  84  66  75   4   0  10    T  0.0    0  5.5 14  80   M    M   4        18 100
21  84  65  75   4   0  10 0.00  0.0    0  7.5 18 120   M    M   5        23 100
22  83  62  73   2   0   8 0.00  0.0    0  5.6 15  30   M    M   6        18  30
23  85  60  73   2   0   8 0.00  0.0    0  6.9 21 110   M    M   3        24 110
24  85  66  76   5   0  11 0.74  0.0    0  8.7 16 350   M    M   6        21  20
25  77  70  74   3   0   9 1.62  0.0    0 11.0 18  40   M    M  10 18     26  20
26  77  67  72   1   0   7 0.39  0.0    0  8.3 15  10   M    M  10 1      19  50
27  81  64  73   2   0   8 0.01  0.0    0  6.5 16 100   M    M   8        19  80
28  81  67  74   3   0   9 0.00  0.0    0  5.7 14 120   M    M   9        22 120
29  87  64  76   5   0  11 0.00  0.0    0  7.7 22 360   M    M   3        32 360
30  82  64  73   2   0   8 0.00  0.0    0  4.6  9  40   M    M   6        11  50
31  84  70  77   6   0  12    T  0.0    0  5.8 18 110   M    M   9        23 100
================================================================================
SM 2531 1997         0 258  2.80     0.0 218.6          M      201
================================================================================
AV 81.6 64.4                               7.1 FASTST   M    M   6    MAX(MPH)
                                 MISC ---->  # 25 350               # 33  160
================================================================================
NOTES:
# LAST OF SEVERAL OCCURRENCES

COLUMN 17 PEAK WIND IN M.P.H.

PRELIMINARY LOCAL CLIMATOLOGICAL DATA (WS FORM: F-6) , PAGE 2

                                          STATION:  HILO HI
                                          MONTH:    JANUARY
                                          YEAR:     2015
                                          LATITUDE:   19 43 N
                                          LONGITUDE: 155  4 W

[TEMPERATURE DATA]      [PRECIPITATION DATA]       SYMBOLS USED IN COLUMN 16

AVERAGE MONTHLY: 73.0   TOTAL FOR MONTH:   2.80    1 = FOG OR MIST
DPTR FM NORMAL:   1.6   DPTR FM NORMAL:   -6.46    2 = FOG REDUCING VISIBILITY
HIGHEST:    87 ON 29    GRTST 24HR  2.21 ON 24-25      TO 1/4 MILE OR LESS
LOWEST:     59 ON  4                               3 = THUNDER
                        SNOW, ICE PELLETS, HAIL    4 = ICE PELLETS
                        TOTAL MONTH:   0.0 INCH    5 = HAIL
                        GRTST 24HR     0.0         6 = FREEZING RAIN OR DRIZZLE
                        GRTST DEPTH:   0           7 = DUSTSTORM OR SANDSTORM:
                                                       VSBY 1/2 MILE OR LESS
                                                   8 = SMOKE OR HAZE
[NO. OF DAYS WITH]      [WEATHER - DAYS WITH]      9 = BLOWING SNOW
                                                   X = TORNADO
MAX 32 OR BELOW:   0    0.01 INCH OR MORE:   6
MAX 90 OR ABOVE:   0    0.10 INCH OR MORE:   3
MIN 32 OR BELOW:   0    0.50 INCH OR MORE:   2
MIN  0 OR BELOW:   0    1.00 INCH OR MORE:   1

[HDD (BASE 65) ]
TOTAL THIS MO.     0    CLEAR  (SCALE 0-3)   2
DPTR FM NORMAL     0    PTCLDY (SCALE 4-7)  19
TOTAL FM JUL 1     0    CLOUDY (SCALE 8-10) 10
DPTR FM NORMAL     0

[CDD (BASE 65) ]
TOTAL THIS MO.   258
DPTR FM NORMAL    60    [PRESSURE DATA]
TOTAL FM JAN 1   258    HIGHEST SLP 30.12 ON 16
DPTR FM NORMAL    61    LOWEST  SLP 29.49 ON  3

[REMARKS]
#FINAL-01-15#
