000
CXUS53 KIWX 250800
CF6IWX
PRELIMINARY LOCAL CLIMATOLOGICAL DATA (WS FORM: F-6)

                                          STATION:   NORTH WEBSTER WFO
                                          MONTH:     FEBRUARY
                                          YEAR:      2018
                                          LATITUDE:   41 21 N
                                          LONGITUDE:  85 42 W

  TEMPERATURE IN F:       :PCPN:    SNOW:  WIND      :SUNSHINE: SKY     :PK WND
================================================================================
1   2   3   4   5  6A  6B    7    8   9   10  11  12  13   14  15   16   17  18
                                     12Z  AVG MX 2MIN
DY MAX MIN AVG DEP HDD CDD  WTR  SNW DPTH SPD SPD DIR MIN PSBL S-S WX    SPD DR
================================================================================

 1  35   9  22  -2  43   0    T  0.2    0   M   M   M   M    M   M         M  M
 2  20   6  13 -12  52   0    T  0.2    T   M   M   M   M    M   M         M  M
 3  35  16  26   1  39   0    T    T    T   M   M   M   M    M   M         M  M
 4  34  13  24  -1  41   0 0.15  2.8    2   M   M   M   M    M   M         M  M
 5  15  -3   6 -19  59   0 0.16  2.1    2   M   M   M   M    M   M         M  M
 6  21   4  13 -13  52   0 0.04  0.5    5   M   M   M   M    M   M 1       M  M
 7  26  11  19  -7  46   0    T  0.2    4   M   M   M   M    M   M 1       M  M
 8  20   5  13 -13  52   0    T  0.2    4   M   M   M   M    M   M 1       M  M
 9  32  17  25  -1  40   0 0.33  3.7    5   M   M   M   M    M   M 1       M  M
10  22  18  20  -6  45   0 0.02  0.3    6   M   M   M   M    M   M 16      M  M
11  28  13  21  -6  44   0 0.16  0.4    6   M   M   M   M    M   M 146     M  M
12  28   3  16 -11  49   0 0.00  0.0    6   M   M   M   M    M   M 1       M  M
13  35   7  21  -6  44   0 0.00  0.0    5   M   M   M   M    M   M         M  M
14  43  26  35   7  30   0 0.01  0.0    5   M   M   M   M    M   M 12      M  M
15  55  37  46  18  19   0 0.35  0.0    T   M   M   M   M    M   M         M  M
16  37  25  31   3  34   0 0.00  0.0    0   M   M   M   M    M   M         M  M
17  33  21  27  -1  38   0 0.10  1.9    0   M   M   M   M    M   M         M  M
18  37  25  31   2  34   0 0.00  0.0    2   M   M   M   M    M   M         M  M
19  59  35  47  18  18   0 1.66  0.0    0   M   M   M   M    M   M 1       M  M
20  64  49  57  28   8   0 1.99  0.0    0   M   M   M   M    M   M         M  M
21  49  31  40  10  25   0 0.73  0.0    0   M   M   M   M    M   M         M  M
22  40  31  36   6  29   0 0.01    T    0   M   M   M   M    M   M         M  M
23  46  34  40  10  25   0 0.21  0.0    0   M   M   M   M    M   M         M  M
24  41  34  38   7  27   0 0.03    T    0   M   M   M   M    M   M         M  M
================================================================================
SM  855  467       893   0  5.95    12.5     M          M        M
================================================================================
AV 35.6 19.5                                 M FASTST   M    M   7    MAX(MPH)
                                 MISC ---->     M   M                  M    M
================================================================================
NOTES:
# LAST OF SEVERAL OCCURRENCES

COLUMN 17 PEAK WIND IN M.P.H.

PRELIMINARY LOCAL CLIMATOLOGICAL DATA (WS FORM: F-6) , PAGE 2

                                          STATION:  NORTH WEBSTER WFO
                                          MONTH:    FEBRUARY
                                          YEAR:     2018
                                          LATITUDE:   41 21 N
                                          LONGITUDE:  85 42 W

[TEMPERATURE DATA]      [PRECIPITATION DATA]       SYMBOLS USED IN COLUMN 16

AVERAGE MONTHLY: 27.5   TOTAL FOR MONTH:   5.95    1 = FOG OR MIST
DPTR FM NORMAL:   0.3   DPTR FM NORMAL:    3.62    2 = FOG REDUCING VISIBILITY
HIGHEST:    64 ON 20    GRTST 24HR  1.99 ON 20-20      TO 1/4 MILE OR LESS
LOWEST:     -3 ON  5                               3 = THUNDER
                        SNOW, ICE PELLETS, HAIL    4 = ICE PELLETS
                        TOTAL MONTH:  12.5 INCHES  5 = HAIL
                        GRTST 24HR   3.7 ON  9- 9  6 = FREEZING RAIN OR DRIZZLE
                        GRTST DEPTH:   6 ON 12,11  7 = DUSTSTORM OR SANDSTORM:
                                                       VSBY 1/2 MILE OR LESS
                                                   8 = SMOKE OR HAZE
[NO. OF DAYS WITH]      [WEATHER - DAYS WITH]      9 = BLOWING SNOW
                                                   X = TORNADO
MAX 32 OR BELOW:   9    0.01 INCH OR MORE:  15
MAX 90 OR ABOVE:   0    0.10 INCH OR MORE:  10
MIN 32 OR BELOW:  19    0.50 INCH OR MORE:   3
MIN  0 OR BELOW:   1    1.00 INCH OR MORE:   2

[HDD (BASE 65) ]
TOTAL THIS MO.   893    CLEAR  (SCALE 0-3)   0
DPTR FM NORMAL   -11    PTCLDY (SCALE 4-7)   0
TOTAL FM JUL 1  4421    CLOUDY (SCALE 8-10)  0
DPTR FM NORMAL   -83

[CDD (BASE 65) ]
TOTAL THIS MO.     0
DPTR FM NORMAL     0    [PRESSURE DATA]
TOTAL FM JAN 1     0    HIGHEST SLP M ON M
DPTR FM NORMAL     0    LOWEST  SLP M ON M

[REMARKS]
