353
CXUS55 KEAX 210736
CF6IXD
PRELIMINARY LOCAL CLIMATOLOGICAL DATA (WS FORM: F-6)

                                          STATION:   New Century Air Center KS
                                          MONTH:     JULY
                                          YEAR:      2017
                                          LATITUDE:   38 49 N
                                          LONGITUDE:  94 54 W

  TEMPERATURE IN F:       :PCPN:    SNOW:  WIND      :SUNSHINE: SKY     :PK WND
================================================================================
1   2   3   4   5  6A  6B    7    8   9   10  11  12  13   14  15   16   17  18
                                     12Z  AVG MX 2MIN
DY MAX MIN AVG DEP HDD CDD  WTR  SNW DPTH SPD SPD DIR MIN PSBL S-S WX    SPD DR
================================================================================

 1  85  61  73  -4   0   8 0.00    M    M  6.4 13 260   M    M   0        16 280
 2  88  62  75  -2   0  10 0.00    M    M  7.7 14 150   M    M   0        18 210
 3  88  67  78   1   0  13 0.00    M    M  6.9 15 200   M    M   0        20 130
 4  77  68  73  -4   0   8 0.79    M    M  5.2 18 240   M    M   7 13     23 240
 5  85  69  77   0   0  12 0.03    M    M  9.1 21 360   M    M   3 18     25 350
 6  90  65  78   1   0  13 0.00    M    M  4.7 12 190   M    M   0 1      16 260
 7  90  67  79   1   0  14 0.00    M    M  9.5 22 350   M    M   0        26 360
 8  88  63  76  -2   0  11 0.00    M    M  5.2 14 150   M    M   0 8      19 150
 9  90  66  78   0   0  13 0.00    M    M  9.2 20 200   M    M   1        26 200
10  93  74  84   6   0  19 0.00    M    M 13.9 21 210   M    M   0        27 200
11  94  74  84   6   0  19 0.00    M    M 12.7 21 160   M    M   0        28 150
12  95  79  87   9   0  22 0.00    M    M 13.2 23 200   M    M   0        28 200
13  92  71  82   4   0  17 0.74    M    M  8.6 24 270   M    M   3 13     31 270
14  89  71  80   2   0  15 0.00    M    M  3.8  8  90   M    M   4        10  90
15  90  72  81   3   0  16 0.00    M    M  5.7 12 130   M    M   1        14 140
16  90  67  79   1   0  14 0.00    M    M  3.8  9 140   M    M   0        12 150
17  92  66  79   0   0  14 0.00    M    M  5.6 13 170   M    M   0        15 180
18  91  71  81   2   0  16 0.00    M    M  8.5 16 160   M    M   0        21 160
19  94  73  84   5   0  19 0.06    M    M  8.7 17 190   M    M   2 1      22 170
20  97  74  86   7   0  21 0.00    M    M 10.8 18 200   M    M   0        23 200
================================================================================
SM 1798 1380         0 294  1.62    M    159.2          M       21
================================================================================
AV 89.9 69.0                               8.0 FASTST   M    M   1    MAX(MPH)
                                 MISC ---->  # 24 270               # 31  270
================================================================================
NOTES:
# LAST OF SEVERAL OCCURRENCES

COLUMN 17 PEAK WIND IN M.P.H.

PRELIMINARY LOCAL CLIMATOLOGICAL DATA (WS FORM: F-6) , PAGE 2

                                          STATION:  New Century Air Center KS
                                          MONTH:    JULY
                                          YEAR:     2017
                                          LATITUDE:   38 49 N
                                          LONGITUDE:  94 54 W

[TEMPERATURE DATA]      [PRECIPITATION DATA]       SYMBOLS USED IN COLUMN 16

AVERAGE MONTHLY: 79.5   TOTAL FOR MONTH:   1.62    1 = FOG OR MIST
DPTR FM NORMAL:   1.5   DPTR FM NORMAL:   -1.37    2 = FOG REDUCING VISIBILITY
HIGHEST:    97 ON 20    GRTST 24HR  1.88 ON 30- 1      TO 1/4 MILE OR LESS
LOWEST:     61 ON  1                               3 = THUNDER
                        SNOW, ICE PELLETS, HAIL    4 = ICE PELLETS
                        TOTAL MONTH:    M          5 = HAIL
                        GRTST 24HR    M  ON   M    6 = FREEZING RAIN OR DRIZZLE
                        GRTST DEPTH:  M  ON   M    7 = DUSTSTORM OR SANDSTORM:
                                                       VSBY 1/2 MILE OR LESS
                                                   8 = SMOKE OR HAZE
[NO. OF DAYS WITH]      [WEATHER - DAYS WITH]      9 = BLOWING SNOW
                                                   X = TORNADO
MAX 32 OR BELOW:   0    0.01 INCH OR MORE:   4
MAX 90 OR ABOVE:  13    0.10 INCH OR MORE:   2
MIN 32 OR BELOW:   0    0.50 INCH OR MORE:   2
MIN  0 OR BELOW:   0    1.00 INCH OR MORE:   0

[HDD (BASE 65) ]
TOTAL THIS MO.     0    CLEAR  (SCALE 0-3)  18
DPTR FM NORMAL     0    PTCLDY (SCALE 4-7)   2
TOTAL FM JUL 1     0    CLOUDY (SCALE 8-10)  0
DPTR FM NORMAL     0

[CDD (BASE 65) ]
TOTAL THIS MO.   294
DPTR FM NORMAL    37    [PRESSURE DATA]
TOTAL FM JAN 1   686    HIGHEST SLP  0.00 ON M
DPTR FM NORMAL    51    LOWEST  SLP  0.00 ON M

[REMARKS]
