000
CXUS55 KRIW 290945
CF6JAC
PRELIMINARY LOCAL CLIMATOLOGICAL DATA (WS FORM: F-6)

                                          STATION:   JACKSON  WY
                                          MONTH:     MAY
                                          YEAR:      2017
                                          LATITUDE:   43 35 N
                                          LONGITUDE: 110 44 W

  TEMPERATURE IN F:       :PCPN:    SNOW:  WIND      :SUNSHINE: SKY     :PK WND
================================================================================
1   2   3   4   5  6A  6B    7    8   9   10  11  12  13   14  15   16   17  18
                                     12Z  AVG MX 2MIN
DY MAX MIN AVG DEP HDD CDD  WTR  SNW DPTH SPD SPD DIR MIN PSBL S-S WX    SPD DR
================================================================================

 1  48  34  41  -1  24   0    M    M    M  5.9 13 260   M    M   7         M  M
 2  54  36  45   2  20   0    M    M    M  8.5 18 200   M    M   8        29 240
 3  57  27  42  -1  23   0    M    M    M  4.8 13 260   M    M   0         M  M
 4  72  28  50   7  15   0    M    M    M  2.2  7  10   M    M   0         M  M
 5  75  30  53   9  12   0    M    M    M  4.4 13 230   M    M   0         M  M
 6  72  37  55  11  10   0    M    M    M  5.4 29 260   M    M   2        40 260
 7  64  39  52   8  13   0 0.00  0.0    M  8.1 20 270   M    M   2         M  M
 8  64  34  49   4  16   0 0.02    M    M  6.6 25 340   M    M   3 3       M  M
 9  61  36  49   4  16   0    M    M    M  3.8 16 340   M    M   5 3      25  30
10  66  30  48   3  17   0 0.00  0.0    M  5.2 12 330   M    M   0         M  M
11  72  30  51   5  14   0 0.00  0.0    M  4.9 12 210   M    M   0         M  M
12  73  34  54   8  11   0    M    M    M  9.2 24 180   M    M   3        24  10
13  54  30  42  -4  23   0    M    M    M  7.3 29 180   M    M   4        40 180
14  57  27  42  -4  23   0    M    M    M  6.7 14 180   M    M   5         M  M
15  61  34  48   1  17   0    M    M    M  7.2 17 200   M    M   4        28 180
16  55  28  42  -5  23   0    M    M    M  8.4 17 170   M    M   6        29 170
17  39  28  34 -13  31   0    M    M    M  8.5 17 350   M    M   7         M  M
18  46  27  37 -11  28   0    M    M    M  7.6 20 350   M    M   7         M  M
19  50  28  39  -9  26   0    M    M    M  4.7 10  20   M    M   8         M  M
20  55  28  42  -6  23   0    M    M    M  3.2 21 290   M    M   5         M  M
21  61  34  48   0  17   0    M    M    M  7.7 14  10   M    M   4         M  M
22  63  27  45  -4  20   0    M    M    M  6.2 17  10   M    M   3        21 360
23  70  28  49   0  16   0    M    M    M  4.4 12 250   M    M   0        23 250
24  70  32  51   2  14   0 0.00  0.0    M 13.0 29 240   M    M   2        48 220
25  54  34  44  -5  21   0 0.00  0.0    M  7.5 17 270   M    M   3        29 270
26  48  34  41  -9  24   0    M    M    M  5.4 14  10   M    M   7 1       M  M
27  59  28  44  -6  21   0 0.00  0.0    M  2.4  9 210   M    M   4         M  M
28  66  30  48  -2  17   0 0.00  0.0    M  4.5 21  20   M    M   2        28  20
================================================================================
SM 1686  872       535   0  0.02     0.0 173.7          M      101
================================================================================
AV 60.2 31.1                               6.2 FASTST   M    M   4    MAX(MPH)
                                 MISC ---->  # 29 260               # 48  220
================================================================================
NOTES:
# LAST OF SEVERAL OCCURRENCES

COLUMN 17 PEAK WIND IN M.P.H.

PRELIMINARY LOCAL CLIMATOLOGICAL DATA (WS FORM: F-6) , PAGE 2

                                          STATION:  JACKSON  WY
                                          MONTH:    MAY
                                          YEAR:     2017
                                          LATITUDE:   43 35 N
                                          LONGITUDE: 110 44 W

[TEMPERATURE DATA]      [PRECIPITATION DATA]       SYMBOLS USED IN COLUMN 16

AVERAGE MONTHLY: 45.7   TOTAL FOR MONTH:   0.02    1 = FOG OR MIST
DPTR FM NORMAL:  -0.8   DPTR FM NORMAL:   -1.66    2 = FOG REDUCING VISIBILITY
HIGHEST:    75 ON  5    GRTST 24HR  0.02 ON  8- 8      TO 1/4 MILE OR LESS
LOWEST:     27 ON 22,18                            3 = THUNDER
                        SNOW, ICE PELLETS, HAIL    4 = ICE PELLETS
                        TOTAL MONTH:   0.0 INCH    5 = HAIL
                        GRTST 24HR     0.0         6 = FREEZING RAIN OR DRIZZLE
                        GRTST DEPTH:  M  ON   M    7 = DUSTSTORM OR SANDSTORM:
                                                       VSBY 1/2 MILE OR LESS
                                                   8 = SMOKE OR HAZE
[NO. OF DAYS WITH]      [WEATHER - DAYS WITH]      9 = BLOWING SNOW
                                                   X = TORNADO
MAX 32 OR BELOW:   0    0.01 INCH OR MORE:   1
MAX 90 OR ABOVE:   0    0.10 INCH OR MORE:   0
MIN 32 OR BELOW:  17    0.50 INCH OR MORE:   0
MIN  0 OR BELOW:   0    1.00 INCH OR MORE:   0

[HDD (BASE 65) ]
TOTAL THIS MO.   535    CLEAR  (SCALE 0-3)  14
DPTR FM NORMAL    16    PTCLDY (SCALE 4-7)  14
TOTAL FM JUL 1  8987    CLOUDY (SCALE 8-10)  0
DPTR FM NORMAL  -662

[CDD (BASE 65) ]
TOTAL THIS MO.     0
DPTR FM NORMAL     0    [PRESSURE DATA]
TOTAL FM JAN 1     0    HIGHEST SLP M ON M
DPTR FM NORMAL     0    LOWEST  SLP M ON M

[REMARKS]
