000
CXUS54 KJAN 231414
CF6JAN
PRELIMINARY LOCAL CLIMATOLOGICAL DATA (WS FORM: F-6)

                                          STATION:   JACKSON
                                          MONTH:     JANUARY
                                          YEAR:      2017
                                          LATITUDE:   32 19 N
                                          LONGITUDE:  90  5 W

  TEMPERATURE IN F:       :PCPN:    SNOW:  WIND      :SUNSHINE: SKY     :PK WND
================================================================================
1   2   3   4   5  6A  6B    7    8   9   10  11  12  13   14  15   16   17  18
                                     12Z  AVG MX 2MIN
DY MAX MIN AVG DEP HDD CDD  WTR  SNW DPTH SPD SPD DIR MIN PSBL S-S WX    SPD DR
================================================================================

 1  68  62  65  19   0   0 0.01  0.0    0  4.2 13 160   M    M  10 1      16 150
 2  66  58  62  16   3   0 2.99  0.0    0  7.9 32 180   M    M   8 13     41 160
 3  74  52  63  17   2   0 0.00  0.0    0  5.8 15 360   M    M   4        19 350
 4  57  34  46   0  19   0 0.00  0.0    0  9.2 20 350   M    M   7        25 360
 5  50  33  42  -4  23   0 0.01  0.0    0  4.7 17 360   M    M   8 1      22 360
 6  37  22  30 -16  35   0 0.55  0.8    0 13.0 22 340   M    M  10 14     29 330
 7  33  17  25 -20  40   0 0.00  0.0    1 12.1 23 350   M    M   1        30 360
 8  38  17  28 -17  37   0 0.00  0.0    T  5.0 10  10   M    M   3        14  10
 9  59  25  42  -3  23   0 0.00  0.0    0  9.3 18 160   M    M   5        26 170
10  70  51  61  16   4   0 0.00  0.0    0 14.7 26 180   M    M   9        33 180
11  76  64  70  25   0   5 0.00  0.0    0 16.8 30 170   M    M   8        36 170
12  79  62  71  26   0   6 0.00  0.0    0 11.0 21 180   M    M   7        25 170
13  77  59  68  23   0   3 0.00  0.0    0  3.5 12 190   M    M   9 1      17 180
14  76  52  64  19   1   0 0.00  0.0    0  1.3  9 190   M    M   6 12     13 190
15  77  48  63  18   2   0 0.00  0.0    0  3.9 15 180   M    M   3 1      21 180
16  76  57  67  21   0   2    T  0.0    0 12.3 23 180   M    M   7        27 180
17  80  60  70  24   0   5 0.00  0.0    0  8.6 16 220   M    M   7        23 200
18  76  56  66  20   0   1 0.18  0.0    0  4.0 14 170   M    M   8 1238   17 180
19  68  50  59  13   6   0 1.46  0.0    0  5.8 18 150   M    M   9 13     24 150
20  77  50  64  18   1   0 0.00  0.0    0  9.2 18 200   M    M   5 1      24 200
21  73  58  66  20   0   1 2.12  0.0    0  8.3 21 270   M    M   6 13     33 240
22  65  53  59  13   6   0 0.44  0.0    0 10.6 25 310   M    M   7 1      34 310
================================================================================
SM 1452 1040       202  23  7.76     0.8 181.2          M      147
================================================================================
AV 66.0 47.3                               8.2 FASTST   M    M   7    MAX(MPH)
                                 MISC ---->  # 32 180               # 41  160
================================================================================
NOTES:
# LAST OF SEVERAL OCCURRENCES

COLUMN 17 PEAK WIND IN M.P.H.

PRELIMINARY LOCAL CLIMATOLOGICAL DATA (WS FORM: F-6) , PAGE 2

                                          STATION:  JACKSON
                                          MONTH:    JANUARY
                                          YEAR:     2017
                                          LATITUDE:   32 19 N
                                          LONGITUDE:  90  5 W

[TEMPERATURE DATA]      [PRECIPITATION DATA]       SYMBOLS USED IN COLUMN 16

AVERAGE MONTHLY: 56.6   TOTAL FOR MONTH:   7.76    1 = FOG OR MIST
DPTR FM NORMAL:  11.0   DPTR FM NORMAL:    4.37    2 = FOG REDUCING VISIBILITY
HIGHEST:    80 ON 17    GRTST 24HR  2.99 ON  2- 2      TO 1/4 MILE OR LESS
LOWEST:     17 ON  8, 7                            3 = THUNDER
                        SNOW, ICE PELLETS, HAIL    4 = ICE PELLETS
                        TOTAL MONTH:   0.8 INCH    5 = HAIL
                        GRTST 24HR   0.8 ON   M    6 = FREEZING RAIN OR DRIZZLE
                        GRTST DEPTH:   1 ON  7     7 = DUSTSTORM OR SANDSTORM:
                                                       VSBY 1/2 MILE OR LESS
                                                   8 = SMOKE OR HAZE
[NO. OF DAYS WITH]      [WEATHER - DAYS WITH]      9 = BLOWING SNOW
                                                   X = TORNADO
MAX 32 OR BELOW:   0    0.01 INCH OR MORE:   8
MAX 90 OR ABOVE:   0    0.10 INCH OR MORE:   6
MIN 32 OR BELOW:   4    0.50 INCH OR MORE:   4
MIN  0 OR BELOW:   0    1.00 INCH OR MORE:   3

[HDD (BASE 65) ]
TOTAL THIS MO.   202    CLEAR  (SCALE 0-3)   3
DPTR FM NORMAL  -235    PTCLDY (SCALE 4-7)  12
TOTAL FM JUL 1   810    CLOUDY (SCALE 8-10)  7
DPTR FM NORMAL  -577

[CDD (BASE 65) ]
TOTAL THIS MO.    23
DPTR FM NORMAL    23    [PRESSURE DATA]
TOTAL FM JAN 1    23    HIGHEST SLP M ON M
DPTR FM NORMAL    23    LOWEST  SLP 29.31 ON 22

[REMARKS]
