000
CXUS52 KJAX 300800
CF6JAX
PRELIMINARY LOCAL CLIMATOLOGICAL DATA (WS FORM: F-6)

                                          STATION:   JACKSONVILLE FL
                                          MONTH:     JULY
                                          YEAR:      2015
                                          LATITUDE:   30 30 N
                                          LONGITUDE:  81 42 W

  TEMPERATURE IN F:       :PCPN:    SNOW:  WIND      :SUNSHINE: SKY     :PK WND
================================================================================
1   2   3   4   5  6A  6B    7    8   9   10  11  12  13   14  15   16   17  18
                                     12Z  AVG MX 2MIN
DY MAX MIN AVG DEP HDD CDD  WTR  SNW DPTH SPD SPD DIR MIN PSBL S-S WX    SPD DR
================================================================================

 1  93  68  81  -1   0  16 0.00  0.0    0  8.9 18 260   M    M   7        25 270
 2  92  71  82   0   0  17 0.05  0.0    0  8.1 29 260   M    M   5 3      36 260
 3  94  70  82   0   0  17 0.00  0.0    0  5.8 15 240   M    M   5         M  M
 4  92  71  82   0   0  17 0.61  0.0    0  5.4 28 200   M    M   7 13     33 190
 5  92  70  81  -1   0  16 0.37  0.0    0  3.9 24 300   M    M   6 13     31 310
 6  91  67  79  -3   0  14 0.00  0.0    0  4.7 16 170   M    M   7 123    21 170
 7  93  70  82   0   0  17 1.07  0.0    0  3.1 23  20   M    M   6 13     27  10
 8  91  69  80  -2   0  15    T  0.0    0  4.4 20 130   M    M   4 3      24 120
 9  92  72  82   0   0  17 0.00  0.0    0  5.1 16 110   M    M   4 3      21 150
10  95  74  85   3   0  20    T  0.0    0  5.3 14  90   M    M   3 3      16 340
11  96  73  85   3   0  20    T  0.0    0  4.0 18 280   M    M   5 38     23 280
12  98  73  86   4   0  21 0.04  0.0    0  4.5 28 190   M    M   5 13     35 200
13  95  73  84   2   0  19 0.00  0.0    0  5.3 17 210   M    M   6 1      22 220
14  95  76  86   4   0  21 0.07  0.0    0  8.1 17 270   M    M   9 13     22 250
15  92  78  85   3   0  20    T  0.0    0 12.0 24 230   M    M   8        30 230
16  93  75  84   2   0  19 0.00  0.0    0  7.1 25 250   M    M   7 3      31 250
17  90  75  83   1   0  18 0.00  0.0    0  5.3 16 120   M    M   8 1      20 110
18  93  74  84   2   0  19 0.00  0.0    0  3.6 14 110   M    M   5 123    17 110
19  95  73  84   2   0  19    T  0.0    0  6.4 20 360   M    M   7 13     24 360
20  93  70  82   0   0  17 0.00  0.0    0  6.5 25 180   M    M   6 13     32 180
21  95  74  85   3   0  20 0.37  0.0    0  7.9 21 360   M    M   5 13     28 360
22  95  75  85   2   0  20 0.58  0.0    0  8.0 31 270   M    M   6 138    45 280
23  95  72  84   1   0  19 0.53  0.0    0  6.8 18  40   M    M   7 13     22  30
24  94  73  84   1   0  19 0.00  0.0    0  7.4 20  70   M    M   7 13     24  60
25  87  72  80  -3   0  15    T  0.0    0  9.4 24  60   M    M   6        29  70
26  88  74  81  -2   0  16 0.10  0.0    0  9.6 23  60   M    M   6 1      27  40
27  90  74  82  -1   0  17    T  0.0    0  2.5 14  90   M    M   6 12     19 360
28  90  73  82  -1   0  17    T  0.0    0  4.9 17  50   M    M   7 1      21  60
29   M   M   M   M   M   M    M    M    M   M   M   M   M    M   M 1       M  M
================================================================================
SM 2599 2029         0 502  3.79     0.0 174.0          M      170
================================================================================
AV 92.8 72.5                               6.2 FASTST   M    M   6    MAX(MPH)
                                 MISC ---->  # 31 270               # 45  280
================================================================================
NOTES:
# LAST OF SEVERAL OCCURRENCES

COLUMN 17 PEAK WIND IN M.P.H.

PRELIMINARY LOCAL CLIMATOLOGICAL DATA (WS FORM: F-6) , PAGE 2

                                          STATION:  JACKSONVILLE FL
                                          MONTH:    JULY
                                          YEAR:     2015
                                          LATITUDE:   30 30 N
                                          LONGITUDE:  81 42 W

[TEMPERATURE DATA]      [PRECIPITATION DATA]       SYMBOLS USED IN COLUMN 16

AVERAGE MONTHLY: 82.6   TOTAL FOR MONTH:   3.79    1 = FOG OR MIST
DPTR FM NORMAL:   0.4   DPTR FM NORMAL:   -2.35    2 = FOG REDUCING VISIBILITY
HIGHEST:    98 ON 12    GRTST 24HR  1.07 ON  7- 7      TO 1/4 MILE OR LESS
LOWEST:     67 ON  6                               3 = THUNDER
                        SNOW, ICE PELLETS, HAIL    4 = ICE PELLETS
                        TOTAL MONTH:   0.0 INCH    5 = HAIL
                        GRTST 24HR     0.0         6 = FREEZING RAIN OR DRIZZLE
                        GRTST DEPTH:   0           7 = DUSTSTORM OR SANDSTORM:
                                                       VSBY 1/2 MILE OR LESS
                                                   8 = SMOKE OR HAZE
[NO. OF DAYS WITH]      [WEATHER - DAYS WITH]      9 = BLOWING SNOW
                                                   X = TORNADO
MAX 32 OR BELOW:   0    0.01 INCH OR MORE:  10
MAX 90 OR ABOVE:  26    0.10 INCH OR MORE:   7
MIN 32 OR BELOW:   0    0.50 INCH OR MORE:   4
MIN  0 OR BELOW:   0    1.00 INCH OR MORE:   1

[HDD (BASE 65) ]
TOTAL THIS MO.     0    CLEAR  (SCALE 0-3)   1
DPTR FM NORMAL     0    PTCLDY (SCALE 4-7)  26
TOTAL FM JUL 1     0    CLOUDY (SCALE 8-10)  1
DPTR FM NORMAL     0

[CDD (BASE 65) ]
TOTAL THIS MO.   502
DPTR FM NORMAL    -2    [PRESSURE DATA]
TOTAL FM JAN 1  1626    HIGHEST SLP M ON M
DPTR FM NORMAL   189    LOWEST  SLP 29.84 ON M

[REMARKS]
