000
CXUS55 KGGW 290800
CF6JDN
PRELIMINARY LOCAL CLIMATOLOGICAL DATA (WS FORM: F-6)

                                          STATION:   JORDAN  ASOS MT
                                          MONTH:     APRIL
                                          YEAR:      2016
                                          LATITUDE:   47 19 N
                                          LONGITUDE: 106 50 W

  TEMPERATURE IN F:       :PCPN:    SNOW:  WIND      :SUNSHINE: SKY     :PK WND
================================================================================
1   2   3   4   5  6A  6B    7    8   9   10  11  12  13   14  15   16   17  18
                                     12Z  AVG MX 2MIN
DY MAX MIN AVG DEP HDD CDD  WTR  SNW DPTH SPD SPD DIR MIN PSBL S-S WX    SPD DR
================================================================================

 1  63  26  45   5  20   0 0.00  0.0    0  8.4 22 320   M    M   0        28 320
 2  72  25  49   9  16   0 0.00  0.0    0  9.1 24 290   M    M   0        32 270
 3  67  31  49   9  16   0 0.00  0.0    0 10.3 24 330   M    M   0        30 300
 4  74  28  51  11  14   0 0.00  0.0    0 11.2 33 290   M    M   0        43 290
 5  48  29  39  -2  26   0 0.24    M    0 18.2 38 270   M    M   0        48 270
 6  61  29  45   4  20   0 0.02    M    0 14.0 36 310   M    M   0        43 320
 7  59  31  45   3  20   0 0.00  0.0    0  9.8 23 310   M    M   0        31 330
 8  64  27  46   4  19   0 0.00  0.0    0  9.0 21 150   M    M   0        29 130
 9  67  43  55  13  10   0 0.00  0.0    0 13.4 33 320   M    M   0        41 320
10  49  23  36  -6  29   0 0.00  0.0    0 12.3 25 330   M    M   0        33 330
11  60  17  39  -4  26   0 0.00  0.0    0  7.6 20 140   M    M   0        25 130
12  73  30  52   9  13   0 0.00  0.0    0  7.6 23 310   M    M   0        29 320
13  63  37  50   7  15   0 0.00  0.0    0  9.6 32 310   M    M   0        40 300
14  66  29  48   4  17   0 0.70    M    0 10.5 25 120   M    M   0        36 140
15  47  37  42  -2  23   0 0.04    M    0 14.0 23  10   M    M   0        27  10
16  53  30  42  -2  23   0 0.01    M    0  8.4 17 350   M    M   0        28 340
17  55  25  40  -4  25   0 0.00  0.0    0  6.6 20  40   M    M   0        24  30
18  50  40  45   0  20   0 0.07    M    0  9.6 20  40   M    M   0        24  20
19  51  44  48   3  17   0 0.02    M    0  6.3 13  10   M    M   0        15  10
20  71  39  55  10  10   0 0.00  0.0    0  4.3 14  30   M    M   0        18  20
21  73  36  55   9  10   0 0.00  0.0    0  9.7 20 140   M    M   0        26 150
22  82  46  64  18   1   0 0.00  0.0    0  7.3 14  60   M    M   0        17 130
23  62  46  54   8  11   0 0.00  0.0    0 14.0 24  40   M    M   0        32  30
24  46  33  40  -6  25   0 0.74    M    0 11.6 21  20   M    M   0        24  20
25  37  32  35 -12  30   0 0.09    M    0  8.3 14  20   M    M   0        17  20
26  40  33  37 -10  28   0 0.04    M    0  7.2 15  30   M    M   0        18  70
27  39  33  36 -11  29   0 0.36    M    0  7.4 15  70   M    M   0        18  60
28  50  35  43  -4  22   0 0.00  0.0    0  9.3 21 100   M    M   0        27 140
================================================================================
SM 1642  914       535   0  2.33     0.0 275.0          M        0
================================================================================
AV 58.6 32.6                               9.8 FASTST   M    M   0    MAX(MPH)
                                 MISC ---->  # 38 270               # 48  270
================================================================================
NOTES:
# LAST OF SEVERAL OCCURRENCES

COLUMN 17 PEAK WIND IN M.P.H.

PRELIMINARY LOCAL CLIMATOLOGICAL DATA (WS FORM: F-6) , PAGE 2

                                          STATION:  JORDAN  ASOS MT
                                          MONTH:    APRIL
                                          YEAR:     2016
                                          LATITUDE:   47 19 N
                                          LONGITUDE: 106 50 W

[TEMPERATURE DATA]      [PRECIPITATION DATA]       SYMBOLS USED IN COLUMN 16

AVERAGE MONTHLY: 45.6   TOTAL FOR MONTH:   2.33    1 = FOG OR MIST
DPTR FM NORMAL:   2.0   DPTR FM NORMAL:    1.36    2 = FOG REDUCING VISIBILITY
HIGHEST:    82 ON 22    GRTST 24HR  0.78 ON 24-25      TO 1/4 MILE OR LESS
LOWEST:     17 ON 11                               3 = THUNDER
                        SNOW, ICE PELLETS, HAIL    4 = ICE PELLETS
                        TOTAL MONTH:   0.0 INCH    5 = HAIL
                        GRTST 24HR     0.0         6 = FREEZING RAIN OR DRIZZLE
                        GRTST DEPTH:   0           7 = DUSTSTORM OR SANDSTORM:
                                                       VSBY 1/2 MILE OR LESS
                                                   8 = SMOKE OR HAZE
[NO. OF DAYS WITH]      [WEATHER - DAYS WITH]      9 = BLOWING SNOW
                                                   X = TORNADO
MAX 32 OR BELOW:   0    0.01 INCH OR MORE:  11
MAX 90 OR ABOVE:   0    0.10 INCH OR MORE:   4
MIN 32 OR BELOW:  15    0.50 INCH OR MORE:   2
MIN  0 OR BELOW:   0    1.00 INCH OR MORE:   0

[HDD (BASE 65) ]
TOTAL THIS MO.   535    CLEAR  (SCALE 0-3)  28
DPTR FM NORMAL   -62    PTCLDY (SCALE 4-7)   0
TOTAL FM JUL 1  6670    CLOUDY (SCALE 8-10)  0
DPTR FM NORMAL -1029

[CDD (BASE 65) ]
TOTAL THIS MO.     0
DPTR FM NORMAL     0    [PRESSURE DATA]
TOTAL FM JAN 1     0    HIGHEST SLP M ON M
DPTR FM NORMAL     0    LOWEST  SLP 29.46 ON  9

[REMARKS]
