000
CXUS55 KJKL 231000
CF6JKL
PRELIMINARY LOCAL CLIMATOLOGICAL DATA (WS FORM: F-6)

                                          STATION:   JACKSON KY
                                          MONTH:     OCTOBER
                                          YEAR:      2014
                                          LATITUDE:   37 35 N
                                          LONGITUDE:  83 19 W

  TEMPERATURE IN F:       :PCPN:    SNOW:  WIND      :SUNSHINE: SKY     :PK WND
================================================================================
1   2   3   4   5  6A  6B    7    8   9   10  11  12  13   14  15   16   17  18
                                     12Z  AVG MX 2MIN
DY MAX MIN AVG DEP HDD CDD  WTR  SNW DPTH SPD SPD DIR MIN PSBL S-S WX    SPD DR
================================================================================

 1  80  58  69   7   0   4 0.00  0.0    0  1.3  7 280   M    M   4 12      9 310
 2  83  60  72  10   0   7 0.00  0.0    0  3.3  8 170   M    M   0        14 180
 3  72  52  62   0   3   0 0.21  0.0    0  4.4 15 290   M    M   7 1      24 290
 4  56  41  49 -13  16   0    T  0.0    0  5.6 16 300   M    M   7        26 310
 5  62  37  50 -11  15   0 0.00  0.0    0  2.4 12 180   M    M   2        22 180
 6  63  51  57  -4   8   0 0.95  0.0    0  4.7 15 260   M    M   5 13     26 290
 7  66  50  58  -3   7   0 1.82  0.0    0  4.3 14 310   M    M   5 135    26 190
 8  72  53  63   3   2   0 0.00  0.0    0  3.6 13 290   M    M   3 12     21 270
 9  67  50  59  -1   6   0 0.01  0.0    0  1.4  6 130   M    M   2        11 280
10  67  55  61   1   4   0 1.82  0.0    0  0.9  6 360   M    M  10 123     9 270
11  55  51  53  -6  12   0 0.24  0.0    0  0.1  8 300   M    M   8 12     11 300
12  72  52  62   3   3   0    T  0.0    0  1.6  7 150   M    M   7 12     11  60
13  79  63  71  12   0   6 0.01  0.0    0  4.4 12 150   M    M   4 1      17 150
14  74  55  65   7   0   0 0.87  0.0    0  5.8 16 140   M    M   6 1      28 160
15  63  52  58   0   7   0 0.15  0.0    0  2.2 13 180   M    M   8 1      22 170
16  55  50  53  -5  12   0 0.33  0.0    0  2.2  8 270   M    M  10 1      16 210
17  74  48  61   3   4   0 0.00  0.0    0  3.8 12 240   M    M   4 1      23 260
18  60  46  53  -4  12   0 0.01  0.0    0  4.7 13 320   M    M  10 1      20 340
19  59  44  52  -5  13   0    T  0.0    0  1.8  8 300   M    M   5 1      11  10
20  58  40  49  -8  16   0 0.01  0.0    0  1.1  7 160   M    M   3        10 170
21  57  44  51  -6  14   0 0.02  0.0    0  4.2 14 300   M    M   9 1      20 300
22  50  41  46 -10  19   0 0.00  0.0    0  1.0  7 340   M    M   9        11 350
================================================================================
SM 1444 1093       173  17  6.45     0.0  64.8          M      128
================================================================================
AV 65.6 49.7                               2.9 FASTST   M    M   6    MAX(MPH)
                                 MISC ---->  # 16 300               # 28  160
================================================================================
NOTES:
# LAST OF SEVERAL OCCURRENCES

COLUMN 17 PEAK WIND IN M.P.H.

PRELIMINARY LOCAL CLIMATOLOGICAL DATA (WS FORM: F-6) , PAGE 2

                                          STATION:  JACKSON KY
                                          MONTH:    OCTOBER
                                          YEAR:     2014
                                          LATITUDE:   37 35 N
                                          LONGITUDE:  83 19 W

[TEMPERATURE DATA]      [PRECIPITATION DATA]       SYMBOLS USED IN COLUMN 16

AVERAGE MONTHLY: 57.7   TOTAL FOR MONTH:   6.45    1 = FOG OR MIST
DPTR FM NORMAL:  -1.6   DPTR FM NORMAL:    4.26    2 = FOG REDUCING VISIBILITY
HIGHEST:    83 ON  2    GRTST 24HR  2.10 ON  6- 7      TO 1/4 MILE OR LESS
LOWEST:     37 ON  5                               3 = THUNDER
                        SNOW, ICE PELLETS, HAIL    4 = ICE PELLETS
                        TOTAL MONTH:   0.0 INCH    5 = HAIL
                        GRTST 24HR     0.0         6 = FREEZING RAIN OR DRIZZLE
                        GRTST DEPTH:   0           7 = DUSTSTORM OR SANDSTORM:
                                                       VSBY 1/2 MILE OR LESS
                                                   8 = SMOKE OR HAZE
[NO. OF DAYS WITH]      [WEATHER - DAYS WITH]      9 = BLOWING SNOW
                                                   X = TORNADO
MAX 32 OR BELOW:   0    0.01 INCH OR MORE:  13
MAX 90 OR ABOVE:   0    0.10 INCH OR MORE:   8
MIN 32 OR BELOW:   0    0.50 INCH OR MORE:   4
MIN  0 OR BELOW:   0    1.00 INCH OR MORE:   2

[HDD (BASE 65) ]
TOTAL THIS MO.   173    CLEAR  (SCALE 0-3)   5
DPTR FM NORMAL    22    PTCLDY (SCALE 4-7)  10
TOTAL FM JUL 1   209    CLOUDY (SCALE 8-10)  7
DPTR FM NORMAL     6

[CDD (BASE 65) ]
TOTAL THIS MO.    17
DPTR FM NORMAL   -11    [PRESSURE DATA]
TOTAL FM JAN 1  1163    HIGHEST SLP M ON M
DPTR FM NORMAL    14    LOWEST  SLP 29.58 ON 14

[REMARKS]
