000
CXUS55 KJKL 012055
CF6JKL
PRELIMINARY LOCAL CLIMATOLOGICAL DATA (WS FORM: F-6)

                                          STATION:   JACKSON KY
                                          MONTH:     FEBRUARY
                                          YEAR:      2015
                                          LATITUDE:   37 35 N
                                          LONGITUDE:  83 19 W

  TEMPERATURE IN F:       :PCPN:    SNOW:  WIND      :SUNSHINE: SKY     :PK WND
================================================================================
1   2   3   4   5  6A  6B    7    8   9   10  11  12  13   14  15   16   17  18
                                     12Z  AVG MX 2MIN
DY MAX MIN AVG DEP HDD CDD  WTR  SNW DPTH SPD SPD DIR MIN PSBL S-S WX    SPD DR
================================================================================

 1  49  34  42   6  23   0 0.41  0.0    0  4.3 18 190   M    M   9 1      33 180
 2  50  22  36   0  29   0 0.16  0.2    0  9.1 23 300   M    M  10 1      34 260
 3  40  22  31  -5  34   0    T    T    T  3.1 10 170   M    M   4        14 160
 4  54  29  42   6  23   0 0.00  0.0    0  4.9 14 170   M    M   1        21 170
 5  43  17  30  -7  35   0 0.01  0.1    0  4.7 13  20   M    M   4 1      22 360
 6  40  13  27 -10  38   0 0.00  0.0    0  3.2 10 260   M    M   2        12 250
 7  62  34  48  11  17   0 0.00  0.0    0  5.7 14 230   M    M   0        25 220
 8  60  48  54  17  11   0    T  0.0    0  7.3 15 230   M    M   6        29 250
 9  54  28  41   4  24   0 0.01  0.0    0  4.3 12 330   M    M   8 12     19 330
10  29  24  27 -11  38   0 0.01  0.1    0  1.8  8  20   M    M   9 1      15  20
11  39  22  31  -7  34   0 0.00  0.0    0  2.2  9 130   M    M   6 1      17 130
12  37  19  28 -10  37   0 0.07  1.6    0  8.4 21 300   M    M  10 12     29 310
13  31  12  22 -16  43   0    T    T    0  2.6  9 340   M    M   2        14 340
14  35   9  22 -16  43   0 0.13  2.1    0  9.2 26 300   M    M   9 129    42 300
15  20   3  12 -27  53   0 0.00  0.0    1  3.9 13 320   M    M   1        17 330
16  16  10  13 -26  52   0 1.42 11.8    1  3.6  8  40   M    M  10 12     14  60
17  25   7  16 -23  49   0    T  0.1   11  4.4  9 270   M    M   5 1      14 260
18  25   5  15 -25  50   0 0.14  4.5    9  8.0 23 280   M    M   7 12     35 280
19  10  -4   3 -37  62   0    T  0.3   11  6.6 16 280   M    M   6 1      25 280
20  24  -7   9 -31  56   0 0.00  0.0    9  2.7  7 210   M    M   3        12 150
21  38  24  31  -9  34   0 1.63  0.1    8  5.5 13 190   M    M  10 1246   25 210
22  38  30  34  -6  31   0 0.05  0.0    6  2.5  8  10   M    M  10 12     14  20
23  30  12  21 -20  44   0    T    T    5  4.9 12 330   M    M   5        17 340
24  36  10  23 -18  42   0 0.00  0.0    5  4.1 12 250   M    M   3        20 240
25  37  24  31 -10  34   0 0.00  0.0    5  3.0  8  40   M    M   5        12  50
26  41  22  32 -10  33   0 0.02  0.5    5  4.6 13 300   M    M   9 1      18 300
27  27  11  19 -23  46   0    T  0.1    4  4.3 10 320   M    M   2        14 330
28  40  17  29 -13  36   0 0.00  0.0    3  3.5  8  50   M    M   6        13  60
================================================================================
SM 1030  497      1051   0  4.06    21.5 132.4          M      162
================================================================================
AV 36.8 17.8                               4.7 FASTST   M    M   6    MAX(MPH)
                                 MISC ---->  # 26 300               # 42  300
================================================================================
NOTES:
# LAST OF SEVERAL OCCURRENCES

COLUMN 17 PEAK WIND IN M.P.H.

PRELIMINARY LOCAL CLIMATOLOGICAL DATA (WS FORM: F-6) , PAGE 2

                                          STATION:  JACKSON KY
                                          MONTH:    FEBRUARY
                                          YEAR:     2015
                                          LATITUDE:   37 35 N
                                          LONGITUDE:  83 19 W

[TEMPERATURE DATA]      [PRECIPITATION DATA]       SYMBOLS USED IN COLUMN 16

AVERAGE MONTHLY: 27.3   TOTAL FOR MONTH:   4.06    1 = FOG OR MIST
DPTR FM NORMAL: -11.5   DPTR FM NORMAL:    0.31    2 = FOG REDUCING VISIBILITY
HIGHEST:    62 ON  7    GRTST 24HR  1.66 ON 21-22      TO 1/4 MILE OR LESS
LOWEST:     -7 ON 20                               3 = THUNDER
                        SNOW, ICE PELLETS, HAIL    4 = ICE PELLETS
                        TOTAL MONTH:  21.5 INCHES  5 = HAIL
                        GRTST 24HR  11.8 ON   M    6 = FREEZING RAIN OR DRIZZLE
                        GRTST DEPTH:  11 ON 19,17  7 = DUSTSTORM OR SANDSTORM:
                                                       VSBY 1/2 MILE OR LESS
                                                   8 = SMOKE OR HAZE
[NO. OF DAYS WITH]      [WEATHER - DAYS WITH]      9 = BLOWING SNOW
                                                   X = TORNADO
MAX 32 OR BELOW:  10    0.01 INCH OR MORE:  12
MAX 90 OR ABOVE:   0    0.10 INCH OR MORE:   6
MIN 32 OR BELOW:  25    0.50 INCH OR MORE:   2
MIN  0 OR BELOW:   2    1.00 INCH OR MORE:   2

[HDD (BASE 65) ]
TOTAL THIS MO.  1051    CLEAR  (SCALE 0-3)   7
DPTR FM NORMAL   317    PTCLDY (SCALE 4-7)  11
TOTAL FM JUL 1  3765    CLOUDY (SCALE 8-10) 10
DPTR FM NORMAL   465

[CDD (BASE 65) ]
TOTAL THIS MO.     0
DPTR FM NORMAL     0    [PRESSURE DATA]
TOTAL FM JAN 1     0    HIGHEST SLP 30.69 ON 28
DPTR FM NORMAL     0    LOWEST  SLP 29.52 ON  2

[REMARKS]
#FINAL-02-15#
